000
CDUS43 KFSD 270622
CLIHON


CLIMATE REPORT
NATIONAL WEATHER SERVICE SIOUX FALLS SD
1222 AM CST TUE JAN 27 2015


...................................

...THE HURON SD CLIMATE SUMMARY FOR JANUARY 26 2015...

CLIMATE NORMAL PERIOD 1981 TO 2010
CLIMATE RECORD PERIOD 1881 TO 2015


WEATHER ITEM   OBSERVED TIME   RECORD YEAR NORMAL DEPARTURE LAST
                VALUE   (LST)  VALUE       VALUE  FROM      YEAR
                                                  NORMAL
..................................................................
TEMPERATURE (F)
 YESTERDAY
  MAXIMUM         51    157 PM  58    2006  27     24       41
                                      1931
  MINIMUM         28   1159 PM -26    1897   7     21       -2
  AVERAGE         40                        17     23       20

PRECIPITATION (IN)
  YESTERDAY        0.00          0.27 1916   0.02  -0.02     0.01
  MONTH TO DATE    0.35                      0.42  -0.07     0.13
  SINCE DEC 1      1.05                      0.94   0.11     1.14
  SINCE JAN 1      0.35                      0.42  -0.07     0.13

SNOWFALL (IN)
  YESTERDAY        0.0           6.3  1979   0.3   -0.3       T
  MONTH TO DATE    4.3                       6.1   -1.8      0.5
  SINCE DEC 1      9.7                      14.1   -4.4     13.4
  SINCE JUL 1     17.6                      22.4   -4.8     15.9
  SNOW DEPTH       0

DEGREE DAYS
 HEATING
  YESTERDAY       25                        48    -23       45
  MONTH TO DATE 1227                      1263    -36     1274
  SINCE DEC 1   2525                      2681   -156     2960
  SINCE JUL 1   4382                      4383     -1     4597

 COOLING
  YESTERDAY        0                         0      0        0
  MONTH TO DATE    0                         0      0        0
  SINCE DEC 1      0                         0      0        0
  SINCE JAN 1      0                         0      0        0
..................................................................


WIND (MPH)
  HIGHEST WIND SPEED    24   HIGHEST WIND DIRECTION    NW (310)
  HIGHEST GUST SPEED    33   HIGHEST GUST DIRECTION    NW (310)
  AVERAGE WIND SPEED    10.4


SKY COVER
  POSSIBLE SUNSHINE  MM
  AVERAGE SKY COVER 0.1


WEATHER CONDITIONS
 THE FOLLOWING WEATHER WAS RECORDED YESTERDAY.
  NO SIGNIFICANT WEATHER WAS OBSERVED.


RELATIVE HUMIDITY (PERCENT)
 HIGHEST    92           100 AM
 LOWEST     61           200 PM
 AVERAGE    77

..........................................................


THE HURON SD CLIMATE NORMALS FOR TODAY
                         NORMAL    RECORD    YEAR
 MAXIMUM TEMPERATURE (F)   28        62      1989
 MINIMUM TEMPERATURE (F)    7       -28      1963


SUNRISE AND SUNSET
JANUARY 27 2015.......SUNRISE   757 AM CST   SUNSET   535 PM CST
JANUARY 28 2015.......SUNRISE   756 AM CST   SUNSET   536 PM CST


-  INDICATES NEGATIVE NUMBERS.
R  INDICATES RECORD WAS SET OR TIED.
MM INDICATES DATA IS MISSING.
T  INDICATES TRACE AMOUNT.




$$
