909
CDUS43 KFSD 260643
CLIHON


CLIMATE REPORT
NATIONAL WEATHER SERVICE SIOUX FALLS SD
143 AM CDT TUE APR 26 2016


...................................

...THE HURON SD CLIMATE SUMMARY FOR APRIL 25 2016...

CLIMATE NORMAL PERIOD 1981 TO 2010
CLIMATE RECORD PERIOD 1881 TO 2016


WEATHER ITEM   OBSERVED TIME   RECORD YEAR NORMAL DEPARTURE LAST
                VALUE   (LST)  VALUE       VALUE  FROM      YEAR
                                                  NORMAL
..................................................................
TEMPERATURE (F)
 YESTERDAY
  MAXIMUM         55   1226 AM  93    1962  64     -9       63
  MINIMUM         45   1159 PM  22    2013  38      7       47
  AVERAGE         50                        51     -1       55

PRECIPITATION (IN)
  YESTERDAY        0.25          1.04 1886   0.09   0.16      T
  MONTH TO DATE    1.98                      1.87   0.11     0.57
  SINCE MAR 1      3.05                      3.33  -0.28     0.73
  SINCE JAN 1      3.92                      4.43  -0.51     1.34

SNOWFALL (IN)
  YESTERDAY        0.0           9.0  2008   0.0    0.0      0.0
  MONTH TO DATE    T                         3.7   -3.7       T
  SINCE MAR 1      2.3                      12.6  -10.3      1.2
  SINCE JUL 1     33.0                      43.6  -10.6     22.8
  SNOW DEPTH       0

DEGREE DAYS
 HEATING
  YESTERDAY       15                        15      0       10
  MONTH TO DATE  424                       492    -68      385
  SINCE MAR 1   1171                      1479   -308     1243
  SINCE JUL 1   6247                      7311  -1064     7180

 COOLING
  YESTERDAY        0                         0      0        0
  MONTH TO DATE    1                         0      1        0
  SINCE MAR 1      1                         0      1        2
  SINCE JAN 1      1                         0      1        2
..................................................................


WIND (MPH)
  HIGHEST WIND SPEED    25   HIGHEST WIND DIRECTION     W (290)
  HIGHEST GUST SPEED    30   HIGHEST GUST DIRECTION     W (290)
  AVERAGE WIND SPEED    13.7


SKY COVER
  POSSIBLE SUNSHINE  MM
  AVERAGE SKY COVER 1.0


WEATHER CONDITIONS
 THE FOLLOWING WEATHER WAS RECORDED YESTERDAY.
  HEAVY RAIN
  LIGHT RAIN
  FOG


RELATIVE HUMIDITY (PERCENT)
 HIGHEST   100           600 AM
 LOWEST     63           300 PM
 AVERAGE    82

..........................................................


THE HURON SD CLIMATE NORMALS FOR TODAY
                         NORMAL    RECORD    YEAR
 MAXIMUM TEMPERATURE (F)   64        91      1901
 MINIMUM TEMPERATURE (F)   38        22      1931


SUNRISE AND SUNSET
APRIL 26 2016.........SUNRISE   630 AM CDT   SUNSET   832 PM CDT
APRIL 27 2016.........SUNRISE   629 AM CDT   SUNSET   833 PM CDT


-  INDICATES NEGATIVE NUMBERS.
R  INDICATES RECORD WAS SET OR TIED.
MM INDICATES DATA IS MISSING.
T  INDICATES TRACE AMOUNT.




$$
