000
CDUS43 KFSD 090900
CLIHON


CLIMATE REPORT
NATIONAL WEATHER SERVICE SIOUX FALLS SD
359 AM CDT MON OCT 9 2017


...................................

...THE HURON SD CLIMATE SUMMARY FOR OCTOBER 8 2017...

CLIMATE NORMAL PERIOD 1981 TO 2010
CLIMATE RECORD PERIOD 1881 TO 2017


WEATHER ITEM   OBSERVED TIME   RECORD YEAR NORMAL DEPARTURE LAST
                VALUE   (LST)  VALUE       VALUE  FROM      YEAR
                                                  NORMAL
..................................................................
TEMPERATURE (F)
 YESTERDAY
  MAXIMUM         65    310 PM  86    2003  64      1       58
  MINIMUM         41    636 AM  15    1917  38      3       34
                                      1895
  AVERAGE         53                        51      2       46

PRECIPITATION (IN)
  YESTERDAY        0.00          1.31 1924   0.06  -0.06     0.00
  MONTH TO DATE    0.91                      0.53   0.38     0.78
  SINCE SEP 1      6.88                      2.99   3.89     2.07
  SINCE JAN 1     19.19                     20.25  -1.06    16.62

SNOWFALL (IN)
  YESTERDAY        0.0           0.1  1932   0.0    0.0      0.0
  MONTH TO DATE    0.0                       0.1   -0.1      0.0
  SINCE SEP 1      0.0                       0.1   -0.1      0.0
  SINCE JUL 1      0.0                       0.1   -0.1      0.0
  SNOW DEPTH       0

DEGREE DAYS
 HEATING
  YESTERDAY       12                        14     -2       19
  MONTH TO DATE   80                        99    -19       86
  SINCE SEP 1    203                       266    -63      186
  SINCE JUL 1    212                       295    -83      203

 COOLING
  YESTERDAY        0                         0      0        0
  MONTH TO DATE    2                         0      2        4
  SINCE SEP 1    109                        69     40       80
  SINCE JAN 1    729                       738     -9      886
..................................................................


WIND (MPH)
  HIGHEST WIND SPEED    22   HIGHEST WIND DIRECTION     N (360)
  HIGHEST GUST SPEED    31   HIGHEST GUST DIRECTION    NW (320)
  AVERAGE WIND SPEED    11.9


SKY COVER
  POSSIBLE SUNSHINE  MM
  AVERAGE SKY COVER 0.0


WEATHER CONDITIONS
 THE FOLLOWING WEATHER WAS RECORDED YESTERDAY.
  NO SIGNIFICANT WEATHER WAS OBSERVED.


RELATIVE HUMIDITY (PERCENT)
 HIGHEST    83          1200 AM
 LOWEST     28           300 PM
 AVERAGE    56

..........................................................


THE HURON SD CLIMATE NORMALS FOR TODAY
                         NORMAL    RECORD    YEAR
 MAXIMUM TEMPERATURE (F)   64        90      1980
 MINIMUM TEMPERATURE (F)   38        16      1964


SUNRISE AND SUNSET
OCTOBER  9 2017.......SUNRISE   741 AM CDT   SUNSET   659 PM CDT
OCTOBER 10 2017.......SUNRISE   742 AM CDT   SUNSET   657 PM CDT


-  INDICATES NEGATIVE NUMBERS.
R  INDICATES RECORD WAS SET OR TIED.
MM INDICATES DATA IS MISSING.
T  INDICATES TRACE AMOUNT.




$$
