000
CDUS43 KFSD 150630
CLIHON


CLIMATE REPORT
NATIONAL WEATHER SERVICE SIOUX FALLS SD
130 AM CDT SUN MAY 15 2016


...................................

...THE HURON SD CLIMATE SUMMARY FOR MAY 14 2016...

CLIMATE NORMAL PERIOD 1981 TO 2010
CLIMATE RECORD PERIOD 1881 TO 2016


WEATHER ITEM   OBSERVED TIME   RECORD YEAR NORMAL DEPARTURE LAST
                VALUE   (LST)  VALUE       VALUE  FROM      YEAR
                                                  NORMAL
..................................................................
TEMPERATURE (F)
 YESTERDAY
  MAXIMUM         60    407 PM  95    1894  70    -10       63
  MINIMUM         29    518 AM  24    1888  45    -16       52
  AVERAGE         45                        58    -13       58

PRECIPITATION (IN)
  YESTERDAY        0.00          0.93 1916   0.10  -0.10     0.08
  MONTH TO DATE    0.94                      1.31  -0.37     3.10
  SINCE MAR 1      6.15                      5.08   1.07     3.86
  SINCE JAN 1      7.02                      6.18   0.84     4.47

SNOWFALL (IN)
  YESTERDAY        0.0           T    1907   0.0    0.0      0.0
  MONTH TO DATE    0.0                       0.1   -0.1      0.0
  SINCE MAR 1      2.3                      13.0  -10.7      1.2
  SINCE JUL 1     33.0                      44.0  -11.0     22.8
  SNOW DEPTH       0

DEGREE DAYS
 HEATING
  YESTERDAY       20                         8     12        7
  MONTH TO DATE  134                       143     -9      122
  SINCE MAR 1   1410                      1689   -279     1423
  SINCE JUL 1   6486                      7521  -1035     7360

 COOLING
  YESTERDAY        0                         1     -1        0
  MONTH TO DATE   10                        11     -1        3
  SINCE MAR 1     11                        15     -4        5
  SINCE JAN 1     11                        15     -4        5
..................................................................


WIND (MPH)
  HIGHEST WIND SPEED    30   HIGHEST WIND DIRECTION    NW (330)
  HIGHEST GUST SPEED    38   HIGHEST GUST DIRECTION    NW (330)
  AVERAGE WIND SPEED    11.6


SKY COVER
  POSSIBLE SUNSHINE  MM
  AVERAGE SKY COVER 0.3


WEATHER CONDITIONS
 THE FOLLOWING WEATHER WAS RECORDED YESTERDAY.
  NO SIGNIFICANT WEATHER WAS OBSERVED.


RELATIVE HUMIDITY (PERCENT)
 HIGHEST    92           300 AM
 LOWEST     31           400 PM
 AVERAGE    62

..........................................................


THE HURON SD CLIMATE NORMALS FOR TODAY
                         NORMAL    RECORD    YEAR
 MAXIMUM TEMPERATURE (F)   70        96      1931
                                             1894
 MINIMUM TEMPERATURE (F)   46        24      2014
                                             1959


SUNRISE AND SUNSET
MAY 15 2016...........SUNRISE   605 AM CDT   SUNSET   854 PM CDT
MAY 16 2016...........SUNRISE   604 AM CDT   SUNSET   855 PM CDT


-  INDICATES NEGATIVE NUMBERS.
R  INDICATES RECORD WAS SET OR TIED.
MM INDICATES DATA IS MISSING.
T  INDICATES TRACE AMOUNT.




$$
