000
CDUS43 KFSD 160709
CLIHON


CLIMATE REPORT
NATIONAL WEATHER SERVICE SIOUX FALLS SD
108 AM CST TUE DEC 16 2014


...................................

...THE HURON SD CLIMATE SUMMARY FOR DECEMBER 15 2014...

CLIMATE NORMAL PERIOD 1981 TO 2010
CLIMATE RECORD PERIOD 1881 TO 2014


WEATHER ITEM   OBSERVED TIME   RECORD YEAR NORMAL DEPARTURE LAST
                VALUE   (LST)  VALUE       VALUE  FROM      YEAR
                                                  NORMAL
..................................................................
TEMPERATURE (F)
 YESTERDAY
  MAXIMUM         32    258 AM  61    1939  29      3       12
  MINIMUM         20   1159 PM -23    1963   9     11        6
  AVERAGE         26                        19      7        9

PRECIPITATION (IN)
  YESTERDAY        0.29          0.37 1902   0.02   0.27     0.01
  MONTH TO DATE    0.30                      0.26   0.04     0.49
  SINCE DEC 1      0.30                      0.26   0.04     0.49
  SINCE JAN 1     15.98                     22.64  -6.66    24.67

SNOWFALL (IN)
  YESTERDAY        1.4           3.7  1902   0.2    1.2      0.2
  MONTH TO DATE    1.4                       3.9   -2.5      5.5
  SINCE DEC 1      1.4                       3.9   -2.5      5.5
  SINCE JUL 1      9.3                      12.2   -2.9      8.0
  SNOW DEPTH       0

DEGREE DAYS
 HEATING
  YESTERDAY       39                        46     -7       56
  MONTH TO DATE  541                       657   -116      824
  SINCE DEC 1    541                       657   -116      824
  SINCE JUL 1   2398                      2359     39     2461

 COOLING
  YESTERDAY        0                         0      0        0
  MONTH TO DATE    0                         0      0        0
  SINCE DEC 1      0                         0      0        0
  SINCE JAN 1    597                       742   -145      848
..................................................................


WIND (MPH)
  HIGHEST WIND SPEED    36   HIGHEST WIND DIRECTION     N (350)
  HIGHEST GUST SPEED    43   HIGHEST GUST DIRECTION     N (360)
  AVERAGE WIND SPEED    23.8


SKY COVER
  POSSIBLE SUNSHINE  MM
  AVERAGE SKY COVER 1.0


WEATHER CONDITIONS
 THE FOLLOWING WEATHER WAS RECORDED YESTERDAY.
  FREEZING RAIN
  LT FREEZING RAIN
  SNOW
  LIGHT SNOW
  FOG
  FOG W/VISIBILITY <= 1/4 MILE


RELATIVE HUMIDITY (PERCENT)
 HIGHEST   100           400 AM
 LOWEST     77          1100 PM
 AVERAGE    89

..........................................................


THE HURON SD CLIMATE NORMALS FOR TODAY
                         NORMAL    RECORD    YEAR
 MAXIMUM TEMPERATURE (F)   28        62      1939
 MINIMUM TEMPERATURE (F)    9       -22      1951


SUNRISE AND SUNSET
DECEMBER 16 2014......SUNRISE   803 AM CST   SUNSET   454 PM CST
DECEMBER 17 2014......SUNRISE   803 AM CST   SUNSET   455 PM CST


-  INDICATES NEGATIVE NUMBERS.
R  INDICATES RECORD WAS SET OR TIED.
MM INDICATES DATA IS MISSING.
T  INDICATES TRACE AMOUNT.




$$
