000
CDUS43 KFSD 210643
CLIHON


CLIMATE REPORT
NATIONAL WEATHER SERVICE SIOUX FALLS SD
1242 AM CST WED JAN 21 2015


...................................

...THE HURON SD CLIMATE SUMMARY FOR JANUARY 20 2015...

CLIMATE NORMAL PERIOD 1981 TO 2010
CLIMATE RECORD PERIOD 1881 TO 2015


WEATHER ITEM   OBSERVED TIME   RECORD YEAR NORMAL DEPARTURE LAST
                VALUE   (LST)  VALUE       VALUE  FROM      YEAR
                                                  NORMAL
..................................................................
TEMPERATURE (F)
 YESTERDAY
  MAXIMUM         37    216 AM  63    1944  27     10       36
                                      1908
  MINIMUM         28    905 PM -30    1883   7     21       -6
  AVERAGE         33                        17     16       15

PRECIPITATION (IN)
  YESTERDAY        0.04          0.48 1917   0.01   0.03      T
  MONTH TO DATE    0.31                      0.32  -0.01     0.10
  SINCE DEC 1      1.01                      0.84   0.17     1.11
  SINCE JAN 1      0.31                      0.32  -0.01     0.10

SNOWFALL (IN)
  YESTERDAY        0.8           4.7  1917   0.2    0.6       T
  MONTH TO DATE    3.7                       4.7   -1.0      0.5
  SINCE DEC 1      9.1                      12.7   -3.6     13.4
  SINCE JUL 1     17.0                      21.0   -4.0     15.9
  SNOW DEPTH       0

DEGREE DAYS
 HEATING
  YESTERDAY       32                        48    -16       50
  MONTH TO DATE 1027                       975     52      981
  SINCE DEC 1   2325                      2393    -68     2667
  SINCE JUL 1   4182                      4095     87     4304

 COOLING
  YESTERDAY        0                         0      0        0
  MONTH TO DATE    0                         0      0        0
  SINCE DEC 1      0                         0      0        0
  SINCE JAN 1      0                         0      0        0
..................................................................


WIND (MPH)
  HIGHEST WIND SPEED    23   HIGHEST WIND DIRECTION    NW (310)
  HIGHEST GUST SPEED    28   HIGHEST GUST DIRECTION    NW (320)
  AVERAGE WIND SPEED    12.5


SKY COVER
  POSSIBLE SUNSHINE  MM
  AVERAGE SKY COVER 1.0


WEATHER CONDITIONS
 THE FOLLOWING WEATHER WAS RECORDED YESTERDAY.
  LIGHT SNOW
  FOG


RELATIVE HUMIDITY (PERCENT)
 HIGHEST   100           500 PM
 LOWEST     75           700 AM
 AVERAGE    88

..........................................................


THE HURON SD CLIMATE NORMALS FOR TODAY
                         NORMAL    RECORD    YEAR
 MAXIMUM TEMPERATURE (F)   27        59      1900
 MINIMUM TEMPERATURE (F)    7       -34      1949


SUNRISE AND SUNSET
JANUARY 21 2015.......SUNRISE   802 AM CST   SUNSET   527 PM CST
JANUARY 22 2015.......SUNRISE   801 AM CST   SUNSET   528 PM CST


-  INDICATES NEGATIVE NUMBERS.
R  INDICATES RECORD WAS SET OR TIED.
MM INDICATES DATA IS MISSING.
T  INDICATES TRACE AMOUNT.




$$
