000
CDUS43 KFSD 162232
CLIHON


CLIMATE REPORT
NATIONAL WEATHER SERVICE SIOUX FALLS SD
432 PM CST SUN NOV 16 2014


...................................

...THE HURON SD CLIMATE SUMMARY FOR NOVEMBER 16 2014...
VALID TODAY AS OF 0400 PM LOCAL TIME.

CLIMATE NORMAL PERIOD 1981 TO 2010
CLIMATE RECORD PERIOD 1881 TO 2014


WEATHER ITEM   OBSERVED TIME   RECORD YEAR NORMAL DEPARTURE LAST
                VALUE   (LST)  VALUE       VALUE  FROM      YEAR
                                                  NORMAL
..................................................................
TEMPERATURE (F)
 TODAY
  MAXIMUM         22    304 PM  76    2001  43    -21       50
  MINIMUM         -7    509 AM  -8    1959  22    -29       30
                                      1955
  AVERAGE          8                        32    -24       40

PRECIPITATION (IN)
  TODAY            T             0.75 1971   0.03  -0.03     0.00
  MONTH TO DATE    0.72                      0.52   0.20     0.15
  SINCE SEP 1      2.10                      4.77  -2.67     6.97
  SINCE JAN 1     15.66                     22.03  -6.37    24.17

SNOWFALL (IN)
  TODAY            T             3.3  1996   0.3   -0.3      0.0
  MONTH TO DATE    7.7                       3.0    4.7      1.6
  SINCE SEP 1      7.7                       4.1    3.6      2.5
  SINCE JUL 1      7.7                       4.1    3.6      2.5
  SNOW DEPTH       8

DEGREE DAYS
 HEATING
  TODAY           57                        33     24       25
  MONTH TO DATE  565                       454    111      460
  SINCE SEP 1   1179                      1155     24     1077
  SINCE JUL 1   1212                      1184     28     1099

 COOLING
  TODAY            0                         0      0        0
  MONTH TO DATE    0                         0      0        0
  SINCE SEP 1     74                        73      1      160
  SINCE JAN 1    597                       742   -145      848
..................................................................


WIND (MPH)
  HIGHEST WIND SPEED    29   HIGHEST WIND DIRECTION    NW (320)
  HIGHEST GUST SPEED    34   HIGHEST GUST DIRECTION    NW (320)
  AVERAGE WIND SPEED    12.8


SKY COVER
  POSSIBLE SUNSHINE  MM
  AVERAGE SKY COVER 0.3


WEATHER CONDITIONS
 THE FOLLOWING WEATHER WAS RECORDED TODAY.
  LIGHT SNOW
  HAZE
  BLOWING SNOW


RELATIVE HUMIDITY (PERCENT)
 HIGHEST    82           500 AM
 LOWEST     59          1100 AM
 AVERAGE    71

..........................................................


THE HURON SD CLIMATE NORMALS FOR TOMORROW
                         NORMAL    RECORD    YEAR
 MAXIMUM TEMPERATURE (F)   42        71      1953
 MINIMUM TEMPERATURE (F)   22        -9      1891


SUNRISE AND SUNSET
NOVEMBER 16 2014......SUNRISE   730 AM CST   SUNSET   505 PM CST
NOVEMBER 17 2014......SUNRISE   732 AM CST   SUNSET   504 PM CST


-  INDICATES NEGATIVE NUMBERS.
R  INDICATES RECORD WAS SET OR TIED.
MM INDICATES DATA IS MISSING.
T  INDICATES TRACE AMOUNT.




$$
