000
CDUS43 KFSD 220638
CLIHON


CLIMATE REPORT
NATIONAL WEATHER SERVICE SIOUX FALLS SD
138 AM CDT THU JUN 22 2017


...................................

...THE HURON SD CLIMATE SUMMARY FOR JUNE 21 2017...

CLIMATE NORMAL PERIOD 1981 TO 2010
CLIMATE RECORD PERIOD 1881 TO 2017


WEATHER ITEM   OBSERVED TIME   RECORD YEAR NORMAL DEPARTURE LAST
                VALUE   (LST)  VALUE       VALUE  FROM      YEAR
                                                  NORMAL
..................................................................
TEMPERATURE (F)
 YESTERDAY
  MAXIMUM         87    340 PM 109    1988  82      5       87
  MINIMUM         60    100 AM  32    1902  58      2       56
  AVERAGE         74                        70      4       72

PRECIPITATION (IN)
  YESTERDAY        T             1.60 1984   0.13  -0.13      T
  MONTH TO DATE    2.13                      2.89  -0.76     1.88
  SINCE JUN 1      2.13                      2.89  -0.76     1.88
  SINCE JAN 1      6.22                     10.87  -4.65    10.69

SNOWFALL (IN)
  YESTERDAY        0.0           0.0    MM   0.0    0.0      0.0
  MONTH TO DATE    0.0                       0.0    0.0      0.0
  SINCE JUN 1      0.0                       0.0    0.0      0.0
  SINCE JUL 1     35.9                      43.9   -8.0     33.0
  SNOW DEPTH       0

DEGREE DAYS
 HEATING
  YESTERDAY        0                         1     -1        0
  MONTH TO DATE    2                        44    -42       17
  SINCE JUN 1      2                        44    -42       17
  SINCE JUL 1   6882                      7665   -783     6569

 COOLING
  YESTERDAY        9                         6      3        7
  MONTH TO DATE  142                        74     68      171
  SINCE JUN 1    142                        74     68      171
  SINCE JAN 1    163                       107     56      202
..................................................................


WIND (MPH)
  HIGHEST WIND SPEED    28   HIGHEST WIND DIRECTION     S (160)
  HIGHEST GUST SPEED    39   HIGHEST GUST DIRECTION     S (160)
  AVERAGE WIND SPEED     9.6


SKY COVER
  POSSIBLE SUNSHINE  MM
  AVERAGE SKY COVER 0.1


WEATHER CONDITIONS
 THE FOLLOWING WEATHER WAS RECORDED YESTERDAY.
  THUNDERSTORM
  LIGHT RAIN


RELATIVE HUMIDITY (PERCENT)
 HIGHEST    87          1000 PM
 LOWEST     48           400 PM
 AVERAGE    68

..........................................................


THE HURON SD CLIMATE NORMALS FOR TODAY
                         NORMAL    RECORD    YEAR
 MAXIMUM TEMPERATURE (F)   82        99      1922
                                             1911
 MINIMUM TEMPERATURE (F)   58        40      1885


SUNRISE AND SUNSET
JUNE 22 2017..........SUNRISE   549 AM CDT   SUNSET   921 PM CDT
JUNE 23 2017..........SUNRISE   549 AM CDT   SUNSET   921 PM CDT


-  INDICATES NEGATIVE NUMBERS.
R  INDICATES RECORD WAS SET OR TIED.
MM INDICATES DATA IS MISSING.
T  INDICATES TRACE AMOUNT.




$$
