310
CDUS43 KFSD 160702
CLIHON


CLIMATE REPORT
NATIONAL WEATHER SERVICE SIOUX FALLS SD
1252 AM CST THU NOV 16 2017


...................................

...THE HURON SD CLIMATE SUMMARY FOR NOVEMBER 15 2017...

CLIMATE NORMAL PERIOD 1981 TO 2010
CLIMATE RECORD PERIOD 1881 TO 2017


WEATHER ITEM   OBSERVED TIME   RECORD YEAR NORMAL DEPARTURE LAST
                VALUE   (LST)  VALUE       VALUE  FROM      YEAR
                                                  NORMAL
..................................................................
TEMPERATURE (F)
 YESTERDAY
  MAXIMUM         42   1230 AM  75    1953  43     -1       63
  MINIMUM         16    920 PM  -4    1883  23     -7       33
  AVERAGE         29                        33     -4       48

PRECIPITATION (IN)
  YESTERDAY        T             0.69 1947   0.02  -0.02     0.00
  MONTH TO DATE    0.08                      0.49  -0.41      T
  SINCE SEP 1      7.83                      4.74   3.09     2.34
  SINCE JAN 1     20.14                     22.00  -1.86    16.89

SNOWFALL (IN)
  YESTERDAY        0.0           7.3  1947   0.2   -0.2      0.0
  MONTH TO DATE    1.3                       2.7   -1.4      0.0
  SINCE SEP 1      1.3                       3.8   -2.5      0.0
  SINCE JUL 1      1.3                       3.8   -2.5      0.0
  SNOW DEPTH       0

DEGREE DAYS
 HEATING
  YESTERDAY       36                        32      4       17
  MONTH TO DATE  502                       421     81      225
  SINCE SEP 1   1137                      1122     15      717
  SINCE JUL 1   1146                      1151     -5      734

 COOLING
  YESTERDAY        0                         0      0        0
  MONTH TO DATE    0                         0      0        0
  SINCE SEP 1    110                        73     37       81
  SINCE JAN 1    730                       742    -12      887
..................................................................


WIND (MPH)
  HIGHEST WIND SPEED    29   HIGHEST WIND DIRECTION    NW (320)
  HIGHEST GUST SPEED    36   HIGHEST GUST DIRECTION     N (340)
  AVERAGE WIND SPEED    15.1


SKY COVER
  POSSIBLE SUNSHINE  MM
  AVERAGE SKY COVER 0.2


WEATHER CONDITIONS
 THE FOLLOWING WEATHER WAS RECORDED YESTERDAY.
  NO SIGNIFICANT WEATHER WAS OBSERVED.


RELATIVE HUMIDITY (PERCENT)
 HIGHEST    89           500 AM
 LOWEST     47           100 PM
 AVERAGE    68

..........................................................


THE HURON SD CLIMATE NORMALS FOR TODAY
                         NORMAL    RECORD    YEAR
 MAXIMUM TEMPERATURE (F)   43        76      2001
 MINIMUM TEMPERATURE (F)   22        -8      1959
                                             1955


SUNRISE AND SUNSET
NOVEMBER 16 2017......SUNRISE   731 AM CST   SUNSET   504 PM CST
NOVEMBER 17 2017......SUNRISE   732 AM CST   SUNSET   503 PM CST


-  INDICATES NEGATIVE NUMBERS.
R  INDICATES RECORD WAS SET OR TIED.
MM INDICATES DATA IS MISSING.
T  INDICATES TRACE AMOUNT.




$$
