000
CDUS43 KFSD 100633
CLIHON


CLIMATE REPORT
NATIONAL WEATHER SERVICE SIOUX FALLS SD
1231 AM CST FRI NOV 10 2017


...................................

...THE HURON SD CLIMATE SUMMARY FOR NOVEMBER 9 2017...

CLIMATE NORMAL PERIOD 1981 TO 2010
CLIMATE RECORD PERIOD 1881 TO 2017


WEATHER ITEM   OBSERVED TIME   RECORD YEAR NORMAL DEPARTURE LAST
                VALUE   (LST)  VALUE       VALUE  FROM      YEAR
                                                  NORMAL
..................................................................
TEMPERATURE (F)
 YESTERDAY
  MAXIMUM         24    340 PM  71    1937  47    -23       69
  MINIMUM          9    752 AM   0    1890  26    -17       34
  AVERAGE         17                        36    -19       52

PRECIPITATION (IN)
  YESTERDAY        0.00          0.57 1919   0.03  -0.03     0.00
  MONTH TO DATE    0.08                      0.31  -0.23      T
  SINCE SEP 1      7.83                      4.56   3.27     2.34
  SINCE JAN 1     20.14                     21.82  -1.68    16.89

SNOWFALL (IN)
  YESTERDAY        0.0           4.7  1919   0.2   -0.2      0.0
  MONTH TO DATE    1.3                       1.4   -0.1      0.0
  SINCE SEP 1      1.3                       2.5   -1.2      0.0
  SINCE JUL 1      1.3                       2.5   -1.2      0.0
  SNOW DEPTH       0

DEGREE DAYS
 HEATING
  YESTERDAY       48                        29     19       13
  MONTH TO DATE  318                       237     81      111
  SINCE SEP 1    953                       938     15      603
  SINCE JUL 1    962                       967     -5      620

 COOLING
  YESTERDAY        0                         0      0        0
  MONTH TO DATE    0                         0      0        0
  SINCE SEP 1    110                        73     37       81
  SINCE JAN 1    730                       742    -12      887
..................................................................


WIND (MPH)
  HIGHEST WIND SPEED    18   HIGHEST WIND DIRECTION     N (360)
  HIGHEST GUST SPEED    23   HIGHEST GUST DIRECTION     N (340)
  AVERAGE WIND SPEED    10.0


SKY COVER
  POSSIBLE SUNSHINE  MM
  AVERAGE SKY COVER 0.1


WEATHER CONDITIONS
 THE FOLLOWING WEATHER WAS RECORDED YESTERDAY.
  NO SIGNIFICANT WEATHER WAS OBSERVED.


RELATIVE HUMIDITY (PERCENT)
 HIGHEST   100           500 AM
 LOWEST     46           300 PM
 AVERAGE    73

..........................................................


THE HURON SD CLIMATE NORMALS FOR TODAY
                         NORMAL    RECORD    YEAR
 MAXIMUM TEMPERATURE (F)   47        74      1912
 MINIMUM TEMPERATURE (F)   25        -6      1986


SUNRISE AND SUNSET
NOVEMBER 10 2017......SUNRISE   723 AM CST   SUNSET   511 PM CST
NOVEMBER 11 2017......SUNRISE   724 AM CST   SUNSET   509 PM CST


-  INDICATES NEGATIVE NUMBERS.
R  INDICATES RECORD WAS SET OR TIED.
MM INDICATES DATA IS MISSING.
T  INDICATES TRACE AMOUNT.




$$
