302
CDUS43 KFSD 180625
CLIHON


CLIMATE REPORT
NATIONAL WEATHER SERVICE SIOUX FALLS SD
124 AM CDT THU MAY 18 2017


...................................

...THE HURON SD CLIMATE SUMMARY FOR MAY 17 2017...

CLIMATE NORMAL PERIOD 1981 TO 2010
CLIMATE RECORD PERIOD 1881 TO 2017


WEATHER ITEM   OBSERVED TIME   RECORD YEAR NORMAL DEPARTURE LAST
                VALUE   (LST)  VALUE       VALUE  FROM      YEAR
                                                  NORMAL
..................................................................
TEMPERATURE (F)
 YESTERDAY
  MAXIMUM         61    234 AM 104    1934  71    -10       70
  MINIMUM         50   1159 PM  28    1968  47      3       36
  AVERAGE         56                        58     -2       53

PRECIPITATION (IN)
  YESTERDAY        0.14          2.27 1892   0.10   0.04     0.00
  MONTH TO DATE    0.47                      1.60  -1.13     0.94
  SINCE MAR 1      2.42                      5.37  -2.95     6.15
  SINCE JAN 1      3.22                      6.47  -3.25     7.02

SNOWFALL (IN)
  YESTERDAY        0.0           0.0    MM   0.0    0.0      0.0
  MONTH TO DATE    0.0                       0.1   -0.1      0.0
  SINCE MAR 1     13.9                      13.0    0.9      2.3
  SINCE JUL 1     35.9                      44.0   -8.1     33.0
  SNOW DEPTH       0

DEGREE DAYS
 HEATING
  YESTERDAY        9                         7      2       12
  MONTH TO DATE   97                       166    -69      170
  SINCE MAR 1   1587                      1712   -125     1446
  SINCE JUL 1   6736                      7544   -808     6522

 COOLING
  YESTERDAY        0                         1     -1        0
  MONTH TO DATE   21                        14      7       10
  SINCE MAR 1     21                        18      3       11
  SINCE JAN 1     21                        18      3       11
..................................................................


WIND (MPH)
  HIGHEST WIND SPEED    30   HIGHEST WIND DIRECTION     N (360)
  HIGHEST GUST SPEED    40   HIGHEST GUST DIRECTION     N (10)
  AVERAGE WIND SPEED    19.0


SKY COVER
  POSSIBLE SUNSHINE  MM
  AVERAGE SKY COVER 0.8


WEATHER CONDITIONS
 THE FOLLOWING WEATHER WAS RECORDED YESTERDAY.
  RAIN
  LIGHT RAIN
  FOG


RELATIVE HUMIDITY (PERCENT)
 HIGHEST   100           400 PM
 LOWEST     84          1200 AM
 AVERAGE    92

..........................................................


THE HURON SD CLIMATE NORMALS FOR TODAY
                         NORMAL    RECORD    YEAR
 MAXIMUM TEMPERATURE (F)   71       100      1934
 MINIMUM TEMPERATURE (F)   47        26      2002


SUNRISE AND SUNSET
MAY 18 2017...........SUNRISE   602 AM CDT   SUNSET   857 PM CDT
MAY 19 2017...........SUNRISE   601 AM CDT   SUNSET   858 PM CDT


-  INDICATES NEGATIVE NUMBERS.
R  INDICATES RECORD WAS SET OR TIED.
MM INDICATES DATA IS MISSING.
T  INDICATES TRACE AMOUNT.




$$
