000
CDUS43 KFSD 260640
CLIHON


CLIMATE REPORT
NATIONAL WEATHER SERVICE SIOUX FALLS SD
139 AM CDT FRI SEP 26 2014


...................................

...THE HURON SD CLIMATE SUMMARY FOR SEPTEMBER 25 2014...

CLIMATE NORMAL PERIOD 1981 TO 2010
CLIMATE RECORD PERIOD 1881 TO 2014


WEATHER ITEM   OBSERVED TIME   RECORD YEAR NORMAL DEPARTURE LAST
                VALUE   (LST)  VALUE       VALUE  FROM      YEAR
                                                  NORMAL
..................................................................
TEMPERATURE (F)
 YESTERDAY
  MAXIMUM         85    246 PM  93    1967  71     14       80
  MINIMUM         57    700 AM  19    1893  44     13       53
  AVERAGE         71                        57     14       67

PRECIPITATION (IN)
  YESTERDAY        0.00          1.57 1901   0.08  -0.08     0.00
  MONTH TO DATE    0.75                      2.10  -1.35     0.23
  SINCE SEP 1      0.75                      2.10  -1.35     0.23
  SINCE JAN 1     14.31                     19.36  -5.05    17.43

SNOWFALL (IN)
  YESTERDAY        0.0           T    1965   0.1   -0.1      0.0
                                      1939
  MONTH TO DATE    0.0                       0.1   -0.1      0.0
  SINCE SEP 1      0.0                       0.1   -0.1      0.0
  SINCE JUL 1      0.0                       0.1   -0.1      0.0
  SNOW DEPTH       0

DEGREE DAYS
 HEATING
  YESTERDAY        0                         9     -9        0
  MONTH TO DATE  137                       118     19       42
  SINCE SEP 1    137                       118     19       42
  SINCE JUL 1    170                       147     23       64

 COOLING
  YESTERDAY        6                         1      5        2
  MONTH TO DATE   50                        66    -16      146
  SINCE SEP 1     50                        66    -16      146
  SINCE JAN 1    573                       735   -162      834
..................................................................


WIND (MPH)
  HIGHEST WIND SPEED    15   HIGHEST WIND DIRECTION     S (160)
  HIGHEST GUST SPEED    21   HIGHEST GUST DIRECTION     S (170)
  AVERAGE WIND SPEED     8.1


SKY COVER
  POSSIBLE SUNSHINE  MM
  AVERAGE SKY COVER 0.0


WEATHER CONDITIONS
 THE FOLLOWING WEATHER WAS RECORDED YESTERDAY.
  FOG


RELATIVE HUMIDITY (PERCENT)
 HIGHEST   100           200 AM
 LOWEST     47           500 PM
 AVERAGE    74

..........................................................


THE HURON SD CLIMATE NORMALS FOR TODAY
                         NORMAL    RECORD    YEAR
 MAXIMUM TEMPERATURE (F)   70        98      1974
 MINIMUM TEMPERATURE (F)   44        23      1965


SUNRISE AND SUNSET
SEPTEMBER 26 2014.....SUNRISE   725 AM CDT   SUNSET   723 PM CDT
SEPTEMBER 27 2014.....SUNRISE   726 AM CDT   SUNSET   721 PM CDT


-  INDICATES NEGATIVE NUMBERS.
R  INDICATES RECORD WAS SET OR TIED.
MM INDICATES DATA IS MISSING.
T  INDICATES TRACE AMOUNT.




$$
