000
CDUS43 KFSD 252225
CLIHON


CLIMATE REPORT
NATIONAL WEATHER SERVICE SIOUX FALLS SD
524 PM CDT MON AUG 25 2014


...................................

...THE HURON SD CLIMATE SUMMARY FOR AUGUST 25 2014...
VALID TODAY AS OF 0500 PM LOCAL TIME.

CLIMATE NORMAL PERIOD 1981 TO 2010
CLIMATE RECORD PERIOD 1881 TO 2014


WEATHER ITEM   OBSERVED TIME   RECORD YEAR NORMAL DEPARTURE LAST
                VALUE   (LST)  VALUE       VALUE  FROM      YEAR
                                                  NORMAL
..................................................................
TEMPERATURE (F)
 TODAY
  MAXIMUM         75    325 PM 106    1991  83     -8       97
  MINIMUM         51    612 AM  42    1934  58     -7       74
                                      1911
  AVERAGE         63                        70     -7       86

PRECIPITATION (IN)
  TODAY            0.00          2.19 1960   0.07  -0.07     0.00
  MONTH TO DATE    2.36                      2.02   0.34     1.22
  SINCE JUN 1      8.40                      8.87  -0.47     6.61
  SINCE JAN 1     12.89                     16.85  -3.96    17.20

SNOWFALL (IN)
  TODAY            0.0           0.0    MM   0.0    0.0      0.0
  MONTH TO DATE    0.0                       0.0    0.0      0.0
  SINCE JUN 1      0.0                       0.0    0.0      0.0
  SINCE JUL 1      0.0                       0.0    0.0      0.0
  SNOW DEPTH       0

DEGREE DAYS
 HEATING
  TODAY            2                         1      1        0
  MONTH TO DATE    3                         9     -6        1
  SINCE JUN 1     66                        68     -2       88
  SINCE JUL 1     26                        17      9       22

 COOLING
  TODAY            0                         6     -6       21
  MONTH TO DATE  156                       193    -37      159
  SINCE JUN 1    436                       603   -167      549
  SINCE JAN 1    498                       636   -138      587
..................................................................


WIND (MPH)
  HIGHEST WIND SPEED    22   HIGHEST WIND DIRECTION    NW (310)
  HIGHEST GUST SPEED    27   HIGHEST GUST DIRECTION    NW (300)
  AVERAGE WIND SPEED    10.2


SKY COVER
  POSSIBLE SUNSHINE  MM
  AVERAGE SKY COVER 0.0


WEATHER CONDITIONS
 THE FOLLOWING WEATHER WAS RECORDED TODAY.
  NO SIGNIFICANT WEATHER WAS OBSERVED.


RELATIVE HUMIDITY (PERCENT)
 HIGHEST    83           400 AM
 LOWEST     44          1200 PM
 AVERAGE    64

..........................................................


THE HURON SD CLIMATE NORMALS FOR TOMORROW
                         NORMAL    RECORD    YEAR
 MAXIMUM TEMPERATURE (F)   82       104      1976
 MINIMUM TEMPERATURE (F)   57        38      1910


SUNRISE AND SUNSET
AUGUST 25 2014........SUNRISE   648 AM CDT   SUNSET   821 PM CDT
AUGUST 26 2014........SUNRISE   649 AM CDT   SUNSET   820 PM CDT


-  INDICATES NEGATIVE NUMBERS.
R  INDICATES RECORD WAS SET OR TIED.
MM INDICATES DATA IS MISSING.
T  INDICATES TRACE AMOUNT.




$$
