000
CDUS43 KFSD 210635
CLIHON


CLIMATE REPORT
NATIONAL WEATHER SERVICE SIOUX FALLS SD
1233 AM CST WED FEB 21 2018


...................................

...THE HURON SD CLIMATE SUMMARY FOR FEBRUARY 20 2018...

CLIMATE NORMAL PERIOD 1981 TO 2010
CLIMATE RECORD PERIOD 1881 TO 2018


WEATHER ITEM   OBSERVED TIME   RECORD YEAR NORMAL DEPARTURE LAST
                VALUE   (LST)  VALUE       VALUE  FROM      YEAR
                                                  NORMAL
..................................................................
TEMPERATURE (F)
 YESTERDAY
  MAXIMUM         12    423 PM  65    1981  33    -21       57
                                      1930
  MINIMUM         -4   1159 PM -22    1918  13    -17       33
                                      1889
                                      1885
  AVERAGE          4                        23    -19       45

PRECIPITATION (IN)
  YESTERDAY        0.06          1.12 2011   0.03   0.03     0.01
  MONTH TO DATE    0.47                      0.40   0.07     0.15
  SINCE DEC 1      1.35                      1.42  -0.07     2.12
  SINCE JAN 1      0.85                      0.90  -0.05     0.73

SNOWFALL (IN)
  YESTERDAY        0.7          10.0  2011   0.3    0.4      0.0
  MONTH TO DATE    6.4                       5.1    1.3       T
  SINCE DEC 1     19.4                      20.4   -1.0     17.0
  SINCE JUL 1     20.7                      28.7   -8.0     21.7
  SNOW DEPTH       2

DEGREE DAYS
 HEATING
  YESTERDAY       61                        42     19       20
  MONTH TO DATE 1108                       895    213      700
  SINCE DEC 1   3974                      3810    164     3695
  SINCE JUL 1   5539                      5512     27     4903

 COOLING
  YESTERDAY        0                         0      0        0
  MONTH TO DATE    0                         0      0        0
  SINCE DEC 1      0                         0      0        0
  SINCE JAN 1      0                         0      0        0
..................................................................


WIND (MPH)
  HIGHEST WIND SPEED    23   HIGHEST WIND DIRECTION    NW (310)
  HIGHEST GUST SPEED    28   HIGHEST GUST DIRECTION     N (340)
  AVERAGE WIND SPEED    14.9


SKY COVER
  POSSIBLE SUNSHINE  MM
  AVERAGE SKY COVER 0.5


WEATHER CONDITIONS
 THE FOLLOWING WEATHER WAS RECORDED YESTERDAY.
  LIGHT SNOW
  FOG
  HAZE


RELATIVE HUMIDITY (PERCENT)
 HIGHEST    91           200 AM
 LOWEST     61           400 PM
 AVERAGE    76

..........................................................


THE HURON SD CLIMATE NORMALS FOR TODAY
                         NORMAL    RECORD    YEAR
 MAXIMUM TEMPERATURE (F)   34        70      2000
 MINIMUM TEMPERATURE (F)   13       -22      1918


SUNRISE AND SUNSET
FEBRUARY 21 2018......SUNRISE   723 AM CST   SUNSET   610 PM CST
FEBRUARY 22 2018......SUNRISE   722 AM CST   SUNSET   612 PM CST


-  INDICATES NEGATIVE NUMBERS.
R  INDICATES RECORD WAS SET OR TIED.
MM INDICATES DATA IS MISSING.
T  INDICATES TRACE AMOUNT.




$$
