000
CDUS43 KFSD 260642
CLIHON


CLIMATE REPORT
NATIONAL WEATHER SERVICE SIOUX FALLS SD
141 AM CDT WED APR 26 2017


...................................

...THE HURON SD CLIMATE SUMMARY FOR APRIL 25 2017...

CLIMATE NORMAL PERIOD 1981 TO 2010
CLIMATE RECORD PERIOD 1881 TO 2017


WEATHER ITEM   OBSERVED TIME   RECORD YEAR NORMAL DEPARTURE LAST
                VALUE   (LST)  VALUE       VALUE  FROM      YEAR
                                                  NORMAL
..................................................................
TEMPERATURE (F)
 YESTERDAY
  MAXIMUM         39   1215 AM  93    1962  64    -25       55
  MINIMUM         32   1159 PM  22    2013  38     -6       45
  AVERAGE         36                        51    -15       50

PRECIPITATION (IN)
  YESTERDAY        T             1.04 1886   0.09  -0.09     0.25
  MONTH TO DATE    1.18                      1.87  -0.69     1.98
  SINCE MAR 1      1.95                      3.33  -1.38     3.05
  SINCE JAN 1      2.75                      4.43  -1.68     3.92

SNOWFALL (IN)
  YESTERDAY        0.0           9.0  2008   0.0    0.0      0.0
  MONTH TO DATE    T                         3.7   -3.7       T
  SINCE MAR 1     13.9                      12.6    1.3      2.3
  SINCE JUL 1     35.9                      43.6   -7.7     33.0
  SNOW DEPTH       0

DEGREE DAYS
 HEATING
  YESTERDAY       29                        15     14       15
  MONTH TO DATE  418                       492    -74      424
  SINCE MAR 1   1365                      1479   -114     1171
  SINCE JUL 1   6514                      7311   -797     6247

 COOLING
  YESTERDAY        0                         0      0        0
  MONTH TO DATE    0                         0      0        1
  SINCE MAR 1      0                         0      0        1
  SINCE JAN 1      0                         0      0        1
..................................................................


WIND (MPH)
  HIGHEST WIND SPEED    25   HIGHEST WIND DIRECTION     N (10)
  HIGHEST GUST SPEED    33   HIGHEST GUST DIRECTION     N (350)
  AVERAGE WIND SPEED    18.2


SKY COVER
  POSSIBLE SUNSHINE  MM
  AVERAGE SKY COVER 1.0


WEATHER CONDITIONS
 THE FOLLOWING WEATHER WAS RECORDED YESTERDAY.
  LIGHT RAIN
  FOG


RELATIVE HUMIDITY (PERCENT)
 HIGHEST   100           300 AM
 LOWEST     76           400 PM
 AVERAGE    88

..........................................................


THE HURON SD CLIMATE NORMALS FOR TODAY
                         NORMAL    RECORD    YEAR
 MAXIMUM TEMPERATURE (F)   64        91      1901
 MINIMUM TEMPERATURE (F)   38        22      1931


SUNRISE AND SUNSET
APRIL 26 2017.........SUNRISE   631 AM CDT   SUNSET   831 PM CDT
APRIL 27 2017.........SUNRISE   629 AM CDT   SUNSET   833 PM CDT


-  INDICATES NEGATIVE NUMBERS.
R  INDICATES RECORD WAS SET OR TIED.
MM INDICATES DATA IS MISSING.
T  INDICATES TRACE AMOUNT.




$$
