000
CDUS43 KFSD 090641
CLIHON


CLIMATE REPORT
NATIONAL WEATHER SERVICE SIOUX FALLS SD
139 AM CDT FRI JUN 9 2017


...................................

...THE HURON SD CLIMATE SUMMARY FOR JUNE 8 2017...

CLIMATE NORMAL PERIOD 1981 TO 2010
CLIMATE RECORD PERIOD 1881 TO 2017


WEATHER ITEM   OBSERVED TIME   RECORD YEAR NORMAL DEPARTURE LAST
                VALUE   (LST)  VALUE       VALUE  FROM      YEAR
                                                  NORMAL
..................................................................
TEMPERATURE (F)
 YESTERDAY
  MAXIMUM         91    341 PM 100    2000  77     14       90
  MINIMUM         51    506 AM  35    1978  54     -3       59
  AVERAGE         71                        65      6       75

PRECIPITATION (IN)
  YESTERDAY        0.00          1.49 1975   0.14  -0.14     0.00
  MONTH TO DATE    0.05                      1.12  -1.07     0.86
  SINCE JUN 1      0.05                      1.12  -1.07     0.86
  SINCE JAN 1      4.14                      9.10  -4.96     9.67

SNOWFALL (IN)
  YESTERDAY        0.0           0.0    MM   0.0    0.0      0.0
  MONTH TO DATE    0.0                       0.0    0.0      0.0
  SINCE JUN 1      0.0                       0.0    0.0      0.0
  SINCE JUL 1     35.9                      43.9   -8.0     33.0
  SNOW DEPTH       0

DEGREE DAYS
 HEATING
  YESTERDAY        0                         2     -2        0
  MONTH TO DATE    1                        25    -24       17
  SINCE JUN 1      1                        25    -24       17
  SINCE JUL 1   6881                      7646   -765     6569

 COOLING
  YESTERDAY        6                         3      3       10
  MONTH TO DATE   55                        19     36       17
  SINCE JUN 1     55                        19     36       17
  SINCE JAN 1     76                        52     24       48
..................................................................


WIND (MPH)
  HIGHEST WIND SPEED    13   HIGHEST WIND DIRECTION     N (20)
  HIGHEST GUST SPEED    16   HIGHEST GUST DIRECTION     N (20)
  AVERAGE WIND SPEED     6.1


SKY COVER
  POSSIBLE SUNSHINE  MM
  AVERAGE SKY COVER 0.0


WEATHER CONDITIONS
 THE FOLLOWING WEATHER WAS RECORDED YESTERDAY.
  NO SIGNIFICANT WEATHER WAS OBSERVED.


RELATIVE HUMIDITY (PERCENT)
 HIGHEST    89           400 AM
 LOWEST     26           400 PM
 AVERAGE    58

..........................................................


THE HURON SD CLIMATE NORMALS FOR TODAY
                         NORMAL    RECORD    YEAR
 MAXIMUM TEMPERATURE (F)   77       100      1956
 MINIMUM TEMPERATURE (F)   54        34      1989


SUNRISE AND SUNSET
JUNE  9 2017..........SUNRISE   549 AM CDT   SUNSET   916 PM CDT
JUNE 10 2017..........SUNRISE   548 AM CDT   SUNSET   917 PM CDT


-  INDICATES NEGATIVE NUMBERS.
R  INDICATES RECORD WAS SET OR TIED.
MM INDICATES DATA IS MISSING.
T  INDICATES TRACE AMOUNT.




$$
