000
CDUS43 KFSD 100630
CLIHON


CLIMATE REPORT
NATIONAL WEATHER SERVICE SIOUX FALLS SD
130 AM CDT WED MAY 10 2017


...................................

...THE HURON SD CLIMATE SUMMARY FOR MAY 9 2017...

CLIMATE NORMAL PERIOD 1981 TO 2010
CLIMATE RECORD PERIOD 1881 TO 2017


WEATHER ITEM   OBSERVED TIME   RECORD YEAR NORMAL DEPARTURE LAST
                VALUE   (LST)  VALUE       VALUE  FROM      YEAR
                                                  NORMAL
..................................................................
TEMPERATURE (F)
 YESTERDAY
  MAXIMUM         68    357 PM  95    1928  68      0       72
                                      1911
  MINIMUM         40    520 AM  24    1966  44     -4       53
  AVERAGE         54                        56     -2       63

PRECIPITATION (IN)
  YESTERDAY        0.00          1.94 1905   0.09  -0.09     0.34
  MONTH TO DATE    0.01                      0.83  -0.82     0.34
  SINCE MAR 1      1.96                      4.60  -2.64     5.55
  SINCE JAN 1      2.76                      5.70  -2.94     6.42

SNOWFALL (IN)
  YESTERDAY        0.0           1.5  1945   0.0    0.0      0.0
  MONTH TO DATE    0.0                       0.1   -0.1      0.0
  SINCE MAR 1     13.9                      13.0    0.9      2.3
  SINCE JUL 1     35.9                      44.0   -8.1     33.0
  SNOW DEPTH       0

DEGREE DAYS
 HEATING
  YESTERDAY       11                        10      1        2
  MONTH TO DATE   74                        99    -25       68
  SINCE MAR 1   1564                      1645    -81     1344
  SINCE JUL 1   6713                      7477   -764     6420

 COOLING
  YESTERDAY        0                         1     -1        0
  MONTH TO DATE    4                         6     -2       10
  SINCE MAR 1      4                        10     -6       11
  SINCE JAN 1      4                        10     -6       11
..................................................................


WIND (MPH)
  HIGHEST WIND SPEED    15   HIGHEST WIND DIRECTION    NE (30)
  HIGHEST GUST SPEED    20   HIGHEST GUST DIRECTION    NE (30)
  AVERAGE WIND SPEED     5.7


SKY COVER
  POSSIBLE SUNSHINE  MM
  AVERAGE SKY COVER 0.4


WEATHER CONDITIONS
 THE FOLLOWING WEATHER WAS RECORDED YESTERDAY.
  NO SIGNIFICANT WEATHER WAS OBSERVED.


RELATIVE HUMIDITY (PERCENT)
 HIGHEST   100           100 AM
 LOWEST     29           500 PM
 AVERAGE    65

..........................................................


THE HURON SD CLIMATE NORMALS FOR TODAY
                         NORMAL    RECORD    YEAR
 MAXIMUM TEMPERATURE (F)   69        92      1987
 MINIMUM TEMPERATURE (F)   44        19      1981


SUNRISE AND SUNSET
MAY 10 2017...........SUNRISE   611 AM CDT   SUNSET   848 PM CDT
MAY 11 2017...........SUNRISE   610 AM CDT   SUNSET   849 PM CDT


-  INDICATES NEGATIVE NUMBERS.
R  INDICATES RECORD WAS SET OR TIED.
MM INDICATES DATA IS MISSING.
T  INDICATES TRACE AMOUNT.




$$
