291
CDUS43 KFSD 190637
CLIHON


CLIMATE REPORT
NATIONAL WEATHER SERVICE SIOUX FALLS SD
136 AM CDT MON SEP 19 2016


...................................

...THE HURON SD CLIMATE SUMMARY FOR SEPTEMBER 18 2016...

CLIMATE NORMAL PERIOD 1981 TO 2010
CLIMATE RECORD PERIOD 1881 TO 2016


WEATHER ITEM   OBSERVED TIME   RECORD YEAR NORMAL DEPARTURE LAST
                VALUE   (LST)  VALUE       VALUE  FROM      YEAR
                                                  NORMAL
..................................................................
TEMPERATURE (F)
 YESTERDAY
  MAXIMUM         86    524 PM  96    1891  74     12       58
  MINIMUM         55    702 AM  27    1918  48      7       41
                                      1902
  AVERAGE         71                        61     10       50

PRECIPITATION (IN)
  YESTERDAY        0.00          1.87 1988   0.08  -0.08     0.07
  MONTH TO DATE    1.20                      1.56  -0.36     0.24
  SINCE SEP 1      1.20                      1.56  -0.36     0.24
  SINCE JAN 1     15.75                     18.82  -3.07    19.43

SNOWFALL (IN)
  YESTERDAY        0.0           T    1942   0.0    0.0      0.0
  MONTH TO DATE    0.0                       0.0    0.0      0.0
  SINCE SEP 1      0.0                       0.0    0.0      0.0
  SINCE JUL 1      0.0                       0.0    0.0      0.0
  SNOW DEPTH       0

DEGREE DAYS
 HEATING
  YESTERDAY        0                         6     -6       15
  MONTH TO DATE   42                        66    -24       49
  SINCE SEP 1     42                        66    -24       49
  SINCE JUL 1     59                        95    -36       89

 COOLING
  YESTERDAY        6                         2      4        0
  MONTH TO DATE   49                        59    -10      104
  SINCE SEP 1     49                        59    -10      104
  SINCE JAN 1    855                       728    127      760
..................................................................


WIND (MPH)
  HIGHEST WIND SPEED    15   HIGHEST WIND DIRECTION    SW (220)
  HIGHEST GUST SPEED    20   HIGHEST GUST DIRECTION     S (200)
  AVERAGE WIND SPEED     7.9


SKY COVER
  POSSIBLE SUNSHINE  MM
  AVERAGE SKY COVER 0.0


WEATHER CONDITIONS
 THE FOLLOWING WEATHER WAS RECORDED YESTERDAY.
  NO SIGNIFICANT WEATHER WAS OBSERVED.


RELATIVE HUMIDITY (PERCENT)
 HIGHEST    86           200 AM
 LOWEST     25           400 PM
 AVERAGE    56

..........................................................


THE HURON SD CLIMATE NORMALS FOR TODAY
                         NORMAL    RECORD    YEAR
 MAXIMUM TEMPERATURE (F)   73       101      1895
 MINIMUM TEMPERATURE (F)   47        23      1991


SUNRISE AND SUNSET
SEPTEMBER 19 2016.....SUNRISE   717 AM CDT   SUNSET   735 PM CDT
SEPTEMBER 20 2016.....SUNRISE   718 AM CDT   SUNSET   733 PM CDT


-  INDICATES NEGATIVE NUMBERS.
R  INDICATES RECORD WAS SET OR TIED.
MM INDICATES DATA IS MISSING.
T  INDICATES TRACE AMOUNT.




$$
