000
CDUS43 KFSD 120712
CLIHON


CLIMATE REPORT
NATIONAL WEATHER SERVICE SIOUX FALLS SD
212 AM CDT MON SEP 12 2016


...................................

...THE HURON SD CLIMATE SUMMARY FOR SEPTEMBER 11 2016...

CLIMATE NORMAL PERIOD 1981 TO 2010
CLIMATE RECORD PERIOD 1881 TO 2016


WEATHER ITEM   OBSERVED TIME   RECORD YEAR NORMAL DEPARTURE LAST
                VALUE   (LST)  VALUE       VALUE  FROM      YEAR
                                                  NORMAL
..................................................................
TEMPERATURE (F)
 YESTERDAY
  MAXIMUM         84    415 PM 100    1931  77      7       68
  MINIMUM         53    632 AM  29    1955  51      2       37
  AVERAGE         69                        64      5       53

PRECIPITATION (IN)
  YESTERDAY        0.00          2.19 1901   0.09  -0.09     0.00
  MONTH TO DATE    1.00                      0.96   0.04     0.16
  SINCE SEP 1      1.00                      0.96   0.04     0.16
  SINCE JAN 1     15.55                     18.22  -2.67    19.35

SNOWFALL (IN)
  YESTERDAY        0.0           0.0    MM   0.0    0.0      0.0
  MONTH TO DATE    0.0                       0.0    0.0      0.0
  SINCE SEP 1      0.0                       0.0    0.0      0.0
  SINCE JUL 1      0.0                       0.0    0.0      0.0
  SNOW DEPTH       0

DEGREE DAYS
 HEATING
  YESTERDAY        0                         4     -4       12
  MONTH TO DATE    9                        31    -22       21
  SINCE SEP 1      9                        31    -22       21
  SINCE JUL 1     26                        60    -34       61

 COOLING
  YESTERDAY        4                         3      1        0
  MONTH TO DATE   41                        43     -2       70
  SINCE SEP 1     41                        43     -2       70
  SINCE JAN 1    847                       712    135      726
..................................................................


WIND (MPH)
  HIGHEST WIND SPEED    21   HIGHEST WIND DIRECTION     S (170)
  HIGHEST GUST SPEED    28   HIGHEST GUST DIRECTION     S (180)
  AVERAGE WIND SPEED    13.8


SKY COVER
  POSSIBLE SUNSHINE  MM
  AVERAGE SKY COVER 0.0


WEATHER CONDITIONS
 THE FOLLOWING WEATHER WAS RECORDED YESTERDAY.
  NO SIGNIFICANT WEATHER WAS OBSERVED.


RELATIVE HUMIDITY (PERCENT)
 HIGHEST    83           400 AM
 LOWEST     37           300 PM
 AVERAGE    60

..........................................................


THE HURON SD CLIMATE NORMALS FOR TODAY
                         NORMAL    RECORD    YEAR
 MAXIMUM TEMPERATURE (F)   76       100      1990
                                             1939
 MINIMUM TEMPERATURE (F)   51        25      1902


SUNRISE AND SUNSET
SEPTEMBER 12 2016.....SUNRISE   709 AM CDT   SUNSET   748 PM CDT
SEPTEMBER 13 2016.....SUNRISE   710 AM CDT   SUNSET   746 PM CDT


-  INDICATES NEGATIVE NUMBERS.
R  INDICATES RECORD WAS SET OR TIED.
MM INDICATES DATA IS MISSING.
T  INDICATES TRACE AMOUNT.




$$
