952
CDUS43 KFSD 130736
CLIHON


CLIMATE REPORT
NATIONAL WEATHER SERVICE SIOUX FALLS SD
134 AM CST MON NOV 13 2017


...................................

...THE HURON SD CLIMATE SUMMARY FOR NOVEMBER 12 2017...

CLIMATE NORMAL PERIOD 1981 TO 2010
CLIMATE RECORD PERIOD 1881 TO 2017


WEATHER ITEM   OBSERVED TIME   RECORD YEAR NORMAL DEPARTURE LAST
                VALUE   (LST)  VALUE       VALUE  FROM      YEAR
                                                  NORMAL
..................................................................
TEMPERATURE (F)
 YESTERDAY
  MAXIMUM         46    341 PM  71    1887  45      1       62
  MINIMUM         15    736 AM  -6    1986  24     -9       28
                                      1940
                                      1911
  AVERAGE         31                        35     -4       45

PRECIPITATION (IN)
  YESTERDAY        0.00          1.29 1993   0.03  -0.03     0.00
  MONTH TO DATE    0.08                      0.41  -0.33      T
  SINCE SEP 1      7.83                      4.66   3.17     2.34
  SINCE JAN 1     20.14                     21.92  -1.78    16.89

SNOWFALL (IN)
  YESTERDAY        0.0           5.0  1922   0.2   -0.2      0.0
  MONTH TO DATE    1.3                       2.0   -0.7      0.0
  SINCE SEP 1      1.3                       3.1   -1.8      0.0
  SINCE JUL 1      1.3                       3.1   -1.8      0.0
  SNOW DEPTH       0

DEGREE DAYS
 HEATING
  YESTERDAY       34                        30      4       20
  MONTH TO DATE  423                       326     97      174
  SINCE SEP 1   1058                      1027     31      666
  SINCE JUL 1   1067                      1056     11      683

 COOLING
  YESTERDAY        0                         0      0        0
  MONTH TO DATE    0                         0      0        0
  SINCE SEP 1    110                        73     37       81
  SINCE JAN 1    730                       742    -12      887
..................................................................


WIND (MPH)
  HIGHEST WIND SPEED    15   HIGHEST WIND DIRECTION     S (160)
  HIGHEST GUST SPEED    20   HIGHEST GUST DIRECTION     S (170)
  AVERAGE WIND SPEED     6.9


SKY COVER
  POSSIBLE SUNSHINE  MM
  AVERAGE SKY COVER 0.0


WEATHER CONDITIONS
 THE FOLLOWING WEATHER WAS RECORDED YESTERDAY.
  FOG
  HAZE


RELATIVE HUMIDITY (PERCENT)
 HIGHEST    92           400 AM
 LOWEST     42           300 PM
 AVERAGE    67

..........................................................


THE HURON SD CLIMATE NORMALS FOR TODAY
                         NORMAL    RECORD    YEAR
 MAXIMUM TEMPERATURE (F)   45        75      1999
 MINIMUM TEMPERATURE (F)   24       -11      1940


SUNRISE AND SUNSET
NOVEMBER 13 2017......SUNRISE   727 AM CST   SUNSET   507 PM CST
NOVEMBER 14 2017......SUNRISE   728 AM CST   SUNSET   506 PM CST


-  INDICATES NEGATIVE NUMBERS.
R  INDICATES RECORD WAS SET OR TIED.
MM INDICATES DATA IS MISSING.
T  INDICATES TRACE AMOUNT.




$$
