000
CDUS43 KFSD 150819
CLIHON


CLIMATE REPORT
NATIONAL WEATHER SERVICE SIOUX FALLS SD
318 AM CDT FRI JUL 15 2016


...................................

...THE HURON SD CLIMATE SUMMARY FOR JULY 14 2016...

CLIMATE NORMAL PERIOD 1981 TO 2010
CLIMATE RECORD PERIOD 1881 TO 2016


WEATHER ITEM   OBSERVED TIME   RECORD YEAR NORMAL DEPARTURE LAST
                VALUE   (LST)  VALUE       VALUE  FROM      YEAR
                                                  NORMAL
..................................................................
TEMPERATURE (F)
 YESTERDAY
  MAXIMUM         78    158 PM 104    1931  86     -8       89
  MINIMUM         55   1135 PM  41    1967  62     -7       63
  AVERAGE         67                        74     -7       76

PRECIPITATION (IN)
  YESTERDAY        0.00          1.76 1900   0.09  -0.09     0.00
  MONTH TO DATE    0.49                      1.23  -0.74     1.35
  SINCE JUN 1      2.40                      5.16  -2.76     5.95
  SINCE JAN 1     11.21                     13.14  -1.93    11.89

SNOWFALL (IN)
  YESTERDAY        0.0           0.0    MM   0.0    0.0      0.0
  MONTH TO DATE    0.0                       0.0    0.0      0.0
  SINCE JUN 1      0.0                       0.0    0.0       T
  SINCE JUL 1      0.0                       0.0    0.0      0.0
  SNOW DEPTH       0

DEGREE DAYS
 HEATING
  YESTERDAY        0                         0      0        0
  MONTH TO DATE    6                         0      6        4
  SINCE JUN 1     23                        51    -28       15
  SINCE JUL 1      6                         0      6        4

 COOLING
  YESTERDAY        2                         9     -7       11
  MONTH TO DATE  103                       120    -17      110
  SINCE JUN 1    331                       253     78      260
  SINCE JAN 1    362                       286     76      280
..................................................................


WIND (MPH)
  HIGHEST WIND SPEED    26   HIGHEST WIND DIRECTION    NW (320)
  HIGHEST GUST SPEED    33   HIGHEST GUST DIRECTION    NW (330)
  AVERAGE WIND SPEED    11.0


SKY COVER
  POSSIBLE SUNSHINE  MM
  AVERAGE SKY COVER 0.1


WEATHER CONDITIONS
 THE FOLLOWING WEATHER WAS RECORDED YESTERDAY.
  NO SIGNIFICANT WEATHER WAS OBSERVED.


RELATIVE HUMIDITY (PERCENT)
 HIGHEST    86           400 AM
 LOWEST     42           100 PM
 AVERAGE    64

..........................................................


THE HURON SD CLIMATE NORMALS FOR TODAY
                         NORMAL    RECORD    YEAR
 MAXIMUM TEMPERATURE (F)   86       109      2006
 MINIMUM TEMPERATURE (F)   62        41      1912


SUNRISE AND SUNSET
JULY 15 2016..........SUNRISE   603 AM CDT   SUNSET   914 PM CDT
JULY 16 2016..........SUNRISE   604 AM CDT   SUNSET   913 PM CDT


-  INDICATES NEGATIVE NUMBERS.
R  INDICATES RECORD WAS SET OR TIED.
MM INDICATES DATA IS MISSING.
T  INDICATES TRACE AMOUNT.




$$
