000
CDUS43 KFSD 270727
CLIHON


CLIMATE REPORT
NATIONAL WEATHER SERVICE SIOUX FALLS SD
115 AM CST FRI FEB 27 2015


...................................

...THE HURON SD CLIMATE SUMMARY FOR FEBRUARY 26 2015...

CLIMATE NORMAL PERIOD 1981 TO 2010
CLIMATE RECORD PERIOD 1881 TO 2015


WEATHER ITEM   OBSERVED TIME   RECORD YEAR NORMAL DEPARTURE LAST
                VALUE   (LST)  VALUE       VALUE  FROM      YEAR
                                                  NORMAL
..................................................................
TEMPERATURE (F)
 YESTERDAY
  MAXIMUM          6    428 PM  68    1896  36    -30       29
  MINIMUM        -18    730 AM -28    1962  16    -34      -11
  AVERAGE         -6                        26    -32        9

PRECIPITATION (IN)
  YESTERDAY        0.00          0.29 2009   0.02  -0.02     0.00
  MONTH TO DATE    0.26                      0.54  -0.28     0.39
  SINCE DEC 1      1.31                      1.56  -0.25     1.55
  SINCE JAN 1      0.61                      1.04  -0.43     0.54

SNOWFALL (IN)
  YESTERDAY        0.0           5.2  1996   0.3   -0.3      0.0
  MONTH TO DATE    4.0                       6.8   -2.8      5.5
  SINCE DEC 1     13.7                      22.1   -8.4     19.0
  SINCE JUL 1     21.6                      30.4   -8.8     21.5
  SNOW DEPTH       3

DEGREE DAYS
 HEATING
  YESTERDAY       71                        39     32       56
  MONTH TO DATE 1269                      1137    132     1325
  SINCE DEC 1   3969                      4052    -83     4565
  SINCE JUL 1   5826                      5754     72     6202

 COOLING
  YESTERDAY        0                         0      0        0
  MONTH TO DATE    0                         0      0        0
  SINCE DEC 1      0                         0      0        0
  SINCE JAN 1      0                         0      0        0
..................................................................


WIND (MPH)
  HIGHEST WIND SPEED    20   HIGHEST WIND DIRECTION     N (350)
  HIGHEST GUST SPEED    23   HIGHEST GUST DIRECTION     N (350)
  AVERAGE WIND SPEED     9.7


SKY COVER
  POSSIBLE SUNSHINE  MM
  AVERAGE SKY COVER 0.1


WEATHER CONDITIONS
 THE FOLLOWING WEATHER WAS RECORDED YESTERDAY.
  NO SIGNIFICANT WEATHER WAS OBSERVED.


RELATIVE HUMIDITY (PERCENT)
 HIGHEST    87          1000 PM
 LOWEST     60           500 PM
 AVERAGE    74

..........................................................


THE HURON SD CLIMATE NORMALS FOR TODAY
                         NORMAL    RECORD    YEAR
 MAXIMUM TEMPERATURE (F)   36        68      1895
 MINIMUM TEMPERATURE (F)   16       -36      1962


SUNRISE AND SUNSET
FEBRUARY 27 2015......SUNRISE   714 AM CST   SUNSET   618 PM CST
FEBRUARY 28 2015......SUNRISE   712 AM CST   SUNSET   619 PM CST


-  INDICATES NEGATIVE NUMBERS.
R  INDICATES RECORD WAS SET OR TIED.
MM INDICATES DATA IS MISSING.
T  INDICATES TRACE AMOUNT.




$$
