000
CDUS43 KFSD 190635
CLIHON


CLIMATE REPORT
NATIONAL WEATHER SERVICE SIOUX FALLS SD
135 AM CDT SUN OCT 19 2014


...................................

...THE HURON SD CLIMATE SUMMARY FOR OCTOBER 18 2014...

CLIMATE NORMAL PERIOD 1981 TO 2010
CLIMATE RECORD PERIOD 1881 TO 2014


WEATHER ITEM   OBSERVED TIME   RECORD YEAR NORMAL DEPARTURE LAST
                VALUE   (LST)  VALUE       VALUE  FROM      YEAR
                                                  NORMAL
..................................................................
TEMPERATURE (F)
 YESTERDAY
  MAXIMUM         57    405 PM  84    2003  60     -3       51
                                      2000
  MINIMUM         42    823 AM  15    1989  35      7       26
  AVERAGE         50                        47      3       39

PRECIPITATION (IN)
  YESTERDAY        0.00          1.49 1984   0.06  -0.06      T
  MONTH TO DATE    0.06                      1.15  -1.09     4.97
  SINCE SEP 1      1.16                      3.61  -2.45     6.38
  SINCE JAN 1     14.72                     20.87  -6.15    23.58

SNOWFALL (IN)
  YESTERDAY        0.0           5.5  1898   0.0    0.0      0.0
  MONTH TO DATE    0.0                       0.3   -0.3      0.0
  SINCE SEP 1      0.0                       0.3   -0.3      0.0
  SINCE JUL 1      0.0                       0.3   -0.3      0.0
  SNOW DEPTH       0

DEGREE DAYS
 HEATING
  YESTERDAY       15                        18     -3       26
  MONTH TO DATE  270                       261      9      232
  SINCE SEP 1    409                       428    -19      285
  SINCE JUL 1    442                       457    -15      307

 COOLING
  YESTERDAY        0                         0      0        0
  MONTH TO DATE    0                         0      0        0
  SINCE SEP 1     74                        69      5      160
  SINCE JAN 1    597                       738   -141      848
..................................................................


WIND (MPH)
  HIGHEST WIND SPEED    18   HIGHEST WIND DIRECTION     S (180)
  HIGHEST GUST SPEED    25   HIGHEST GUST DIRECTION     S (160)
  AVERAGE WIND SPEED     8.5


SKY COVER
  POSSIBLE SUNSHINE  MM
  AVERAGE SKY COVER 0.5


WEATHER CONDITIONS
 THE FOLLOWING WEATHER WAS RECORDED YESTERDAY.
  NO SIGNIFICANT WEATHER WAS OBSERVED.


RELATIVE HUMIDITY (PERCENT)
 HIGHEST    82           200 AM
 LOWEST     51           200 PM
 AVERAGE    67

..........................................................


THE HURON SD CLIMATE NORMALS FOR TODAY
                         NORMAL    RECORD    YEAR
 MAXIMUM TEMPERATURE (F)   59        87      2000
 MINIMUM TEMPERATURE (F)   34        11      1960


SUNRISE AND SUNSET
OCTOBER 19 2014.......SUNRISE   753 AM CDT   SUNSET   642 PM CDT
OCTOBER 20 2014.......SUNRISE   754 AM CDT   SUNSET   640 PM CDT


-  INDICATES NEGATIVE NUMBERS.
R  INDICATES RECORD WAS SET OR TIED.
MM INDICATES DATA IS MISSING.
T  INDICATES TRACE AMOUNT.




$$
