000
CDUS43 KFSD 090720
CLIHON


CLIMATE REPORT
NATIONAL WEATHER SERVICE SIOUX FALLS SD
214 AM CDT TUE MAY 9 2017


...................................

...THE HURON SD CLIMATE SUMMARY FOR MAY 8 2017...

CLIMATE NORMAL PERIOD 1981 TO 2010
CLIMATE RECORD PERIOD 1881 TO 2017


WEATHER ITEM   OBSERVED TIME   RECORD YEAR NORMAL DEPARTURE LAST
                VALUE   (LST)  VALUE       VALUE  FROM      YEAR
                                                  NORMAL
..................................................................
TEMPERATURE (F)
 YESTERDAY
  MAXIMUM         75    332 PM 101    1934  68      7       74
  MINIMUM         48   1159 PM  22    1980  43      5       44
  AVERAGE         62                        56      6       59

PRECIPITATION (IN)
  YESTERDAY        T             1.45 1986   0.10  -0.10     0.00
  MONTH TO DATE    0.01                      0.74  -0.73      T
  SINCE MAR 1      1.96                      4.51  -2.55     5.21
  SINCE JAN 1      2.76                      5.61  -2.85     6.08

SNOWFALL (IN)
  YESTERDAY        0.0           T    1966   0.0    0.0      0.0
  MONTH TO DATE    0.0                       0.1   -0.1      0.0
  SINCE MAR 1     13.9                      13.0    0.9      2.3
  SINCE JUL 1     35.9                      44.0   -8.1     33.0
  SNOW DEPTH       0

DEGREE DAYS
 HEATING
  YESTERDAY        3                        10     -7        6
  MONTH TO DATE   63                        89    -26       66
  SINCE MAR 1   1553                      1635    -82     1342
  SINCE JUL 1   6702                      7467   -765     6418

 COOLING
  YESTERDAY        0                         1     -1        0
  MONTH TO DATE    4                         5     -1       10
  SINCE MAR 1      4                         9     -5       11
  SINCE JAN 1      4                         9     -5       11
..................................................................


WIND (MPH)
  HIGHEST WIND SPEED    30   HIGHEST WIND DIRECTION    NW (320)
  HIGHEST GUST SPEED    39   HIGHEST GUST DIRECTION    NW (320)
  AVERAGE WIND SPEED    15.9


SKY COVER
  POSSIBLE SUNSHINE  MM
  AVERAGE SKY COVER 0.0


WEATHER CONDITIONS
 THE FOLLOWING WEATHER WAS RECORDED YESTERDAY.
  LIGHT RAIN


RELATIVE HUMIDITY (PERCENT)
 HIGHEST    89          1100 PM
 LOWEST     49          1200 AM
 AVERAGE    69

..........................................................


THE HURON SD CLIMATE NORMALS FOR TODAY
                         NORMAL    RECORD    YEAR
 MAXIMUM TEMPERATURE (F)   68        95      1928
                                             1911
 MINIMUM TEMPERATURE (F)   44        24      1966


SUNRISE AND SUNSET
MAY  9 2017...........SUNRISE   612 AM CDT   SUNSET   847 PM CDT
MAY 10 2017...........SUNRISE   611 AM CDT   SUNSET   848 PM CDT


-  INDICATES NEGATIVE NUMBERS.
R  INDICATES RECORD WAS SET OR TIED.
MM INDICATES DATA IS MISSING.
T  INDICATES TRACE AMOUNT.




$$
