000
CDUS43 KFSD 102233
CLIHON


CLIMATE REPORT
NATIONAL WEATHER SERVICE SIOUX FALLS SD
432 PM CST MON NOV 10 2014


...................................

...THE HURON SD CLIMATE SUMMARY FOR NOVEMBER 10 2014...
VALID TODAY AS OF 0400 PM LOCAL TIME.

CLIMATE NORMAL PERIOD 1981 TO 2010
CLIMATE RECORD PERIOD 1881 TO 2014


WEATHER ITEM   OBSERVED TIME   RECORD YEAR NORMAL DEPARTURE LAST
                VALUE   (LST)  VALUE       VALUE  FROM      YEAR
                                                  NORMAL
..................................................................
TEMPERATURE (F)
 TODAY
  MAXIMUM         30   1246 AM  74    1912  47    -17       53
  MINIMUM         21    359 PM  -6    1986  25     -4       19
  AVERAGE         26                        36    -10       36

PRECIPITATION (IN)
  TODAY            0.25          1.20 1998   0.04   0.21     0.00
  MONTH TO DATE    0.40                      0.35   0.05     0.09
  SINCE SEP 1      1.78                      4.60  -2.82     6.91
  SINCE JAN 1     15.34                     21.86  -6.52    24.11

SNOWFALL (IN)
  TODAY            2.4          12.0  1998   0.2    2.2      0.0
  MONTH TO DATE    2.4                       1.6    0.8      0.6
  SINCE SEP 1      2.4                       2.7   -0.3      1.5
  SINCE JUL 1      2.4                       2.7   -0.3      1.5
  SNOW DEPTH       0

DEGREE DAYS
 HEATING
  TODAY           39                        29     10       29
  MONTH TO DATE  232                       266    -34      274
  SINCE SEP 1    846                       967   -121      891
  SINCE JUL 1    879                       996   -117      913

 COOLING
  TODAY            0                         0      0        0
  MONTH TO DATE    0                         0      0        0
  SINCE SEP 1     74                        73      1      160
  SINCE JAN 1    597                       742   -145      848
..................................................................


WIND (MPH)
  HIGHEST WIND SPEED    31   HIGHEST WIND DIRECTION     N (360)
  HIGHEST GUST SPEED    39   HIGHEST GUST DIRECTION     N (10)
  AVERAGE WIND SPEED    20.2


SKY COVER
  POSSIBLE SUNSHINE  MM
  AVERAGE SKY COVER 1.0


WEATHER CONDITIONS
 THE FOLLOWING WEATHER WAS RECORDED TODAY.
  LT FREEZING RAIN
  SNOW
  LIGHT SNOW
  FOG


RELATIVE HUMIDITY (PERCENT)
 HIGHEST    92           500 AM
 LOWEST     78          1200 AM
 AVERAGE    85

..........................................................


THE HURON SD CLIMATE NORMALS FOR TOMORROW
                         NORMAL    RECORD    YEAR
 MAXIMUM TEMPERATURE (F)   46        71      1999
 MINIMUM TEMPERATURE (F)   25       -10      1986


SUNRISE AND SUNSET
NOVEMBER 10 2014......SUNRISE   722 AM CST   SUNSET   511 PM CST
NOVEMBER 11 2014......SUNRISE   724 AM CST   SUNSET   510 PM CST


-  INDICATES NEGATIVE NUMBERS.
R  INDICATES RECORD WAS SET OR TIED.
MM INDICATES DATA IS MISSING.
T  INDICATES TRACE AMOUNT.




$$
