231
CDUS43 KFSD 230626
CLIHON


CLIMATE REPORT
NATIONAL WEATHER SERVICE SIOUX FALLS SD
125 AM CDT FRI SEP 23 2016


...................................

...THE HURON SD CLIMATE SUMMARY FOR SEPTEMBER 22 2016...

CLIMATE NORMAL PERIOD 1981 TO 2010
CLIMATE RECORD PERIOD 1881 TO 2016


WEATHER ITEM   OBSERVED TIME   RECORD YEAR NORMAL DEPARTURE LAST
                VALUE   (LST)  VALUE       VALUE  FROM      YEAR
                                                  NORMAL
..................................................................
TEMPERATURE (F)
 YESTERDAY
  MAXIMUM         66    519 PM  99    1936  72     -6       79
  MINIMUM         56    916 AM  24    1995  46     10       52
  AVERAGE         61                        59      2       66

PRECIPITATION (IN)
  YESTERDAY        0.01          1.26 1895   0.08  -0.07     0.00
  MONTH TO DATE    1.21                      1.87  -0.66     0.24
  SINCE SEP 1      1.21                      1.87  -0.66     0.24
  SINCE JAN 1     15.76                     19.13  -3.37    19.43

SNOWFALL (IN)
  YESTERDAY        0.0           0.0    MM   0.0    0.0      0.0
  MONTH TO DATE    0.0                       0.0    0.0      0.0
  SINCE SEP 1      0.0                       0.0    0.0      0.0
  SINCE JUL 1      0.0                       0.0    0.0      0.0
  SNOW DEPTH       0

DEGREE DAYS
 HEATING
  YESTERDAY        4                         7     -3        0
  MONTH TO DATE   46                        93    -47       60
  SINCE SEP 1     46                        93    -47       60
  SINCE JUL 1     63                       122    -59      100

 COOLING
  YESTERDAY        0                         1     -1        1
  MONTH TO DATE   63                        63      0      114
  SINCE SEP 1     63                        63      0      114
  SINCE JAN 1    869                       732    137      770
..................................................................


WIND (MPH)
  HIGHEST WIND SPEED    18   HIGHEST WIND DIRECTION     E (80)
  HIGHEST GUST SPEED    24   HIGHEST GUST DIRECTION     E (80)
  AVERAGE WIND SPEED    10.5


SKY COVER
  POSSIBLE SUNSHINE  MM
  AVERAGE SKY COVER 1.0


WEATHER CONDITIONS
 THE FOLLOWING WEATHER WAS RECORDED YESTERDAY.
  LIGHT RAIN
  FOG


RELATIVE HUMIDITY (PERCENT)
 HIGHEST    97           100 PM
 LOWEST     78           100 AM
 AVERAGE    88

..........................................................


THE HURON SD CLIMATE NORMALS FOR TODAY
                         NORMAL    RECORD    YEAR
 MAXIMUM TEMPERATURE (F)   71        98      1892
 MINIMUM TEMPERATURE (F)   45        23      1989


SUNRISE AND SUNSET
SEPTEMBER 23 2016.....SUNRISE   722 AM CDT   SUNSET   727 PM CDT
SEPTEMBER 24 2016.....SUNRISE   723 AM CDT   SUNSET   726 PM CDT


-  INDICATES NEGATIVE NUMBERS.
R  INDICATES RECORD WAS SET OR TIED.
MM INDICATES DATA IS MISSING.
T  INDICATES TRACE AMOUNT.




$$
