000
CDUS43 KFSD 080644
CLIHON


CLIMATE REPORT
NATIONAL WEATHER SERVICE SIOUX FALLS SD
1244 AM CST THU FEB 8 2018


...................................

...THE HURON SD CLIMATE SUMMARY FOR FEBRUARY 7 2018...

CLIMATE NORMAL PERIOD 1981 TO 2010
CLIMATE RECORD PERIOD 1881 TO 2018


WEATHER ITEM   OBSERVED TIME   RECORD YEAR NORMAL DEPARTURE LAST
                VALUE   (LST)  VALUE       VALUE  FROM      YEAR
                                                  NORMAL
..................................................................
TEMPERATURE (F)
 YESTERDAY
  MAXIMUM         15    252 PM  66    1987  30    -15       19
  MINIMUM         -8    808 AM -33    1914   9    -17        6
  AVERAGE          4                        19    -15       13

PRECIPITATION (IN)
  YESTERDAY        0.03          0.44 2001   0.02   0.01      T
  MONTH TO DATE    0.04                      0.13  -0.09      T
  SINCE DEC 1      0.92                      1.15  -0.23     1.97
  SINCE JAN 1      0.42                      0.63  -0.21     0.58

SNOWFALL (IN)
  YESTERDAY        0.8           6.0  2001   0.3    0.5       T
  MONTH TO DATE    0.8                       1.8   -1.0       T
  SINCE DEC 1     13.8                      17.1   -3.3     17.0
  SINCE JUL 1     15.1                      25.4  -10.3     21.7
  SNOW DEPTH       T

DEGREE DAYS
 HEATING
  YESTERDAY       61                        46     15       52
  MONTH TO DATE  409                       325     84      324
  SINCE DEC 1   3275                      3240     35     3319
  SINCE JUL 1   4840                      4942   -102     4527

 COOLING
  YESTERDAY        0                         0      0        0
  MONTH TO DATE    0                         0      0        0
  SINCE DEC 1      0                         0      0        0
  SINCE JAN 1      0                         0      0        0
..................................................................


WIND (MPH)
  HIGHEST WIND SPEED    24   HIGHEST WIND DIRECTION    NW (330)
  HIGHEST GUST SPEED    30   HIGHEST GUST DIRECTION    NW (320)
  AVERAGE WIND SPEED     8.5


SKY COVER
  POSSIBLE SUNSHINE  MM
  AVERAGE SKY COVER 0.4


WEATHER CONDITIONS
 THE FOLLOWING WEATHER WAS RECORDED YESTERDAY.
  LIGHT SNOW
  FOG
  HAZE


RELATIVE HUMIDITY (PERCENT)
 HIGHEST    92           700 PM
 LOWEST     61           100 PM
 AVERAGE    77

..........................................................


THE HURON SD CLIMATE NORMALS FOR TODAY
                         NORMAL    RECORD    YEAR
 MAXIMUM TEMPERATURE (F)   30        66      2000
 MINIMUM TEMPERATURE (F)    9       -34      1899


SUNRISE AND SUNSET
FEBRUARY  8 2018......SUNRISE   742 AM CST   SUNSET   552 PM CST
FEBRUARY  9 2018......SUNRISE   741 AM CST   SUNSET   554 PM CST


-  INDICATES NEGATIVE NUMBERS.
R  INDICATES RECORD WAS SET OR TIED.
MM INDICATES DATA IS MISSING.
T  INDICATES TRACE AMOUNT.




$$
