000
CDUS43 KFSD 080630
CLIHON


CLIMATE REPORT
NATIONAL WEATHER SERVICE SIOUX FALLS SD
128 AM CDT MON AUG 8 2016


...................................

...THE HURON SD CLIMATE SUMMARY FOR AUGUST 7 2016...

CLIMATE NORMAL PERIOD 1981 TO 2010
CLIMATE RECORD PERIOD 1881 TO 2016


WEATHER ITEM   OBSERVED TIME   RECORD YEAR NORMAL DEPARTURE LAST
                VALUE   (LST)  VALUE       VALUE  FROM      YEAR
                                                  NORMAL
..................................................................
TEMPERATURE (F)
 YESTERDAY
  MAXIMUM         84    342 PM 102    1890  86     -2       89
  MINIMUM         63    614 AM  43    1904  61      2       58
  AVERAGE         74                        73      1       74

PRECIPITATION (IN)
  YESTERDAY        0.00          2.10 1968   0.09  -0.09     0.01
  MONTH TO DATE    0.79                      0.68   0.11     0.03
  SINCE JUN 1      3.70                      7.53  -3.83     8.24
  SINCE JAN 1     12.51                     15.51  -3.00    14.18

SNOWFALL (IN)
  YESTERDAY        0.0           0.0    MM   0.0    0.0      0.0
  MONTH TO DATE    0.0                       0.0    0.0      0.0
  SINCE JUN 1      0.0                       0.0    0.0       T
  SINCE JUL 1      0.0                       0.0    0.0      0.0
  SNOW DEPTH       0

DEGREE DAYS
 HEATING
  YESTERDAY        0                         0      0        0
  MONTH TO DATE    0                         0      0        0
  SINCE JUN 1     23                        59    -36       15
  SINCE JUL 1      6                         8     -2        4

 COOLING
  YESTERDAY        9                         8      1        9
  MONTH TO DATE   69                        62      7       55
  SINCE JUN 1    591                       472    119      487
  SINCE JAN 1    622                       505    117      507
..................................................................


WIND (MPH)
  HIGHEST WIND SPEED    16   HIGHEST WIND DIRECTION     S (170)
  HIGHEST GUST SPEED    21   HIGHEST GUST DIRECTION     S (180)
  AVERAGE WIND SPEED     7.2


SKY COVER
  POSSIBLE SUNSHINE  MM
  AVERAGE SKY COVER 0.2


WEATHER CONDITIONS
 THE FOLLOWING WEATHER WAS RECORDED YESTERDAY.
  NO SIGNIFICANT WEATHER WAS OBSERVED.


RELATIVE HUMIDITY (PERCENT)
 HIGHEST    84           500 AM
 LOWEST     40           400 PM
 AVERAGE    62

..........................................................


THE HURON SD CLIMATE NORMALS FOR TODAY
                         NORMAL    RECORD    YEAR
 MAXIMUM TEMPERATURE (F)   85       103      1936
 MINIMUM TEMPERATURE (F)   61        44      1888


SUNRISE AND SUNSET
AUGUST  8 2016........SUNRISE   628 AM CDT   SUNSET   848 PM CDT
AUGUST  9 2016........SUNRISE   630 AM CDT   SUNSET   846 PM CDT


-  INDICATES NEGATIVE NUMBERS.
R  INDICATES RECORD WAS SET OR TIED.
MM INDICATES DATA IS MISSING.
T  INDICATES TRACE AMOUNT.




$$
