000
CDUS43 KFSD 062221
CLIHON


CLIMATE REPORT
NATIONAL WEATHER SERVICE SIOUX FALLS SD
419 PM CST MON MAR 6 2017


...................................

...THE HURON SD CLIMATE SUMMARY FOR MARCH 6 2017...
VALID TODAY AS OF 0400 PM LOCAL TIME.

CLIMATE NORMAL PERIOD 1981 TO 2010
CLIMATE RECORD PERIOD 1881 TO 2017


WEATHER ITEM   OBSERVED TIME   RECORD YEAR NORMAL DEPARTURE LAST
                VALUE   (LST)  VALUE       VALUE  FROM      YEAR
                                                  NORMAL
..................................................................
TEMPERATURE (F)
 TODAY
  MAXIMUM         66   1158 AM  79    1987  39     27       73
  MINIMUM         45    359 PM -17    1989  19     26       40
  AVERAGE         56                        29     27       57

PRECIPITATION (IN)
  TODAY            0.00          0.92 1983   0.03  -0.03     0.00
  MONTH TO DATE    0.08                      0.19  -0.11      T
  SINCE MAR 1      0.08                      0.19  -0.11      T
  SINCE JAN 1      0.88                      1.29  -0.41     0.87

SNOWFALL (IN)
  TODAY            0.0           8.8  1908   0.3   -0.3      0.0
  MONTH TO DATE    1.7                       2.0   -0.3       T
  SINCE MAR 1      1.7                       2.0   -0.3       T
  SINCE JUL 1     23.7                      33.0   -9.3     30.7
  SNOW DEPTH       0

DEGREE DAYS
 HEATING
  TODAY            9                        36    -27        8
  MONTH TO DATE  175                       223    -48      195
  SINCE MAR 1    175                       223    -48      195
  SINCE JUL 1   5324                      6055   -731     5271

 COOLING
  TODAY            0                         0      0        0
  MONTH TO DATE    0                         0      0        0
  SINCE MAR 1      0                         0      0        0
  SINCE JAN 1      0                         0      0        0
..................................................................


WIND (MPH)
  HIGHEST WIND SPEED    33   HIGHEST WIND DIRECTION     W (280)
  HIGHEST GUST SPEED    41   HIGHEST GUST DIRECTION     W (280)
  AVERAGE WIND SPEED    19.0


SKY COVER
  POSSIBLE SUNSHINE  MM
  AVERAGE SKY COVER 0.1


WEATHER CONDITIONS
 THE FOLLOWING WEATHER WAS RECORDED TODAY.
  NO SIGNIFICANT WEATHER WAS OBSERVED.


RELATIVE HUMIDITY (PERCENT)
 HIGHEST   100           600 AM
 LOWEST     34          1200 PM
 AVERAGE    67

..........................................................


THE HURON SD CLIMATE NORMALS FOR TOMORROW
                         NORMAL    RECORD    YEAR
 MAXIMUM TEMPERATURE (F)   39        80      1987
 MINIMUM TEMPERATURE (F)   19       -17      1996


SUNRISE AND SUNSET
MARCH  6 2017.........SUNRISE   701 AM CST   SUNSET   628 PM CST
MARCH  7 2017.........SUNRISE   659 AM CST   SUNSET   629 PM CST


-  INDICATES NEGATIVE NUMBERS.
R  INDICATES RECORD WAS SET OR TIED.
MM INDICATES DATA IS MISSING.
T  INDICATES TRACE AMOUNT.




$$
