000
CDUS43 KFSD 072233
CLIHON


CLIMATE REPORT
NATIONAL WEATHER SERVICE SIOUX FALLS SD
532 PM CDT WED SEP 7 2016


...................................

...THE HURON SD CLIMATE SUMMARY FOR SEPTEMBER 7 2016...
VALID TODAY AS OF 0500 PM LOCAL TIME.

CLIMATE NORMAL PERIOD 1981 TO 2010
CLIMATE RECORD PERIOD 1881 TO 2016


WEATHER ITEM   OBSERVED TIME   RECORD YEAR NORMAL DEPARTURE LAST
                VALUE   (LST)  VALUE       VALUE  FROM      YEAR
                                                  NORMAL
..................................................................
TEMPERATURE (F)
 TODAY
  MAXIMUM         79    300 PM  99    1980  79      0       76
                                      1978
                                      1933
  MINIMUM         61    207 AM  34    1986  53      8       47
                                      1895
  AVERAGE         70                        66      4       62

PRECIPITATION (IN)
  TODAY            T             1.37 1894   0.09  -0.09      T
  MONTH TO DATE    0.74                      0.59   0.15     0.16
  SINCE SEP 1      0.74                      0.59   0.15     0.16
  SINCE JAN 1     15.29                     17.85  -2.56    19.35

SNOWFALL (IN)
  TODAY            0.0           0.0    MM   0.0    0.0      0.0
  MONTH TO DATE    0.0                       0.0    0.0      0.0
  SINCE SEP 1      0.0                       0.0    0.0      0.0
  SINCE JUL 1      0.0                       0.0    0.0      0.0
  SNOW DEPTH       0

DEGREE DAYS
 HEATING
  TODAY            0                         3     -3        3
  MONTH TO DATE    0                        17    -17        3
  SINCE SEP 1      0                        17    -17        3
  SINCE JUL 1     17                        46    -29       43

 COOLING
  TODAY            5                         4      1        0
  MONTH TO DATE   38                        31      7       67
  SINCE SEP 1     38                        31      7       67
  SINCE JAN 1    844                       700    144      723
..................................................................


WIND (MPH)
  HIGHEST WIND SPEED    17   HIGHEST WIND DIRECTION     S (160)
  HIGHEST GUST SPEED    24   HIGHEST GUST DIRECTION     S (200)
  AVERAGE WIND SPEED     8.6


SKY COVER
  POSSIBLE SUNSHINE  MM
  AVERAGE SKY COVER 0.7


WEATHER CONDITIONS
 THE FOLLOWING WEATHER WAS RECORDED TODAY.
  THUNDERSTORM
  LIGHT RAIN


RELATIVE HUMIDITY (PERCENT)
 HIGHEST    93          1200 AM
 LOWEST     67           300 PM
 AVERAGE    80

..........................................................


THE HURON SD CLIMATE NORMALS FOR TOMORROW
                         NORMAL    RECORD    YEAR
 MAXIMUM TEMPERATURE (F)   78       102      1952
 MINIMUM TEMPERATURE (F)   53        34      1883


SUNRISE AND SUNSET
SEPTEMBER  7 2016.....SUNRISE   703 AM CDT   SUNSET   757 PM CDT
SEPTEMBER  8 2016.....SUNRISE   704 AM CDT   SUNSET   755 PM CDT


-  INDICATES NEGATIVE NUMBERS.
R  INDICATES RECORD WAS SET OR TIED.
MM INDICATES DATA IS MISSING.
T  INDICATES TRACE AMOUNT.




$$
