000
CDUS43 KFSD 180625
CLIHON


CLIMATE REPORT
NATIONAL WEATHER SERVICE SIOUX FALLS SD
1225 AM CST SUN JAN 18 2015


...................................

...THE HURON SD CLIMATE SUMMARY FOR JANUARY 17 2015...

CLIMATE NORMAL PERIOD 1981 TO 2010
CLIMATE RECORD PERIOD 1881 TO 2015


WEATHER ITEM   OBSERVED TIME   RECORD YEAR NORMAL DEPARTURE LAST
                VALUE   (LST)  VALUE       VALUE  FROM      YEAR
                                                  NORMAL
..................................................................
TEMPERATURE (F)
 YESTERDAY
  MAXIMUM         40    411 PM  58    1923  27     13       32
  MINIMUM         23   1252 AM -29    1930   6     17        1
  AVERAGE         32                        16     16       17

PRECIPITATION (IN)
  YESTERDAY        0.00          0.33 1996   0.02  -0.02     0.00
  MONTH TO DATE    0.26                      0.28  -0.02     0.09
  SINCE DEC 1      0.96                      0.80   0.16     1.10
  SINCE JAN 1      0.26                      0.28  -0.02     0.09

SNOWFALL (IN)
  YESTERDAY        0.0           6.4  1996   0.2   -0.2      0.0
  MONTH TO DATE    2.9                       4.0   -1.1      0.5
  SINCE DEC 1      8.3                      12.0   -3.7     13.4
  SINCE JUL 1     16.2                      20.3   -4.1     15.9
  SNOW DEPTH       3

DEGREE DAYS
 HEATING
  YESTERDAY       33                        49    -16       48
  MONTH TO DATE  937                       831    106      867
  SINCE DEC 1   2235                      2249    -14     2553
  SINCE JUL 1   4092                      3951    141     4190

 COOLING
  YESTERDAY        0                         0      0        0
  MONTH TO DATE    0                         0      0        0
  SINCE DEC 1      0                         0      0        0
  SINCE JAN 1      0                         0      0        0
..................................................................


WIND (MPH)
  HIGHEST WIND SPEED    32   HIGHEST WIND DIRECTION    NW (300)
  HIGHEST GUST SPEED    40   HIGHEST GUST DIRECTION    NW (300)
  AVERAGE WIND SPEED    18.4


SKY COVER
  POSSIBLE SUNSHINE  MM
  AVERAGE SKY COVER 0.4


WEATHER CONDITIONS
 THE FOLLOWING WEATHER WAS RECORDED YESTERDAY.
  NO SIGNIFICANT WEATHER WAS OBSERVED.


RELATIVE HUMIDITY (PERCENT)
 HIGHEST    96          1200 AM
 LOWEST     64           400 PM
 AVERAGE    80

..........................................................


THE HURON SD CLIMATE NORMALS FOR TODAY
                         NORMAL    RECORD    YEAR
 MAXIMUM TEMPERATURE (F)   27        55      1944
                                             1908
 MINIMUM TEMPERATURE (F)    6       -34      1892


SUNRISE AND SUNSET
JANUARY 18 2015.......SUNRISE   804 AM CST   SUNSET   523 PM CST
JANUARY 19 2015.......SUNRISE   803 AM CST   SUNSET   524 PM CST


-  INDICATES NEGATIVE NUMBERS.
R  INDICATES RECORD WAS SET OR TIED.
MM INDICATES DATA IS MISSING.
T  INDICATES TRACE AMOUNT.




$$
