000
CDUS43 KFSD 300631
CLIHON


CLIMATE REPORT
NATIONAL WEATHER SERVICE SIOUX FALLS SD
1228 AM CST WED NOV 30 2016


...................................

...THE HURON SD CLIMATE SUMMARY FOR NOVEMBER 29 2016...

CLIMATE NORMAL PERIOD 1981 TO 2010
CLIMATE RECORD PERIOD 1881 TO 2016


WEATHER ITEM   OBSERVED TIME   RECORD YEAR NORMAL DEPARTURE LAST
                VALUE   (LST)  VALUE       VALUE  FROM      YEAR
                                                  NORMAL
..................................................................
TEMPERATURE (F)
 YESTERDAY
  MAXIMUM         33        MM  62    1998  35     -2       36
                                      1883
  MINIMUM         30        MM -21    1964  15     15       28
  AVERAGE         32                        25      7       32

PRECIPITATION (IN)
  YESTERDAY        0.02          0.26 1908   0.02   0.00     0.00
  MONTH TO DATE    1.01                      0.85   0.16     1.02
  SINCE SEP 1      3.35                      5.10  -1.75     4.69
  SINCE JAN 1     17.90                     22.36  -4.46    23.88

SNOWFALL (IN)
  YESTERDAY        T             3.9  1991   0.3   -0.3      0.0
  MONTH TO DATE    4.2                       6.9   -2.7      0.2
  SINCE SEP 1      4.2                       8.0   -3.8      0.2
  SINCE JUL 1      4.2                       8.0   -3.8      0.2
  SNOW DEPTH       0

DEGREE DAYS
 HEATING
  YESTERDAY       33                        40     -7       33
  MONTH TO DATE  665                       930   -265      740
  SINCE SEP 1   1157                      1631   -474     1214
  SINCE JUL 1   1174                      1660   -486     1254

 COOLING
  YESTERDAY        0                         0      0        0
  MONTH TO DATE    0                         0      0        0
  SINCE SEP 1     81                        73      8      141
  SINCE JAN 1    887                       742    145      797
..................................................................


WIND (MPH)
  HIGHEST WIND SPEED    27   HIGHEST WIND DIRECTION    NW (310)
  HIGHEST GUST SPEED    40   HIGHEST GUST DIRECTION    NW (320)
  AVERAGE WIND SPEED    22.9


SKY COVER
  POSSIBLE SUNSHINE  MM
  AVERAGE SKY COVER 1.0


WEATHER CONDITIONS
 THE FOLLOWING WEATHER WAS RECORDED YESTERDAY.
  LIGHT SNOW
  FOG


RELATIVE HUMIDITY (PERCENT)
 HIGHEST   100           800 AM
 LOWEST     92          1200 AM
 AVERAGE    96

..........................................................


THE HURON SD CLIMATE NORMALS FOR TODAY
                         NORMAL    RECORD    YEAR
 MAXIMUM TEMPERATURE (F)   34        63      1932
 MINIMUM TEMPERATURE (F)   15       -21      1964


SUNRISE AND SUNSET
NOVEMBER 30 2016......SUNRISE   748 AM CST   SUNSET   455 PM CST
DECEMBER  1 2016......SUNRISE   749 AM CST   SUNSET   455 PM CST


-  INDICATES NEGATIVE NUMBERS.
R  INDICATES RECORD WAS SET OR TIED.
MM INDICATES DATA IS MISSING.
T  INDICATES TRACE AMOUNT.




$$
