000
CDUS43 KFSD 092225
CLIHON


CLIMATE REPORT
NATIONAL WEATHER SERVICE SIOUX FALLS SD
525 PM CDT TUE SEP 9 2014


...................................

...THE HURON SD CLIMATE SUMMARY FOR SEPTEMBER 9 2014...
VALID TODAY AS OF 0500 PM LOCAL TIME.

CLIMATE NORMAL PERIOD 1981 TO 2010
CLIMATE RECORD PERIOD 1881 TO 2014


WEATHER ITEM   OBSERVED TIME   RECORD YEAR NORMAL DEPARTURE LAST
                VALUE   (LST)  VALUE       VALUE  FROM      YEAR
                                                  NORMAL
..................................................................
TEMPERATURE (F)
 TODAY
  MAXIMUM         67    125 PM 106    1904  78    -11       86
  MINIMUM         58    214 AM  33    1910  52      6       67
                                      1898
  AVERAGE         63                        65     -2       77

PRECIPITATION (IN)
  TODAY            T             1.71 1921   0.10  -0.10     0.00
  MONTH TO DATE    0.07                      0.78  -0.71      T
  SINCE SEP 1      0.07                      0.78  -0.71      T
  SINCE JAN 1     13.63                     18.04  -4.41    17.20

SNOWFALL (IN)
  TODAY            0.0           0.0    MM   0.0    0.0      0.0
  MONTH TO DATE    0.0                       0.0    0.0      0.0
  SINCE SEP 1      0.0                       0.0    0.0      0.0
  SINCE JUL 1      0.0                       0.0    0.0      0.0
  SNOW DEPTH       0

DEGREE DAYS
 HEATING
  TODAY            2                         3     -1        0
  MONTH TO DATE   10                        23    -13        2
  SINCE SEP 1     10                        23    -13        2
  SINCE JUL 1     43                        52     -9       24

 COOLING
  TODAY            0                         3     -3       12
  MONTH TO DATE   28                        37     -9       89
  SINCE SEP 1     28                        37     -9       89
  SINCE JAN 1    551                       706   -155      777
..................................................................


WIND (MPH)
  HIGHEST WIND SPEED    25   HIGHEST WIND DIRECTION     N (350)
  HIGHEST GUST SPEED    31   HIGHEST GUST DIRECTION     N (360)
  AVERAGE WIND SPEED     7.5


SKY COVER
  POSSIBLE SUNSHINE  MM
  AVERAGE SKY COVER 0.9


WEATHER CONDITIONS
 THE FOLLOWING WEATHER WAS RECORDED TODAY.
  LIGHT RAIN
  FOG
  FOG W/VISIBILITY <= 1/4 MILE


RELATIVE HUMIDITY (PERCENT)
 HIGHEST   100          1200 AM
 LOWEST     90           400 PM
 AVERAGE    95

..........................................................


THE HURON SD CLIMATE NORMALS FOR TOMORROW
                         NORMAL    RECORD    YEAR
 MAXIMUM TEMPERATURE (F)   77       103      1931
 MINIMUM TEMPERATURE (F)   52        30      1898


SUNRISE AND SUNSET
SEPTEMBER  9 2014.....SUNRISE   705 AM CDT   SUNSET   755 PM CDT
SEPTEMBER 10 2014.....SUNRISE   706 AM CDT   SUNSET   753 PM CDT


-  INDICATES NEGATIVE NUMBERS.
R  INDICATES RECORD WAS SET OR TIED.
MM INDICATES DATA IS MISSING.
T  INDICATES TRACE AMOUNT.




$$
