000
CDUS43 KFSD 190626
CLIHON


CLIMATE REPORT
NATIONAL WEATHER SERVICE SIOUX FALLS SD
1225 AM CST WED NOV 19 2014


...................................

...THE HURON SD CLIMATE SUMMARY FOR NOVEMBER 18 2014...

CLIMATE NORMAL PERIOD 1981 TO 2010
CLIMATE RECORD PERIOD 1881 TO 2014


WEATHER ITEM   OBSERVED TIME   RECORD YEAR NORMAL DEPARTURE LAST
                VALUE   (LST)  VALUE       VALUE  FROM      YEAR
                                                  NORMAL
..................................................................
TEMPERATURE (F)
 YESTERDAY
  MAXIMUM         31   1025 PM  74    1908  41    -10       45
  MINIMUM         11   1233 AM  -5    1891  21    -10       18
  AVERAGE         21                        31    -10       32

PRECIPITATION (IN)
  YESTERDAY        T             0.58 1985   0.03  -0.03     0.00
  MONTH TO DATE    0.72                      0.58   0.14     0.15
  SINCE SEP 1      2.10                      4.83  -2.73     6.97
  SINCE JAN 1     15.66                     22.09  -6.43    24.17

SNOWFALL (IN)
  YESTERDAY        T             7.5  1985   0.3   -0.3      0.0
  MONTH TO DATE    7.7                       3.6    4.1      1.6
  SINCE SEP 1      7.7                       4.7    3.0      2.5
  SINCE JUL 1      7.7                       4.7    3.0      2.5
  SNOW DEPTH       6

DEGREE DAYS
 HEATING
  YESTERDAY       44                        34     10       33
  MONTH TO DATE  666                       521    145      521
  SINCE SEP 1   1280                      1222     58     1138
  SINCE JUL 1   1313                      1251     62     1160

 COOLING
  YESTERDAY        0                         0      0        0
  MONTH TO DATE    0                         0      0        0
  SINCE SEP 1     74                        73      1      160
  SINCE JAN 1    597                       742   -145      848
..................................................................


WIND (MPH)
  HIGHEST WIND SPEED    35   HIGHEST WIND DIRECTION    NW (330)
  HIGHEST GUST SPEED    40   HIGHEST GUST DIRECTION     N (340)
  AVERAGE WIND SPEED    12.9


SKY COVER
  POSSIBLE SUNSHINE  MM
  AVERAGE SKY COVER 0.9


WEATHER CONDITIONS
 THE FOLLOWING WEATHER WAS RECORDED YESTERDAY.
  LIGHT SNOW
  FOG
  HAZE


RELATIVE HUMIDITY (PERCENT)
 HIGHEST    84           200 AM
 LOWEST     67           900 AM
 AVERAGE    76

..........................................................


THE HURON SD CLIMATE NORMALS FOR TODAY
                         NORMAL    RECORD    YEAR
 MAXIMUM TEMPERATURE (F)   41        72      1897
 MINIMUM TEMPERATURE (F)   20        -8      1921


SUNRISE AND SUNSET
NOVEMBER 19 2014......SUNRISE   734 AM CST   SUNSET   502 PM CST
NOVEMBER 20 2014......SUNRISE   735 AM CST   SUNSET   501 PM CST


-  INDICATES NEGATIVE NUMBERS.
R  INDICATES RECORD WAS SET OR TIED.
MM INDICATES DATA IS MISSING.
T  INDICATES TRACE AMOUNT.




$$
