000
CDUS43 KFSD 240643
CLIHON


CLIMATE REPORT
NATIONAL WEATHER SERVICE SIOUX FALLS SD
142 AM CDT FRI JUL 24 2015


...................................

...THE HURON SD CLIMATE SUMMARY FOR JULY 23 2015...

CLIMATE NORMAL PERIOD 1981 TO 2010
CLIMATE RECORD PERIOD 1881 TO 2015


WEATHER ITEM   OBSERVED TIME   RECORD YEAR NORMAL DEPARTURE LAST
                VALUE   (LST)  VALUE       VALUE  FROM      YEAR
                                                  NORMAL
..................................................................
TEMPERATURE (F)
 YESTERDAY
  MAXIMUM         92    441 PM 109    2005  87      5       82
  MINIMUM         65    433 AM  44    1904  62      3       60
                                      1887
  AVERAGE         79                        74      5       71

PRECIPITATION (IN)
  YESTERDAY        0.08          1.57 1926   0.11  -0.03     0.00
  MONTH TO DATE    1.81                      2.09  -0.28     3.45
  SINCE JUN 1      6.41                      6.02   0.39     5.82
  SINCE JAN 1     12.35                     14.00  -1.65    10.31

SNOWFALL (IN)
  YESTERDAY        0.0           0.0    MM   0.0    0.0      0.0
  MONTH TO DATE    0.0                       0.0    0.0      0.0
  SINCE JUN 1      T                         0.0    0.0      0.0
  SINCE JUL 1      0.0                       0.0    0.0      0.0
  SNOW DEPTH       0

DEGREE DAYS
 HEATING
  YESTERDAY        0                         0      0        0
  MONTH TO DATE    4                         0      4       16
  SINCE JUN 1     15                        51    -36       56
  SINCE JUL 1      4                         0      4       16

 COOLING
  YESTERDAY       14                         9      5        6
  MONTH TO DATE  204                       201      3      148
  SINCE JUN 1    354                       334     20      251
  SINCE JAN 1    374                       367      7      313
..................................................................


WIND (MPH)
  HIGHEST WIND SPEED    29   HIGHEST WIND DIRECTION    SE (150)
  HIGHEST GUST SPEED    42   HIGHEST GUST DIRECTION     S (160)
  AVERAGE WIND SPEED    17.1


SKY COVER
  POSSIBLE SUNSHINE  MM
  AVERAGE SKY COVER 0.1


WEATHER CONDITIONS
 THE FOLLOWING WEATHER WAS RECORDED YESTERDAY.
  LIGHT RAIN


RELATIVE HUMIDITY (PERCENT)
 HIGHEST    93           400 AM
 LOWEST     56           200 PM
 AVERAGE    75

..........................................................


THE HURON SD CLIMATE NORMALS FOR TODAY
                         NORMAL    RECORD    YEAR
 MAXIMUM TEMPERATURE (F)   86       110      1940
 MINIMUM TEMPERATURE (F)   62        41      1891


SUNRISE AND SUNSET
JULY 24 2015..........SUNRISE   611 AM CDT   SUNSET   907 PM CDT
JULY 25 2015..........SUNRISE   612 AM CDT   SUNSET   906 PM CDT


-  INDICATES NEGATIVE NUMBERS.
R  INDICATES RECORD WAS SET OR TIED.
MM INDICATES DATA IS MISSING.
T  INDICATES TRACE AMOUNT.




$$
