000
CDUS43 KFSD 312228
CLIHON


CLIMATE REPORT
NATIONAL WEATHER SERVICE SIOUX FALLS SD
528 PM CDT TUE OCT 31 2017


...................................

...THE HURON SD CLIMATE SUMMARY FOR OCTOBER 31 2017...
VALID TODAY AS OF 0500 PM LOCAL TIME.

CLIMATE NORMAL PERIOD 1981 TO 2010
CLIMATE RECORD PERIOD 1881 TO 2017


WEATHER ITEM   OBSERVED TIME   RECORD YEAR NORMAL DEPARTURE LAST
                VALUE   (LST)  VALUE       VALUE  FROM      YEAR
                                                  NORMAL
..................................................................
TEMPERATURE (F)
 TODAY
  MAXIMUM         42    353 PM  80    1933  53    -11       79
  MINIMUM         15    410 AM   8    2014  30    -15       44
                                      2002
  AVERAGE         29                        41    -12       62

PRECIPITATION (IN)
  TODAY            0.00          0.91 2000   0.04  -0.04     0.00
  MONTH TO DATE    1.78                      1.79  -0.01     1.05
  SINCE SEP 1      7.75                      4.25   3.50     2.34
  SINCE JAN 1     20.06                     21.51  -1.45    16.89

SNOWFALL (IN)
  TODAY            0.0           2.5  1943   0.1   -0.1      0.0
  MONTH TO DATE    T                         1.1   -1.1      0.0
  SINCE SEP 1      T                         1.1   -1.1      0.0
  SINCE JUL 1      T                         1.1   -1.1      0.0
  SNOW DEPTH       0

DEGREE DAYS
 HEATING
  TODAY           36                        24     12        3
  MONTH TO DATE  512                       534    -22      392
  SINCE SEP 1    635                       701    -66      492
  SINCE JUL 1    644                       730    -86      509

 COOLING
  TODAY            0                         0      0        0
  MONTH TO DATE    3                         4     -1        5
  SINCE SEP 1    110                        73     37       81
  SINCE JAN 1    730                       742    -12      887
..................................................................


WIND (MPH)
  HIGHEST WIND SPEED    21   HIGHEST WIND DIRECTION     S (190)
  HIGHEST GUST SPEED    28   HIGHEST GUST DIRECTION     S (200)
  AVERAGE WIND SPEED     8.5


SKY COVER
  POSSIBLE SUNSHINE  MM
  AVERAGE SKY COVER 0.1


WEATHER CONDITIONS
 THE FOLLOWING WEATHER WAS RECORDED TODAY.
  NO SIGNIFICANT WEATHER WAS OBSERVED.


RELATIVE HUMIDITY (PERCENT)
 HIGHEST    92          1200 AM
 LOWEST     41           300 PM
 AVERAGE    67

..........................................................


THE HURON SD CLIMATE NORMALS FOR TOMORROW
                         NORMAL    RECORD    YEAR
 MAXIMUM TEMPERATURE (F)   52        78      1990
 MINIMUM TEMPERATURE (F)   29         1      1935


SUNRISE AND SUNSET
OCTOBER 31 2017.......SUNRISE   809 AM CDT   SUNSET   623 PM CDT
NOVEMBER  1 2017......SUNRISE   810 AM CDT   SUNSET   622 PM CDT


-  INDICATES NEGATIVE NUMBERS.
R  INDICATES RECORD WAS SET OR TIED.
MM INDICATES DATA IS MISSING.
T  INDICATES TRACE AMOUNT.




$$
