000
CDUS43 KFSD 070651
CLIHON


CLIMATE REPORT
NATIONAL WEATHER SERVICE SIOUX FALLS SD
150 AM CDT THU SEP 7 2017


...................................

...THE HURON SD CLIMATE SUMMARY FOR SEPTEMBER 6 2017...

CLIMATE NORMAL PERIOD 1981 TO 2010
CLIMATE RECORD PERIOD 1881 TO 2017


WEATHER ITEM   OBSERVED TIME   RECORD YEAR NORMAL DEPARTURE LAST
                VALUE   (LST)  VALUE       VALUE  FROM      YEAR
                                                  NORMAL
..................................................................
TEMPERATURE (F)
 YESTERDAY
  MAXIMUM         72    434 PM 106    1970  79     -7       72
  MINIMUM         37    610 AM  35    1956  53    -16       60
  AVERAGE         55                        66    -11       66

PRECIPITATION (IN)
  YESTERDAY        0.00          1.40 1948   0.08  -0.08     0.32
  MONTH TO DATE    0.12                      0.50  -0.38     0.74
  SINCE SEP 1      0.12                      0.50  -0.38     0.74
  SINCE JAN 1     12.43                     17.76  -5.33    15.29

SNOWFALL (IN)
  YESTERDAY        0.0           0.0    MM   0.0    0.0      0.0
  MONTH TO DATE    0.0                       0.0    0.0      0.0
  SINCE SEP 1      0.0                       0.0    0.0      0.0
  SINCE JUL 1      0.0                       0.0    0.0      0.0
  SNOW DEPTH       0

DEGREE DAYS
 HEATING
  YESTERDAY       10                         3      7        0
  MONTH TO DATE   23                        14      9        0
  SINCE SEP 1     23                        14      9        0
  SINCE JUL 1     32                        43    -11       17

 COOLING
  YESTERDAY        0                         4     -4        1
  MONTH TO DATE   21                        27     -6       33
  SINCE SEP 1     21                        27     -6       33
  SINCE JAN 1    641                       696    -55      839
..................................................................


WIND (MPH)
  HIGHEST WIND SPEED    14   HIGHEST WIND DIRECTION     N (10)
  HIGHEST GUST SPEED    19   HIGHEST GUST DIRECTION     N (20)
  AVERAGE WIND SPEED     6.0


SKY COVER
  POSSIBLE SUNSHINE  MM
  AVERAGE SKY COVER 0.1


WEATHER CONDITIONS
 THE FOLLOWING WEATHER WAS RECORDED YESTERDAY.
  NO SIGNIFICANT WEATHER WAS OBSERVED.


RELATIVE HUMIDITY (PERCENT)
 HIGHEST   100           300 AM
 LOWEST     31           200 PM
 AVERAGE    66

..........................................................


THE HURON SD CLIMATE NORMALS FOR TODAY
                         NORMAL    RECORD    YEAR
 MAXIMUM TEMPERATURE (F)   79        99      1980
                                             1978
                                             1933
 MINIMUM TEMPERATURE (F)   53        34      1986
                                             1895


SUNRISE AND SUNSET
SEPTEMBER  7 2017.....SUNRISE   703 AM CDT   SUNSET   758 PM CDT
SEPTEMBER  8 2017.....SUNRISE   704 AM CDT   SUNSET   756 PM CDT


-  INDICATES NEGATIVE NUMBERS.
R  INDICATES RECORD WAS SET OR TIED.
MM INDICATES DATA IS MISSING.
T  INDICATES TRACE AMOUNT.




$$
