823
CDUS43 KFSD 110718
CLIHON


CLIMATE REPORT
NATIONAL WEATHER SERVICE SIOUX FALLS SD
117 AM CST WED JAN 11 2017


...................................

...THE HURON SD CLIMATE SUMMARY FOR JANUARY 10 2017...

CLIMATE NORMAL PERIOD 1981 TO 2010
CLIMATE RECORD PERIOD 1881 TO 2017


WEATHER ITEM   OBSERVED TIME   RECORD YEAR NORMAL DEPARTURE LAST
                VALUE   (LST)  VALUE       VALUE  FROM      YEAR
                                                  NORMAL
..................................................................
TEMPERATURE (F)
 YESTERDAY
  MAXIMUM         22    102 AM  58    2012  26     -4        6
  MINIMUM          4    637 PM -30    1886   6     -2      -16
  AVERAGE         13                        16     -3       -5

PRECIPITATION (IN)
  YESTERDAY        0.14          0.40 2011   0.02   0.12     0.00
  MONTH TO DATE    0.28                      0.17   0.11     0.04
  SINCE DEC 1      1.67                      0.69   0.98     1.32
  SINCE JAN 1      0.28                      0.17   0.11     0.04

SNOWFALL (IN)
  YESTERDAY        1.8           4.7  2011   0.2    1.6      0.0
  MONTH TO DATE    3.3                       2.4    0.9      0.5
  SINCE DEC 1     13.3                      10.4    2.9     14.8
  SINCE JUL 1     18.0                      18.7   -0.7     20.4
  SNOW DEPTH       2

DEGREE DAYS
 HEATING
  YESTERDAY       52                        49      3       70
  MONTH TO DATE  577                       488     89      501
  SINCE DEC 1   2076                      1906    170     1759
  SINCE JUL 1   3284                      3608   -324     3049

 COOLING
  YESTERDAY        0                         0      0        0
  MONTH TO DATE    0                         0      0        0
  SINCE DEC 1      0                         0      0        0
  SINCE JAN 1      0                         0      0        0
..................................................................


WIND (MPH)
  HIGHEST WIND SPEED    26   HIGHEST WIND DIRECTION    NW (310)
  HIGHEST GUST SPEED    41   HIGHEST GUST DIRECTION     N (340)
  AVERAGE WIND SPEED    15.1


SKY COVER
  POSSIBLE SUNSHINE  MM
  AVERAGE SKY COVER 0.7


WEATHER CONDITIONS
 THE FOLLOWING WEATHER WAS RECORDED YESTERDAY.
  LIGHT SNOW
  FOG


RELATIVE HUMIDITY (PERCENT)
 HIGHEST    92           100 AM
 LOWEST     67           100 PM
 AVERAGE    80

..........................................................


THE HURON SD CLIMATE NORMALS FOR TODAY
                         NORMAL    RECORD    YEAR
 MAXIMUM TEMPERATURE (F)   26        54      1987
 MINIMUM TEMPERATURE (F)    6       -34      1912


SUNRISE AND SUNSET
JANUARY 11 2017.......SUNRISE   807 AM CST   SUNSET   515 PM CST
JANUARY 12 2017.......SUNRISE   807 AM CST   SUNSET   516 PM CST


-  INDICATES NEGATIVE NUMBERS.
R  INDICATES RECORD WAS SET OR TIED.
MM INDICATES DATA IS MISSING.
T  INDICATES TRACE AMOUNT.




$$
