000
CDUS43 KFSD 090707
CLIHON


CLIMATE REPORT
NATIONAL WEATHER SERVICE SIOUX FALLS SD
206 AM CDT WED APR 9 2014


...................................

...THE HURON SD CLIMATE SUMMARY FOR APRIL 8 2014...

CLIMATE NORMAL PERIOD 1981 TO 2010
CLIMATE RECORD PERIOD 1881 TO 2014


WEATHER ITEM   OBSERVED TIME   RECORD YEAR NORMAL DEPARTURE LAST
                VALUE   (LST)  VALUE       VALUE  FROM      YEAR
                                                  NORMAL
..................................................................
TEMPERATURE (F)
 YESTERDAY
  MAXIMUM         58    525 PM  94    1887  55      3       44
  MINIMUM         28    250 AM   7    2007  31     -3       26
  AVERAGE         43                        43      0       35

PRECIPITATION (IN)
  YESTERDAY        0.00          0.93 1941   0.08  -0.08     0.34
  MONTH TO DATE    T                         0.54  -0.54     0.40
  SINCE MAR 1      0.47                      2.00  -1.53     1.18
  SINCE JAN 1      1.03                      3.10  -2.07     2.56

SNOWFALL (IN)
  YESTERDAY        0.0           4.1  1904   0.2   -0.2       T
  MONTH TO DATE    T                         1.5   -1.5       T
  SINCE MAR 1      4.7                      10.4   -5.7      7.2
  SINCE JUL 1     26.4                      41.4  -15.0     40.4
  SNOW DEPTH       0

DEGREE DAYS
 HEATING
  YESTERDAY       22                        22      0       30
  MONTH TO DATE  215                       187     28      200
  SINCE MAR 1   1316                      1174    142     1438
  SINCE JUL 1   7636                      7006    630     7264

 COOLING
  YESTERDAY        0                         0      0        0
  MONTH TO DATE    0                         0      0        0
  SINCE MAR 1      0                         0      0        0
  SINCE JAN 1      0                         0      0        0
..................................................................


WIND (MPH)
  HIGHEST WIND SPEED    16   HIGHEST WIND DIRECTION     N (350)
  HIGHEST GUST SPEED    20   HIGHEST GUST DIRECTION     N (340)
  AVERAGE WIND SPEED     8.7


SKY COVER
  POSSIBLE SUNSHINE  MM
  AVERAGE SKY COVER 0.2


WEATHER CONDITIONS
 THE FOLLOWING WEATHER WAS RECORDED YESTERDAY.
  NO SIGNIFICANT WEATHER WAS OBSERVED.


RELATIVE HUMIDITY (PERCENT)
 HIGHEST    92           200 AM
 LOWEST     25           400 PM
 AVERAGE    59

..........................................................


THE HURON SD CLIMATE NORMALS FOR TODAY
                         NORMAL    RECORD    YEAR
 MAXIMUM TEMPERATURE (F)   56        91      1977
 MINIMUM TEMPERATURE (F)   31        10      1997
                                             1959


SUNRISE AND SUNSET
APRIL  9 2014.........SUNRISE   700 AM CDT   SUNSET   810 PM CDT
APRIL 10 2014.........SUNRISE   658 AM CDT   SUNSET   811 PM CDT


-  INDICATES NEGATIVE NUMBERS.
R  INDICATES RECORD WAS SET OR TIED.
MM INDICATES DATA IS MISSING.
T  INDICATES TRACE AMOUNT.




$$
