000
CDUS43 KFSD 042234
CLIHON


CLIMATE REPORT
NATIONAL WEATHER SERVICE SIOUX FALLS SD
433 PM CST SAT FEB 4 2017


...................................

...THE HURON SD CLIMATE SUMMARY FOR FEBRUARY 4 2017...
VALID TODAY AS OF 0400 PM LOCAL TIME.

CLIMATE NORMAL PERIOD 1981 TO 2010
CLIMATE RECORD PERIOD 1881 TO 2017


WEATHER ITEM   OBSERVED TIME   RECORD YEAR NORMAL DEPARTURE LAST
                VALUE   (LST)  VALUE       VALUE  FROM      YEAR
                                                  NORMAL
..................................................................
TEMPERATURE (F)
 TODAY
  MAXIMUM         37   1256 PM  63    2005  29      8       29
  MINIMUM         21   1202 AM -32    1883   8     13       19
  AVERAGE         29                        18     11       24

PRECIPITATION (IN)
  TODAY            0.00          0.36 1980   0.01  -0.01     0.01
                                      1908
  MONTH TO DATE    T                         0.07  -0.07     0.05
  SINCE DEC 1      1.97                      1.09   0.88     1.62
  SINCE JAN 1      0.58                      0.57   0.01     0.34

SNOWFALL (IN)
  TODAY            0.0           4.2  1980   0.2   -0.2      0.1
  MONTH TO DATE    T                         1.0   -1.0      0.7
  SINCE DEC 1     17.0                      16.3    0.7     20.3
  SINCE JUL 1     21.7                      24.6   -2.9     25.9
  SNOW DEPTH       T

DEGREE DAYS
 HEATING
  TODAY           36                        46    -10       41
  MONTH TO DATE  183                       187     -4      164
  SINCE DEC 1   3178                      3102     76     2912
  SINCE JUL 1   4386                      4804   -418     4202

 COOLING
  TODAY            0                         0      0        0
  MONTH TO DATE    0                         0      0        0
  SINCE DEC 1      0                         0      0        0
  SINCE JAN 1      0                         0      0        0
..................................................................


WIND (MPH)
  HIGHEST WIND SPEED    25   HIGHEST WIND DIRECTION    NW (320)
  HIGHEST GUST SPEED    35   HIGHEST GUST DIRECTION    SE (150)
  AVERAGE WIND SPEED    16.4


SKY COVER
  POSSIBLE SUNSHINE  MM
  AVERAGE SKY COVER 0.1


WEATHER CONDITIONS
 THE FOLLOWING WEATHER WAS RECORDED TODAY.
  NO SIGNIFICANT WEATHER WAS OBSERVED.


RELATIVE HUMIDITY (PERCENT)
 HIGHEST    81           200 AM
 LOWEST     54           100 PM
 AVERAGE    68

..........................................................


THE HURON SD CLIMATE NORMALS FOR TOMORROW
                         NORMAL    RECORD    YEAR
 MAXIMUM TEMPERATURE (F)   29        60      1991
 MINIMUM TEMPERATURE (F)    8       -30      1936
                                             1899


SUNRISE AND SUNSET
FEBRUARY  4 2017......SUNRISE   747 AM CST   SUNSET   547 PM CST
FEBRUARY  5 2017......SUNRISE   746 AM CST   SUNSET   548 PM CST


-  INDICATES NEGATIVE NUMBERS.
R  INDICATES RECORD WAS SET OR TIED.
MM INDICATES DATA IS MISSING.
T  INDICATES TRACE AMOUNT.




$$
