054
CDUS43 KFSD 190640
CLIHON


CLIMATE REPORT
NATIONAL WEATHER SERVICE SIOUX FALLS SD
132 AM CDT WED APR 19 2017


...................................

...THE HURON SD CLIMATE SUMMARY FOR APRIL 18 2017...

CLIMATE NORMAL PERIOD 1981 TO 2010
CLIMATE RECORD PERIOD 1881 TO 2017


WEATHER ITEM   OBSERVED TIME   RECORD YEAR NORMAL DEPARTURE LAST
                VALUE   (LST)  VALUE       VALUE  FROM      YEAR
                                                  NORMAL
..................................................................
TEMPERATURE (F)
 YESTERDAY
  MAXIMUM         63    149 AM  91    1985  60      3       56
  MINIMUM         41   1145 PM  14    1988  35      6       37
  AVERAGE         52                        48      4       47

PRECIPITATION (IN)
  YESTERDAY        0.08          1.82 1995   0.08   0.00     0.63
  MONTH TO DATE    0.89                      1.29  -0.40     1.73
  SINCE MAR 1      1.66                      2.75  -1.09     2.80
  SINCE JAN 1      2.46                      3.85  -1.39     3.67

SNOWFALL (IN)
  YESTERDAY        0.0           3.3  2013   0.1   -0.1      0.0
  MONTH TO DATE    T                         3.0   -3.0       T
  SINCE MAR 1     13.9                      11.9    2.0      2.3
  SINCE JUL 1     35.9                      42.9   -7.0     33.0
  SNOW DEPTH       0

DEGREE DAYS
 HEATING
  YESTERDAY       13                        17     -4       18
  MONTH TO DATE  295                       381    -86      348
  SINCE MAR 1   1242                      1368   -126     1095
  SINCE JUL 1   6391                      7200   -809     6171

 COOLING
  YESTERDAY        0                         0      0        0
  MONTH TO DATE    0                         0      0        0
  SINCE MAR 1      0                         0      0        0
  SINCE JAN 1      0                         0      0        0
..................................................................


WIND (MPH)
  HIGHEST WIND SPEED    26   HIGHEST WIND DIRECTION     W (270)
  HIGHEST GUST SPEED    37   HIGHEST GUST DIRECTION    SW (240)
  AVERAGE WIND SPEED    14.7


SKY COVER
  POSSIBLE SUNSHINE  MM
  AVERAGE SKY COVER 0.5


WEATHER CONDITIONS
 THE FOLLOWING WEATHER WAS RECORDED YESTERDAY.
  THUNDERSTORM
  RAIN
  LIGHT RAIN
  FOG


RELATIVE HUMIDITY (PERCENT)
 HIGHEST    92           900 PM
 LOWEST     62          1200 AM
 AVERAGE    77

..........................................................


THE HURON SD CLIMATE NORMALS FOR TODAY
                         NORMAL    RECORD    YEAR
 MAXIMUM TEMPERATURE (F)   61        88      1923
 MINIMUM TEMPERATURE (F)   35        16      1928


SUNRISE AND SUNSET
APRIL 19 2017.........SUNRISE   642 AM CDT   SUNSET   823 PM CDT
APRIL 20 2017.........SUNRISE   640 AM CDT   SUNSET   824 PM CDT


-  INDICATES NEGATIVE NUMBERS.
R  INDICATES RECORD WAS SET OR TIED.
MM INDICATES DATA IS MISSING.
T  INDICATES TRACE AMOUNT.




$$
