000
CDUS43 KFSD 200625
CLIHON


CLIMATE REPORT
NATIONAL WEATHER SERVICE SIOUX FALLS SD
123 AM CDT WED MAY 20 2015


...................................

...THE HURON SD CLIMATE SUMMARY FOR MAY 19 2015...

CLIMATE NORMAL PERIOD 1981 TO 2010
CLIMATE RECORD PERIOD 1881 TO 2015


WEATHER ITEM   OBSERVED TIME   RECORD YEAR NORMAL DEPARTURE LAST
                VALUE   (LST)  VALUE       VALUE  FROM      YEAR
                                                  NORMAL
..................................................................
TEMPERATURE (F)
 YESTERDAY
  MAXIMUM         55    454 PM  99    1934  71    -16       82
  MINIMUM         38    552 AM  26    1895  47     -9       56
  AVERAGE         47                        59    -12       69

PRECIPITATION (IN)
  YESTERDAY        0.00          3.39 1990   0.11  -0.11     0.00
  MONTH TO DATE    4.45                      1.82   2.63     1.24
  SINCE MAR 1      5.21                      5.59  -0.38     3.12
  SINCE JAN 1      5.82                      6.69  -0.87     3.68

SNOWFALL (IN)
  YESTERDAY        0.0           0.0    MM   0.0    0.0      0.0
  MONTH TO DATE    0.0                       0.1   -0.1      0.0
  SINCE MAR 1      1.2                      13.0  -11.8      6.9
  SINCE JUL 1     22.8                      44.0  -21.2     28.6
  SNOW DEPTH       0

DEGREE DAYS
 HEATING
  YESTERDAY       18                         7     11        0
  MONTH TO DATE  180                       180      0      263
  SINCE MAR 1   1481                      1726   -245     1956
  SINCE JUL 1   7418                      7558   -140     8276

 COOLING
  YESTERDAY        0                         1     -1        4
  MONTH TO DATE    8                        16     -8        4
  SINCE MAR 1     10                        20    -10        4
  SINCE JAN 1     10                        20    -10        4
..................................................................


WIND (MPH)
  HIGHEST WIND SPEED    15   HIGHEST WIND DIRECTION    NE (40)
  HIGHEST GUST SPEED    21   HIGHEST GUST DIRECTION    NE (40)
  AVERAGE WIND SPEED     7.9


SKY COVER
  POSSIBLE SUNSHINE  MM
  AVERAGE SKY COVER 0.5


WEATHER CONDITIONS
 THE FOLLOWING WEATHER WAS RECORDED YESTERDAY.
  NO SIGNIFICANT WEATHER WAS OBSERVED.


RELATIVE HUMIDITY (PERCENT)
 HIGHEST    79          1200 AM
 LOWEST     38           500 PM
 AVERAGE    59

..........................................................


THE HURON SD CLIMATE NORMALS FOR TODAY
                         NORMAL    RECORD    YEAR
 MAXIMUM TEMPERATURE (F)   71        98      1934
 MINIMUM TEMPERATURE (F)   48        24      1895


SUNRISE AND SUNSET
MAY 20 2015...........SUNRISE   601 AM CDT   SUNSET   859 PM CDT
MAY 21 2015...........SUNRISE   600 AM CDT   SUNSET   900 PM CDT


-  INDICATES NEGATIVE NUMBERS.
R  INDICATES RECORD WAS SET OR TIED.
MM INDICATES DATA IS MISSING.
T  INDICATES TRACE AMOUNT.




$$
