000
CDUS43 KFSD 250647
CLIHON


CLIMATE REPORT
NATIONAL WEATHER SERVICE SIOUX FALLS SD
1245 AM CST SAT NOV 25 2017


...................................

...THE HURON SD CLIMATE SUMMARY FOR NOVEMBER 24 2017...

CLIMATE NORMAL PERIOD 1981 TO 2010
CLIMATE RECORD PERIOD 1881 TO 2017


WEATHER ITEM   OBSERVED TIME   RECORD YEAR NORMAL DEPARTURE LAST
                VALUE   (LST)  VALUE       VALUE  FROM      YEAR
                                                  NORMAL
..................................................................
TEMPERATURE (F)
 YESTERDAY
  MAXIMUM         58   1231 PM  70    1923  38     20       35
  MINIMUM         30   1159 PM -15    1985  18     12       27
  AVERAGE         44                        28     16       31

PRECIPITATION (IN)
  YESTERDAY        T             0.41 2001   0.02  -0.02     0.02
  MONTH TO DATE    0.08                      0.74  -0.66     0.42
  SINCE SEP 1      7.83                      4.99   2.84     2.76
  SINCE JAN 1     20.14                     22.25  -2.11    17.31

SNOWFALL (IN)
  YESTERDAY        0.0           6.9  1993   0.3   -0.3       T
  MONTH TO DATE    1.3                       5.5   -4.2      3.9
  SINCE SEP 1      1.3                       6.6   -5.3      3.9
  SINCE JUL 1      1.3                       6.6   -5.3      3.9
  SNOW DEPTH       0

DEGREE DAYS
 HEATING
  YESTERDAY       21                        37    -16       34
  MONTH TO DATE  777                       736     41      516
  SINCE SEP 1   1412                      1437    -25     1008
  SINCE JUL 1   1421                      1466    -45     1025

 COOLING
  YESTERDAY        0                         0      0        0
  MONTH TO DATE    0                         0      0        0
  SINCE SEP 1    110                        73     37       81
  SINCE JAN 1    730                       742    -12      887
..................................................................


WIND (MPH)
  HIGHEST WIND SPEED    35   HIGHEST WIND DIRECTION    NW (310)
  HIGHEST GUST SPEED    48   HIGHEST GUST DIRECTION    NW (300)
  AVERAGE WIND SPEED    11.8


SKY COVER
  POSSIBLE SUNSHINE  MM
  AVERAGE SKY COVER 0.2


WEATHER CONDITIONS
 THE FOLLOWING WEATHER WAS RECORDED YESTERDAY.
  LIGHT RAIN


RELATIVE HUMIDITY (PERCENT)
 HIGHEST    92           200 AM
 LOWEST     41           300 PM
 AVERAGE    67

..........................................................


THE HURON SD CLIMATE NORMALS FOR TODAY
                         NORMAL    RECORD    YEAR
 MAXIMUM TEMPERATURE (F)   37        68      1960
 MINIMUM TEMPERATURE (F)   17       -15      1977


SUNRISE AND SUNSET
NOVEMBER 25 2017......SUNRISE   742 AM CST   SUNSET   458 PM CST
NOVEMBER 26 2017......SUNRISE   743 AM CST   SUNSET   457 PM CST


-  INDICATES NEGATIVE NUMBERS.
R  INDICATES RECORD WAS SET OR TIED.
MM INDICATES DATA IS MISSING.
T  INDICATES TRACE AMOUNT.




$$
