000
CDUS43 KFSD 190641
CLIHON


CLIMATE REPORT
NATIONAL WEATHER SERVICE SIOUX FALLS SD
1240 AM CST THU FEB 19 2015


...................................

...THE HURON SD CLIMATE SUMMARY FOR FEBRUARY 18 2015...

CLIMATE NORMAL PERIOD 1981 TO 2010
CLIMATE RECORD PERIOD 1881 TO 2015


WEATHER ITEM   OBSERVED TIME   RECORD YEAR NORMAL DEPARTURE LAST
                VALUE   (LST)  VALUE       VALUE  FROM      YEAR
                                                  NORMAL
..................................................................
TEMPERATURE (F)
 YESTERDAY
  MAXIMUM         12    328 PM  70    1930  33    -21       46
  MINIMUM         -8    752 AM -25    1967  12    -20       22
  AVERAGE          2                        22    -20       34

PRECIPITATION (IN)
  YESTERDAY        0.00          0.61 1962   0.02  -0.02     0.00
  MONTH TO DATE    0.07                      0.35  -0.28     0.26
  SINCE DEC 1      1.12                      1.37  -0.25     1.42
  SINCE JAN 1      0.42                      0.85  -0.43     0.41

SNOWFALL (IN)
  YESTERDAY        0.0           6.6  1962   0.3   -0.3      0.0
  MONTH TO DATE    1.0                       4.5   -3.5      4.2
  SINCE DEC 1     10.7                      19.8   -9.1     17.7
  SINCE JUL 1     18.6                      28.1   -9.5     20.2
  SNOW DEPTH       0

DEGREE DAYS
 HEATING
  YESTERDAY       63                        43     20       31
  MONTH TO DATE  855                       811     44      941
  SINCE DEC 1   3555                      3726   -171     4181
  SINCE JUL 1   5412                      5428    -16     5818

 COOLING
  YESTERDAY        0                         0      0        0
  MONTH TO DATE    0                         0      0        0
  SINCE DEC 1      0                         0      0        0
  SINCE JAN 1      0                         0      0        0
..................................................................


WIND (MPH)
  HIGHEST WIND SPEED    20   HIGHEST WIND DIRECTION    NW (310)
  HIGHEST GUST SPEED    28   HIGHEST GUST DIRECTION    NW (320)
  AVERAGE WIND SPEED    10.8


SKY COVER
  POSSIBLE SUNSHINE  MM
  AVERAGE SKY COVER 0.1


WEATHER CONDITIONS
 THE FOLLOWING WEATHER WAS RECORDED YESTERDAY.
  NO SIGNIFICANT WEATHER WAS OBSERVED.


RELATIVE HUMIDITY (PERCENT)
 HIGHEST    83           800 AM
 LOWEST     41           300 PM
 AVERAGE    62

..........................................................


THE HURON SD CLIMATE NORMALS FOR TODAY
                         NORMAL    RECORD    YEAR
 MAXIMUM TEMPERATURE (F)   33        63      1996
 MINIMUM TEMPERATURE (F)   13       -30      1959


SUNRISE AND SUNSET
FEBRUARY 19 2015......SUNRISE   727 AM CST   SUNSET   607 PM CST
FEBRUARY 20 2015......SUNRISE   725 AM CST   SUNSET   609 PM CST


-  INDICATES NEGATIVE NUMBERS.
R  INDICATES RECORD WAS SET OR TIED.
MM INDICATES DATA IS MISSING.
T  INDICATES TRACE AMOUNT.




$$
