000
CDUS43 KFSD 010700
CLIHON


CLIMATE REPORT
NATIONAL WEATHER SERVICE SIOUX FALLS SD
200 AM CDT FRI AUG 1 2014


...................................

...THE HURON SD CLIMATE SUMMARY FOR JULY 31 2014...

CLIMATE NORMAL PERIOD 1981 TO 2010
CLIMATE RECORD PERIOD 1881 TO 2014


WEATHER ITEM   OBSERVED TIME   RECORD YEAR NORMAL DEPARTURE LAST
                VALUE   (LST)  VALUE       VALUE  FROM      YEAR
                                                  NORMAL
..................................................................
TEMPERATURE (F)
 YESTERDAY
  MAXIMUM         84    443 PM 106    1988  86     -2       83
  MINIMUM         57    557 AM  46    1971  62     -5       56
                                      1903
  AVERAGE         71                        74     -3       70

PRECIPITATION (IN)
  YESTERDAY        T             2.93 1917   0.11  -0.11     0.00
  MONTH TO DATE    3.67                      2.92   0.75     1.93
  SINCE JUN 1      6.04                      6.85  -0.81     5.39
  SINCE JAN 1     10.53                     14.83  -4.30    15.98

SNOWFALL (IN)
  YESTERDAY        0.0           0.0    MM   0.0    0.0      0.0
  MONTH TO DATE    0.0                       0.0    0.0      0.0
  SINCE JUN 1      0.0                       0.0    0.0      0.0
  SINCE JUL 1      0.0                       0.0    0.0      0.0
  SNOW DEPTH       0

DEGREE DAYS
 HEATING
  YESTERDAY        0                         0      0        0
  MONTH TO DATE   23                         0     23       21
  SINCE JUN 1     63                        59      4       87
  SINCE JUL 1     23                         8     15       21

 COOLING
  YESTERDAY        6                         9     -3        5
  MONTH TO DATE  177                       277   -100      255
  SINCE JUN 1    280                       410   -130      390
  SINCE JAN 1    342                       443   -101      428
..................................................................


WIND (MPH)
  HIGHEST WIND SPEED    12   HIGHEST WIND DIRECTION     N (350)
  HIGHEST GUST SPEED    14   HIGHEST GUST DIRECTION    NW (320)
  AVERAGE WIND SPEED     3.5


SKY COVER
  POSSIBLE SUNSHINE  MM
  AVERAGE SKY COVER 0.3


WEATHER CONDITIONS
 THE FOLLOWING WEATHER WAS RECORDED YESTERDAY.
  NO SIGNIFICANT WEATHER WAS OBSERVED.


RELATIVE HUMIDITY (PERCENT)
 HIGHEST    93           400 AM
 LOWEST     34           300 PM
 AVERAGE    64

..........................................................


THE HURON SD CLIMATE NORMALS FOR TODAY
                         NORMAL    RECORD    YEAR
 MAXIMUM TEMPERATURE (F)   86       108      1901
 MINIMUM TEMPERATURE (F)   61        46      1948


SUNRISE AND SUNSET
AUGUST  1 2014........SUNRISE   620 AM CDT   SUNSET   858 PM CDT
AUGUST  2 2014........SUNRISE   621 AM CDT   SUNSET   856 PM CDT


-  INDICATES NEGATIVE NUMBERS.
R  INDICATES RECORD WAS SET OR TIED.
MM INDICATES DATA IS MISSING.
T  INDICATES TRACE AMOUNT.




$$
