565
CDUS43 KFSD 262231
CLIHON


CLIMATE REPORT
NATIONAL WEATHER SERVICE SIOUX FALLS SD
430 PM CST SUN FEB 26 2017


...................................

...THE HURON SD CLIMATE SUMMARY FOR FEBRUARY 26 2017...
VALID TODAY AS OF 0400 PM LOCAL TIME.

CLIMATE NORMAL PERIOD 1981 TO 2010
CLIMATE RECORD PERIOD 1881 TO 2017


WEATHER ITEM   OBSERVED TIME   RECORD YEAR NORMAL DEPARTURE LAST
                VALUE   (LST)  VALUE       VALUE  FROM      YEAR
                                                  NORMAL
..................................................................
TEMPERATURE (F)
 TODAY
  MAXIMUM         46    352 PM  68    1896  36     10       53
  MINIMUM         19    643 AM -28    1962  16      3       22
  AVERAGE         33                        26      7       38

PRECIPITATION (IN)
  TODAY            0.00          0.29 2009   0.02  -0.02     0.00
  MONTH TO DATE    0.15                      0.54  -0.39     0.27
  SINCE DEC 1      2.12                      1.56   0.56     1.84
  SINCE JAN 1      0.73                      1.04  -0.31     0.56

SNOWFALL (IN)
  TODAY            0.0           5.2  1996   0.3   -0.3      0.0
  MONTH TO DATE    T                         6.8   -6.8      2.0
  SINCE DEC 1     17.0                      22.1   -5.1     21.6
  SINCE JUL 1     21.7                      30.4   -8.7     27.2
  SNOW DEPTH       0

DEGREE DAYS
 HEATING
  TODAY           32                        39     -7       27
  MONTH TO DATE  880                      1137   -257      960
  SINCE DEC 1   3875                      4052   -177     3708
  SINCE JUL 1   5083                      5754   -671     4998

 COOLING
  TODAY            0                         0      0        0
  MONTH TO DATE    0                         0      0        0
  SINCE DEC 1      0                         0      0        0
  SINCE JAN 1      0                         0      0        0
..................................................................


WIND (MPH)
  HIGHEST WIND SPEED    20   HIGHEST WIND DIRECTION     W (260)
  HIGHEST GUST SPEED    24   HIGHEST GUST DIRECTION     W (270)
  AVERAGE WIND SPEED     7.0


SKY COVER
  POSSIBLE SUNSHINE  MM
  AVERAGE SKY COVER 0.3


WEATHER CONDITIONS
 THE FOLLOWING WEATHER WAS RECORDED TODAY.
  NO SIGNIFICANT WEATHER WAS OBSERVED.


RELATIVE HUMIDITY (PERCENT)
 HIGHEST   100          1200 AM
 LOWEST     31           400 PM
 AVERAGE    66

..........................................................


THE HURON SD CLIMATE NORMALS FOR TOMORROW
                         NORMAL    RECORD    YEAR
 MAXIMUM TEMPERATURE (F)   36        70      2016
 MINIMUM TEMPERATURE (F)   16       -36      1962


SUNRISE AND SUNSET
FEBRUARY 26 2017......SUNRISE   715 AM CST   SUNSET   617 PM CST
FEBRUARY 27 2017......SUNRISE   713 AM CST   SUNSET   619 PM CST


-  INDICATES NEGATIVE NUMBERS.
R  INDICATES RECORD WAS SET OR TIED.
MM INDICATES DATA IS MISSING.
T  INDICATES TRACE AMOUNT.




$$
