000
CDUS43 KFSD 200654
CLIHON


CLIMATE REPORT
NATIONAL WEATHER SERVICE SIOUX FALLS SD
154 AM CDT MON JUL 20 2015


...................................

...THE HURON SD CLIMATE SUMMARY FOR JULY 19 2015...

CLIMATE NORMAL PERIOD 1981 TO 2010
CLIMATE RECORD PERIOD 1881 TO 2015


WEATHER ITEM   OBSERVED TIME   RECORD YEAR NORMAL DEPARTURE LAST
                VALUE   (LST)  VALUE       VALUE  FROM      YEAR
                                                  NORMAL
..................................................................
TEMPERATURE (F)
 YESTERDAY
  MAXIMUM         90    437 PM 106    1934  87      3       82
  MINIMUM         60    452 AM  47    1971  62     -2       63
  AVERAGE         75                        74      1       73

PRECIPITATION (IN)
  YESTERDAY        0.00          1.73 1972   0.09  -0.09     0.00
  MONTH TO DATE    1.35                      1.68  -0.33     3.45
  SINCE JUN 1      5.95                      5.61   0.34     5.82
  SINCE JAN 1     11.89                     13.59  -1.70    10.31

SNOWFALL (IN)
  YESTERDAY        0.0           0.0    MM   0.0    0.0      0.0
  MONTH TO DATE    0.0                       0.0    0.0      0.0
  SINCE JUN 1      T                         0.0    0.0      0.0
  SINCE JUL 1      0.0                       0.0    0.0      0.0
  SNOW DEPTH       0

DEGREE DAYS
 HEATING
  YESTERDAY        0                         0      0        0
  MONTH TO DATE    4                         0      4       16
  SINCE JUN 1     15                        51    -36       56
  SINCE JUL 1      4                         0      4       16

 COOLING
  YESTERDAY       10                         9      1        8
  MONTH TO DATE  168                       165      3      106
  SINCE JUN 1    318                       298     20      209
  SINCE JAN 1    338                       331      7      271
..................................................................


WIND (MPH)
  HIGHEST WIND SPEED    17   HIGHEST WIND DIRECTION    SW (210)
  HIGHEST GUST SPEED    23   HIGHEST GUST DIRECTION     W (270)
  AVERAGE WIND SPEED     7.5


SKY COVER
  POSSIBLE SUNSHINE  MM
  AVERAGE SKY COVER 0.0


WEATHER CONDITIONS
 THE FOLLOWING WEATHER WAS RECORDED YESTERDAY.
  NO SIGNIFICANT WEATHER WAS OBSERVED.


RELATIVE HUMIDITY (PERCENT)
 HIGHEST    78          1200 AM
 LOWEST     31           100 PM
 AVERAGE    55

..........................................................


THE HURON SD CLIMATE NORMALS FOR TODAY
                         NORMAL    RECORD    YEAR
 MAXIMUM TEMPERATURE (F)   87       111      1934
 MINIMUM TEMPERATURE (F)   62        46      1970


SUNRISE AND SUNSET
JULY 20 2015..........SUNRISE   607 AM CDT   SUNSET   911 PM CDT
JULY 21 2015..........SUNRISE   608 AM CDT   SUNSET   910 PM CDT


-  INDICATES NEGATIVE NUMBERS.
R  INDICATES RECORD WAS SET OR TIED.
MM INDICATES DATA IS MISSING.
T  INDICATES TRACE AMOUNT.




$$
