000
CDUS43 KFSD 030630
CLIHON


CLIMATE REPORT
NATIONAL WEATHER SERVICE SIOUX FALLS SD
1227 AM CST WED JAN 3 2018


...................................

...THE HURON SD CLIMATE SUMMARY FOR JANUARY 2 2018...

CLIMATE NORMAL PERIOD 1981 TO 2010
CLIMATE RECORD PERIOD 1881 TO 2018


WEATHER ITEM   OBSERVED TIME   RECORD YEAR NORMAL DEPARTURE LAST
                VALUE   (LST)  VALUE       VALUE  FROM      YEAR
                                                  NORMAL
..................................................................
TEMPERATURE (F)
 YESTERDAY
  MAXIMUM         MM        MM  57    1998  26     MM       31
  MINIMUM         MM        MM -34    1887   7     MM        9
  AVERAGE         MM                        16     MM       20

PRECIPITATION (IN)
  YESTERDAY        0.01          0.48 1975   0.01   0.00     0.03
  MONTH TO DATE    0.01                      0.03  -0.02     0.07
  SINCE DEC 1      0.51                      0.55  -0.04     1.46
  SINCE JAN 1      0.01                      0.03  -0.02     0.07

SNOWFALL (IN)
  YESTERDAY        T             4.2  1975   0.2   -0.2      0.5
  MONTH TO DATE    T                         0.5   -0.5      0.8
  SINCE DEC 1      6.9                       8.5   -1.6     10.8
  SINCE JUL 1      8.2                      16.8   -8.6     15.5
  SNOW DEPTH       4

DEGREE DAYS
 HEATING
  YESTERDAY       MM                        48     MM       45
  MONTH TO DATE   83                        96    -13       91
  SINCE DEC 1   1446                      1514    -68     1590
  SINCE JUL 1   3011                      3216   -205     2798

 COOLING
  YESTERDAY       MM                         0     MM        0
  MONTH TO DATE    0                         0      0        0
  SINCE DEC 1      0                         0      0        0
  SINCE JAN 1      0                         0      0        0
..................................................................


WIND (MPH)
  HIGHEST WIND SPEED    22   HIGHEST WIND DIRECTION     N (340)
  HIGHEST GUST SPEED    31   HIGHEST GUST DIRECTION     N (360)
  AVERAGE WIND SPEED     9.0


SKY COVER
  POSSIBLE SUNSHINE  MM
  AVERAGE SKY COVER 0.3


WEATHER CONDITIONS
 THE FOLLOWING WEATHER WAS RECORDED YESTERDAY.
  LIGHT SNOW


RELATIVE HUMIDITY (PERCENT)
 HIGHEST    86          1200 AM
 LOWEST     33          1000 AM
 AVERAGE    60

..........................................................


THE HURON SD CLIMATE NORMALS FOR TODAY
                         NORMAL    RECORD    YEAR
 MAXIMUM TEMPERATURE (F)   26        59      1962
 MINIMUM TEMPERATURE (F)    7       -29      1911


SUNRISE AND SUNSET
JANUARY  3 2018.......SUNRISE   809 AM CST   SUNSET   506 PM CST
JANUARY  4 2018.......SUNRISE   809 AM CST   SUNSET   507 PM CST


-  INDICATES NEGATIVE NUMBERS.
R  INDICATES RECORD WAS SET OR TIED.
MM INDICATES DATA IS MISSING.
T  INDICATES TRACE AMOUNT.




$$
