000
CDUS43 KFSD 190623
CLIHON


CLIMATE REPORT
NATIONAL WEATHER SERVICE SIOUX FALLS SD
123 AM CDT WED AUG 19 2015


...................................

...THE HURON SD CLIMATE SUMMARY FOR AUGUST 18 2015...

CLIMATE NORMAL PERIOD 1981 TO 2010
CLIMATE RECORD PERIOD 1881 TO 2015


WEATHER ITEM   OBSERVED TIME   RECORD YEAR NORMAL DEPARTURE LAST
                VALUE   (LST)  VALUE       VALUE  FROM      YEAR
                                                  NORMAL
..................................................................
TEMPERATURE (F)
 YESTERDAY
  MAXIMUM         59   1256 AM 102    1976  84    -25       87
                                      1959
  MINIMUM         51   1159 PM  42    2002  59     -8       57
  AVERAGE         55                        72    -17       72

PRECIPITATION (IN)
  YESTERDAY        2.97R         2.09 1904   0.06   2.91     0.00
  MONTH TO DATE    4.79                      1.53   3.26     0.69
  SINCE JUN 1     13.00                      8.38   4.62     6.73
  SINCE JAN 1     18.94                     16.36   2.58    11.22

SNOWFALL (IN)
  YESTERDAY        0.0           0.0    MM   0.0    0.0      0.0
  MONTH TO DATE    0.0                       0.0    0.0      0.0
  SINCE JUN 1      T                         0.0    0.0      0.0
  SINCE JUL 1      0.0                       0.0    0.0      0.0
  SNOW DEPTH       0

DEGREE DAYS
 HEATING
  YESTERDAY       10                         1      9        0
  MONTH TO DATE   12                         2     10        1
  SINCE JUN 1     27                        61    -34       64
  SINCE JUL 1     16                        10      6       24

 COOLING
  YESTERDAY        0                         7     -7        7
  MONTH TO DATE  153                       147      6      104
  SINCE JUN 1    585                       557     28      384
  SINCE JAN 1    605                       590     15      446
..................................................................


WIND (MPH)
  HIGHEST WIND SPEED    32   HIGHEST WIND DIRECTION     N (20)
  HIGHEST GUST SPEED    44   HIGHEST GUST DIRECTION    NE (30)
  AVERAGE WIND SPEED    19.8


SKY COVER
  POSSIBLE SUNSHINE  MM
  AVERAGE SKY COVER 0.9


WEATHER CONDITIONS
 THE FOLLOWING WEATHER WAS RECORDED YESTERDAY.
  THUNDERSTORM
  HEAVY RAIN
  RAIN
  LIGHT RAIN
  FOG


RELATIVE HUMIDITY (PERCENT)
 HIGHEST   100          1200 AM
 LOWEST     89           300 PM
 AVERAGE    95

..........................................................


THE HURON SD CLIMATE NORMALS FOR TODAY
                         NORMAL    RECORD    YEAR
 MAXIMUM TEMPERATURE (F)   84       102      1976
 MINIMUM TEMPERATURE (F)   59        40      1967
                                             1890


SUNRISE AND SUNSET
AUGUST 19 2015........SUNRISE   640 AM CDT   SUNSET   832 PM CDT
AUGUST 20 2015........SUNRISE   641 AM CDT   SUNSET   830 PM CDT


-  INDICATES NEGATIVE NUMBERS.
R  INDICATES RECORD WAS SET OR TIED.
MM INDICATES DATA IS MISSING.
T  INDICATES TRACE AMOUNT.




$$
