000
CDUS43 KFSD 060628
CLIHON


CLIMATE REPORT
NATIONAL WEATHER SERVICE SIOUX FALLS SD
127 AM CDT WED JUL 6 2016


...................................

...THE HURON SD CLIMATE SUMMARY FOR JULY 5 2016...

CLIMATE NORMAL PERIOD 1981 TO 2010
CLIMATE RECORD PERIOD 1881 TO 2016


WEATHER ITEM   OBSERVED TIME   RECORD YEAR NORMAL DEPARTURE LAST
                VALUE   (LST)  VALUE       VALUE  FROM      YEAR
                                                  NORMAL
..................................................................
TEMPERATURE (F)
 YESTERDAY
  MAXIMUM         92    129 PM 108    1936  85      7       90
  MINIMUM         65   1159 PM  40    1972  61      4       68
  AVERAGE         79                        73      6       79

PRECIPITATION (IN)
  YESTERDAY        0.18          1.70 1908   0.08   0.10     0.19
  MONTH TO DATE    0.18                      0.42  -0.24     0.63
  SINCE JUN 1      2.09                      4.35  -2.26     5.23
  SINCE JAN 1     10.90                     12.33  -1.43    11.17

SNOWFALL (IN)
  YESTERDAY        0.0           0.0    MM   0.0    0.0      0.0
  MONTH TO DATE    0.0                       0.0    0.0      0.0
  SINCE JUN 1      0.0                       0.0    0.0       T
  SINCE JUL 1      0.0                       0.0    0.0      0.0
  SNOW DEPTH       0

DEGREE DAYS
 HEATING
  YESTERDAY        0                         0      0        0
  MONTH TO DATE    6                         0      6        0
  SINCE JUN 1     23                        51    -28       11
  SINCE JUL 1      6                         0      6        0

 COOLING
  YESTERDAY       14                         8      6       14
  MONTH TO DATE   33                        40     -7       36
  SINCE JUN 1    261                       173     88      186
  SINCE JAN 1    292                       206     86      206
..................................................................


WIND (MPH)
  HIGHEST WIND SPEED    29   HIGHEST WIND DIRECTION    NW (320)
  HIGHEST GUST SPEED    36   HIGHEST GUST DIRECTION    NW (320)
  AVERAGE WIND SPEED     9.6


SKY COVER
  POSSIBLE SUNSHINE  MM
  AVERAGE SKY COVER 0.2


WEATHER CONDITIONS
 THE FOLLOWING WEATHER WAS RECORDED YESTERDAY.
  THUNDERSTORM
  HEAVY RAIN
  RAIN
  LIGHT RAIN
  FOG


RELATIVE HUMIDITY (PERCENT)
 HIGHEST    90           500 AM
 LOWEST     52           100 PM
 AVERAGE    71

..........................................................


THE HURON SD CLIMATE NORMALS FOR TODAY
                         NORMAL    RECORD    YEAR
 MAXIMUM TEMPERATURE (F)   85       109      1937
 MINIMUM TEMPERATURE (F)   61        44      1960


SUNRISE AND SUNSET
JULY  6 2016..........SUNRISE   556 AM CDT   SUNSET   919 PM CDT
JULY  7 2016..........SUNRISE   557 AM CDT   SUNSET   919 PM CDT


-  INDICATES NEGATIVE NUMBERS.
R  INDICATES RECORD WAS SET OR TIED.
MM INDICATES DATA IS MISSING.
T  INDICATES TRACE AMOUNT.




$$
