000
CDUS43 KFSD 220644
CLIHON


CLIMATE REPORT
NATIONAL WEATHER SERVICE SIOUX FALLS SD
142 AM CDT WED JUL 22 2015


...................................

...THE HURON SD CLIMATE SUMMARY FOR JULY 21 2015...

CLIMATE NORMAL PERIOD 1981 TO 2010
CLIMATE RECORD PERIOD 1881 TO 2015


WEATHER ITEM   OBSERVED TIME   RECORD YEAR NORMAL DEPARTURE LAST
                VALUE   (LST)  VALUE       VALUE  FROM      YEAR
                                                  NORMAL
..................................................................
TEMPERATURE (F)
 YESTERDAY
  MAXIMUM         83    403 PM 110    1934  87     -4       92
  MINIMUM         55    539 AM  43    1947  62     -7       70
  AVERAGE         69                        74     -5       81

PRECIPITATION (IN)
  YESTERDAY        T             1.55 2010   0.10  -0.10     0.00
  MONTH TO DATE    1.73                      1.88  -0.15     3.45
  SINCE JUN 1      6.33                      5.81   0.52     5.82
  SINCE JAN 1     12.27                     13.79  -1.52    10.31

SNOWFALL (IN)
  YESTERDAY        0.0           0.0    MM   0.0    0.0      0.0
  MONTH TO DATE    0.0                       0.0    0.0      0.0
  SINCE JUN 1      T                         0.0    0.0      0.0
  SINCE JUL 1      0.0                       0.0    0.0      0.0
  SNOW DEPTH       0

DEGREE DAYS
 HEATING
  YESTERDAY        0                         0      0        0
  MONTH TO DATE    4                         0      4       16
  SINCE JUN 1     15                        51    -36       56
  SINCE JUL 1      4                         0      4       16

 COOLING
  YESTERDAY        4                         9     -5       16
  MONTH TO DATE  179                       183     -4      134
  SINCE JUN 1    329                       316     13      237
  SINCE JAN 1    349                       349      0      299
..................................................................


WIND (MPH)
  HIGHEST WIND SPEED    23   HIGHEST WIND DIRECTION     W (280)
  HIGHEST GUST SPEED    27   HIGHEST GUST DIRECTION     W (270)
  AVERAGE WIND SPEED     6.7


SKY COVER
  POSSIBLE SUNSHINE  MM
  AVERAGE SKY COVER 0.2


WEATHER CONDITIONS
 THE FOLLOWING WEATHER WAS RECORDED YESTERDAY.
  THUNDERSTORM
  LIGHT RAIN


RELATIVE HUMIDITY (PERCENT)
 HIGHEST    93           500 AM
 LOWEST     39           200 PM
 AVERAGE    66

..........................................................


THE HURON SD CLIMATE NORMALS FOR TODAY
                         NORMAL    RECORD    YEAR
 MAXIMUM TEMPERATURE (F)   87       109      1936
 MINIMUM TEMPERATURE (F)   62        46      1904


SUNRISE AND SUNSET
JULY 22 2015..........SUNRISE   609 AM CDT   SUNSET   909 PM CDT
JULY 23 2015..........SUNRISE   610 AM CDT   SUNSET   908 PM CDT


-  INDICATES NEGATIVE NUMBERS.
R  INDICATES RECORD WAS SET OR TIED.
MM INDICATES DATA IS MISSING.
T  INDICATES TRACE AMOUNT.




$$
