000
CDUS43 KFSD 022224
CLIHON


CLIMATE REPORT
NATIONAL WEATHER SERVICE SIOUX FALLS SD
523 PM CDT THU NOV 2 2017


...................................

...THE HURON SD CLIMATE SUMMARY FOR NOVEMBER 2 2017...
VALID TODAY AS OF 0500 PM LOCAL TIME.

CLIMATE NORMAL PERIOD 1981 TO 2010
CLIMATE RECORD PERIOD 1881 TO 2017


WEATHER ITEM   OBSERVED TIME   RECORD YEAR NORMAL DEPARTURE LAST
                VALUE   (LST)  VALUE       VALUE  FROM      YEAR
                                                  NORMAL
..................................................................
TEMPERATURE (F)
 TODAY
  MAXIMUM         41   1234 PM  74    1965  52    -11       66
                                      1964
  MINIMUM         33    302 AM   0    1911  29      4       40
  AVERAGE         37                        40     -3       53

PRECIPITATION (IN)
  TODAY            0.00          1.34 1972   0.03  -0.03      T
  MONTH TO DATE    T                         0.07  -0.07      T
  SINCE SEP 1      7.75                      4.32   3.43     2.34
  SINCE JAN 1     20.06                     21.58  -1.52    16.89

SNOWFALL (IN)
  TODAY            0.0           5.3  1936   0.2   -0.2      0.0
  MONTH TO DATE    T                         0.3   -0.3      0.0
  SINCE SEP 1      T                         1.4   -1.4      0.0
  SINCE JUL 1      T                         1.4   -1.4      0.0
  SNOW DEPTH       0

DEGREE DAYS
 HEATING
  TODAY           28                        25      3       12
  MONTH TO DATE   54                        49      5       27
  SINCE SEP 1    689                       750    -61      519
  SINCE JUL 1    698                       779    -81      536

 COOLING
  TODAY            0                         0      0        0
  MONTH TO DATE    0                         0      0        0
  SINCE SEP 1    110                        73     37       81
  SINCE JAN 1    730                       742    -12      887
..................................................................


WIND (MPH)
  HIGHEST WIND SPEED    20   HIGHEST WIND DIRECTION     N (360)
  HIGHEST GUST SPEED    24   HIGHEST GUST DIRECTION     N (360)
  AVERAGE WIND SPEED     8.9


SKY COVER
  POSSIBLE SUNSHINE  MM
  AVERAGE SKY COVER 0.8


WEATHER CONDITIONS
 THE FOLLOWING WEATHER WAS RECORDED TODAY.
  NO SIGNIFICANT WEATHER WAS OBSERVED.


RELATIVE HUMIDITY (PERCENT)
 HIGHEST    96           300 AM
 LOWEST     64           100 PM
 AVERAGE    80

..........................................................


THE HURON SD CLIMATE NORMALS FOR TOMORROW
                         NORMAL    RECORD    YEAR
 MAXIMUM TEMPERATURE (F)   51        76      1978
 MINIMUM TEMPERATURE (F)   28         1      1991


SUNRISE AND SUNSET
NOVEMBER  2 2017......SUNRISE   812 AM CDT   SUNSET   620 PM CDT
NOVEMBER  3 2017......SUNRISE   813 AM CDT   SUNSET   619 PM CDT


-  INDICATES NEGATIVE NUMBERS.
R  INDICATES RECORD WAS SET OR TIED.
MM INDICATES DATA IS MISSING.
T  INDICATES TRACE AMOUNT.




$$
