000
CDUS43 KFSD 042226
CLIHON


CLIMATE REPORT
NATIONAL WEATHER SERVICE SIOUX FALLS SD
425 PM CST SUN FEB 4 2018


...................................

...THE HURON SD CLIMATE SUMMARY FOR FEBRUARY 4 2018...
VALID TODAY AS OF 0400 PM LOCAL TIME.

CLIMATE NORMAL PERIOD 1981 TO 2010
CLIMATE RECORD PERIOD 1881 TO 2018


WEATHER ITEM   OBSERVED TIME   RECORD YEAR NORMAL DEPARTURE LAST
                VALUE   (LST)  VALUE       VALUE  FROM      YEAR
                                                  NORMAL
..................................................................
TEMPERATURE (F)
 TODAY
  MAXIMUM          7    359 PM  63    2005  29    -22       37
  MINIMUM         -6    757 AM -32    1883   8    -14       13
  AVERAGE          1                        18    -17       25

PRECIPITATION (IN)
  TODAY            T             0.36 1980   0.01  -0.01      T
                                      1908
  MONTH TO DATE    0.01                      0.07  -0.06      T
  SINCE DEC 1      0.89                      1.09  -0.20     1.97
  SINCE JAN 1      0.39                      0.57  -0.18     0.58

SNOWFALL (IN)
  TODAY            T             4.2  1980   0.2   -0.2       T
  MONTH TO DATE    T                         1.0   -1.0       T
  SINCE DEC 1     13.0                      16.3   -3.3     17.0
  SINCE JUL 1     14.3                      24.6  -10.3     21.7
  SNOW DEPTH       T

DEGREE DAYS
 HEATING
  TODAY           64                        46     18       40
  MONTH TO DATE  223                       187     36      187
  SINCE DEC 1   3089                      3102    -13     3182
  SINCE JUL 1   4654                      4804   -150     4390

 COOLING
  TODAY            0                         0      0        0
  MONTH TO DATE    0                         0      0        0
  SINCE DEC 1      0                         0      0        0
  SINCE JAN 1      0                         0      0        0
..................................................................


WIND (MPH)
  HIGHEST WIND SPEED    25   HIGHEST WIND DIRECTION     N (350)
  HIGHEST GUST SPEED    32   HIGHEST GUST DIRECTION     N (350)
  AVERAGE WIND SPEED    14.0


SKY COVER
  POSSIBLE SUNSHINE  MM
  AVERAGE SKY COVER 0.4


WEATHER CONDITIONS
 THE FOLLOWING WEATHER WAS RECORDED TODAY.
  LIGHT SNOW
  FOG
  HAZE


RELATIVE HUMIDITY (PERCENT)
 HIGHEST    82           700 AM
 LOWEST     55           200 PM
 AVERAGE    69

..........................................................


THE HURON SD CLIMATE NORMALS FOR TOMORROW
                         NORMAL    RECORD    YEAR
 MAXIMUM TEMPERATURE (F)   29        60      1991
 MINIMUM TEMPERATURE (F)    8       -30      1936
                                             1899


SUNRISE AND SUNSET
FEBRUARY  4 2018......SUNRISE   747 AM CST   SUNSET   547 PM CST
FEBRUARY  5 2018......SUNRISE   746 AM CST   SUNSET   548 PM CST


-  INDICATES NEGATIVE NUMBERS.
R  INDICATES RECORD WAS SET OR TIED.
MM INDICATES DATA IS MISSING.
T  INDICATES TRACE AMOUNT.




$$
