040
CDUS43 KFSD 160713
CLIHON


CLIMATE REPORT
NATIONAL WEATHER SERVICE SIOUX FALLS SD
212 AM CDT SAT SEP 16 2017


...................................

...THE HURON SD CLIMATE SUMMARY FOR SEPTEMBER 15 2017...

CLIMATE NORMAL PERIOD 1981 TO 2010
CLIMATE RECORD PERIOD 1881 TO 2017


WEATHER ITEM   OBSERVED TIME   RECORD YEAR NORMAL DEPARTURE LAST
                VALUE   (LST)  VALUE       VALUE  FROM      YEAR
                                                  NORMAL
..................................................................
TEMPERATURE (F)
 YESTERDAY
  MAXIMUM         82    130 PM 101    1955  75      7       74
  MINIMUM         56   1159 PM  28    1916  49      7       60
  AVERAGE         69                        62      7       67

PRECIPITATION (IN)
  YESTERDAY        0.01          1.35 1997   0.09  -0.08     0.19
  MONTH TO DATE    0.13                      1.32  -1.19     1.19
  SINCE SEP 1      0.13                      1.32  -1.19     1.19
  SINCE JAN 1     12.44                     18.58  -6.14    15.74

SNOWFALL (IN)
  YESTERDAY        0.0           0.0    MM   0.0    0.0      0.0
  MONTH TO DATE    0.0                       0.0    0.0      0.0
  SINCE SEP 1      0.0                       0.0    0.0      0.0
  SINCE JUL 1      0.0                       0.0    0.0      0.0
  SNOW DEPTH       0

DEGREE DAYS
 HEATING
  YESTERDAY        0                         5     -5        0
  MONTH TO DATE   24                        49    -25       40
  SINCE SEP 1     24                        49    -25       40
  SINCE JUL 1     33                        78    -45       57

 COOLING
  YESTERDAY        4                         2      2        2
  MONTH TO DATE   87                        53     34       43
  SINCE SEP 1     87                        53     34       43
  SINCE JAN 1    707                       722    -15      849
..................................................................


WIND (MPH)
  HIGHEST WIND SPEED    28   HIGHEST WIND DIRECTION     N (20)
  HIGHEST GUST SPEED    34   HIGHEST GUST DIRECTION     N (20)
  AVERAGE WIND SPEED    11.8


SKY COVER
  POSSIBLE SUNSHINE  MM
  AVERAGE SKY COVER 0.9


WEATHER CONDITIONS
 THE FOLLOWING WEATHER WAS RECORDED YESTERDAY.
  LIGHT RAIN
  FOG


RELATIVE HUMIDITY (PERCENT)
 HIGHEST   100           400 AM
 LOWEST     62           200 PM
 AVERAGE    81

..........................................................


THE HURON SD CLIMATE NORMALS FOR TODAY
                         NORMAL    RECORD    YEAR
 MAXIMUM TEMPERATURE (F)   75        97      1925
 MINIMUM TEMPERATURE (F)   49        25      1903


SUNRISE AND SUNSET
SEPTEMBER 16 2017.....SUNRISE   713 AM CDT   SUNSET   741 PM CDT
SEPTEMBER 17 2017.....SUNRISE   714 AM CDT   SUNSET   739 PM CDT


-  INDICATES NEGATIVE NUMBERS.
R  INDICATES RECORD WAS SET OR TIED.
MM INDICATES DATA IS MISSING.
T  INDICATES TRACE AMOUNT.




$$
