000
CDUS43 KFSD 050701
CLIHON


CLIMATE REPORT
NATIONAL WEATHER SERVICE SIOUX FALLS SD
200 AM CDT TUE JUL 5 2016


...................................

...THE HURON SD CLIMATE SUMMARY FOR JULY 4 2016...

CLIMATE NORMAL PERIOD 1981 TO 2010
CLIMATE RECORD PERIOD 1881 TO 2016


WEATHER ITEM   OBSERVED TIME   RECORD YEAR NORMAL DEPARTURE LAST
                VALUE   (LST)  VALUE       VALUE  FROM      YEAR
                                                  NORMAL
..................................................................
TEMPERATURE (F)
 YESTERDAY
  MAXIMUM         96    422 PM 108    1936  85     11       85
  MINIMUM         64    244 AM  41    1972  61      3       62
                                      1967
  AVERAGE         80                        73      7       74

PRECIPITATION (IN)
  YESTERDAY        0.00          2.62 1893   0.09  -0.09     0.00
  MONTH TO DATE    0.00                      0.34  -0.34     0.44
  SINCE JUN 1      1.91                      4.27  -2.36     5.04
  SINCE JAN 1     10.72                     12.25  -1.53    10.98

SNOWFALL (IN)
  YESTERDAY        0.0           0.0    MM   0.0    0.0      0.0
  MONTH TO DATE    0.0                       0.0    0.0      0.0
  SINCE JUN 1      0.0                       0.0    0.0       T
  SINCE JUL 1      0.0                       0.0    0.0      0.0
  SNOW DEPTH       0

DEGREE DAYS
 HEATING
  YESTERDAY        0                         0      0        0
  MONTH TO DATE    6                         0      6        0
  SINCE JUN 1     23                        51    -28       11
  SINCE JUL 1      6                         0      6        0

 COOLING
  YESTERDAY       15                         8      7        9
  MONTH TO DATE   19                        32    -13       22
  SINCE JUN 1    247                       165     82      172
  SINCE JAN 1    278                       198     80      192
..................................................................


WIND (MPH)
  HIGHEST WIND SPEED    18   HIGHEST WIND DIRECTION     S (170)
  HIGHEST GUST SPEED    24   HIGHEST GUST DIRECTION     S (160)
  AVERAGE WIND SPEED    10.2


SKY COVER
  POSSIBLE SUNSHINE  MM
  AVERAGE SKY COVER 0.1


WEATHER CONDITIONS
 THE FOLLOWING WEATHER WAS RECORDED YESTERDAY.
  NO SIGNIFICANT WEATHER WAS OBSERVED.


RELATIVE HUMIDITY (PERCENT)
 HIGHEST    87           100 AM
 LOWEST     25           400 PM
 AVERAGE    56

..........................................................


THE HURON SD CLIMATE NORMALS FOR TODAY
                         NORMAL    RECORD    YEAR
 MAXIMUM TEMPERATURE (F)   85       108      1936
 MINIMUM TEMPERATURE (F)   61        40      1972


SUNRISE AND SUNSET
JULY  5 2016..........SUNRISE   555 AM CDT   SUNSET   920 PM CDT
JULY  6 2016..........SUNRISE   556 AM CDT   SUNSET   919 PM CDT


-  INDICATES NEGATIVE NUMBERS.
R  INDICATES RECORD WAS SET OR TIED.
MM INDICATES DATA IS MISSING.
T  INDICATES TRACE AMOUNT.




$$
