000
CDUS43 KFSD 210643
CLIHON


CLIMATE REPORT
NATIONAL WEATHER SERVICE SIOUX FALLS SD
142 AM CDT WED SEP 21 2016


...................................

...THE HURON SD CLIMATE SUMMARY FOR SEPTEMBER 20 2016...

CLIMATE NORMAL PERIOD 1981 TO 2010
CLIMATE RECORD PERIOD 1881 TO 2016


WEATHER ITEM   OBSERVED TIME   RECORD YEAR NORMAL DEPARTURE LAST
                VALUE   (LST)  VALUE       VALUE  FROM      YEAR
                                                  NORMAL
..................................................................
TEMPERATURE (F)
 YESTERDAY
  MAXIMUM         86    414 PM  95    1941  73     13       81
                                      1891
  MINIMUM         59    549 AM  24    1918  47     12       52
  AVERAGE         73                        60     13       67

PRECIPITATION (IN)
  YESTERDAY        T             2.32 1950   0.08  -0.08     0.00
  MONTH TO DATE    1.20                      1.72  -0.52     0.24
  SINCE SEP 1      1.20                      1.72  -0.52     0.24
  SINCE JAN 1     15.75                     18.98  -3.23    19.43

SNOWFALL (IN)
  YESTERDAY        0.0           0.0    MM   0.0    0.0      0.0
  MONTH TO DATE    0.0                       0.0    0.0      0.0
  SINCE SEP 1      0.0                       0.0    0.0      0.0
  SINCE JUL 1      0.0                       0.0    0.0      0.0
  SNOW DEPTH       0

DEGREE DAYS
 HEATING
  YESTERDAY        0                         7     -7        0
  MONTH TO DATE   42                        79    -37       60
  SINCE SEP 1     42                        79    -37       60
  SINCE JUL 1     59                       108    -49      100

 COOLING
  YESTERDAY        8                         1      7        2
  MONTH TO DATE   61                        61      0      106
  SINCE SEP 1     61                        61      0      106
  SINCE JAN 1    867                       730    137      762
..................................................................


WIND (MPH)
  HIGHEST WIND SPEED    20   HIGHEST WIND DIRECTION    SE (150)
  HIGHEST GUST SPEED    25   HIGHEST GUST DIRECTION    SE (130)
  AVERAGE WIND SPEED     8.6


SKY COVER
  POSSIBLE SUNSHINE  MM
  AVERAGE SKY COVER 0.2


WEATHER CONDITIONS
 THE FOLLOWING WEATHER WAS RECORDED YESTERDAY.
  LIGHT RAIN


RELATIVE HUMIDITY (PERCENT)
 HIGHEST    80           500 AM
 LOWEST     45          1100 AM
 AVERAGE    63

..........................................................


THE HURON SD CLIMATE NORMALS FOR TODAY
                         NORMAL    RECORD    YEAR
 MAXIMUM TEMPERATURE (F)   72        97      1936
 MINIMUM TEMPERATURE (F)   46        28      1974
                                             1934


SUNRISE AND SUNSET
SEPTEMBER 21 2016.....SUNRISE   719 AM CDT   SUNSET   731 PM CDT
SEPTEMBER 22 2016.....SUNRISE   721 AM CDT   SUNSET   729 PM CDT


-  INDICATES NEGATIVE NUMBERS.
R  INDICATES RECORD WAS SET OR TIED.
MM INDICATES DATA IS MISSING.
T  INDICATES TRACE AMOUNT.




$$
