000
CDUS43 KFSD 162225
CLIHON


CLIMATE REPORT
NATIONAL WEATHER SERVICE SIOUX FALLS SD
525 PM CDT TUE AUG 16 2016


...................................

...THE HURON SD CLIMATE SUMMARY FOR AUGUST 16 2016...
VALID TODAY AS OF 0500 PM LOCAL TIME.

CLIMATE NORMAL PERIOD 1981 TO 2010
CLIMATE RECORD PERIOD 1881 TO 2016


WEATHER ITEM   OBSERVED TIME   RECORD YEAR NORMAL DEPARTURE LAST
                VALUE   (LST)  VALUE       VALUE  FROM      YEAR
                                                  NORMAL
..................................................................
TEMPERATURE (F)
 TODAY
  MAXIMUM         88    353 PM 103    1988  84      4       80
  MINIMUM         64    535 AM  40    1897  60      4       57
  AVERAGE         76                        72      4       69

PRECIPITATION (IN)
  TODAY            0.07          1.39 1935   0.07   0.00     1.02
  MONTH TO DATE    2.46                      1.39   1.07     1.51
  SINCE JUN 1      5.37                      8.24  -2.87     9.72
  SINCE JAN 1     14.18                     16.22  -2.04    15.66

SNOWFALL (IN)
  TODAY            0.0           0.0    MM   0.0    0.0      0.0
  MONTH TO DATE    0.0                       0.0    0.0      0.0
  SINCE JUN 1      0.0                       0.0    0.0       T
  SINCE JUL 1      0.0                       0.0    0.0      0.0
  SNOW DEPTH       0

DEGREE DAYS
 HEATING
  TODAY            0                         0      0        0
  MONTH TO DATE    0                         0      0        0
  SINCE JUN 1     23                        59    -36       15
  SINCE JUL 1      6                         8     -2        4

 COOLING
  TODAY           11                         7      4        4
  MONTH TO DATE  159                       133     26      153
  SINCE JUN 1    681                       543    138      585
  SINCE JAN 1    712                       576    136      605
..................................................................


WIND (MPH)
  HIGHEST WIND SPEED    15   HIGHEST WIND DIRECTION     S (160)
  HIGHEST GUST SPEED    19   HIGHEST GUST DIRECTION    SE (150)
  AVERAGE WIND SPEED     5.1


SKY COVER
  POSSIBLE SUNSHINE  MM
  AVERAGE SKY COVER 0.3


WEATHER CONDITIONS
 THE FOLLOWING WEATHER WAS RECORDED TODAY.
  THUNDERSTORM
  LIGHT RAIN
  FOG


RELATIVE HUMIDITY (PERCENT)
 HIGHEST   100           500 AM
 LOWEST     43           400 PM
 AVERAGE    72

..........................................................


THE HURON SD CLIMATE NORMALS FOR TOMORROW
                         NORMAL    RECORD    YEAR
 MAXIMUM TEMPERATURE (F)   84       102      1976
 MINIMUM TEMPERATURE (F)   59        40      2012
                                             1943


SUNRISE AND SUNSET
AUGUST 16 2016........SUNRISE   638 AM CDT   SUNSET   835 PM CDT
AUGUST 17 2016........SUNRISE   639 AM CDT   SUNSET   834 PM CDT


-  INDICATES NEGATIVE NUMBERS.
R  INDICATES RECORD WAS SET OR TIED.
MM INDICATES DATA IS MISSING.
T  INDICATES TRACE AMOUNT.




$$
