000
CDUS43 KFSD 280632
CLIHON


CLIMATE REPORT
NATIONAL WEATHER SERVICE SIOUX FALLS SD
1229 AM CST THU JAN 28 2016


...................................

...THE HURON SD CLIMATE SUMMARY FOR JANUARY 27 2016...

CLIMATE NORMAL PERIOD 1981 TO 2010
CLIMATE RECORD PERIOD 1881 TO 2016


WEATHER ITEM   OBSERVED TIME   RECORD YEAR NORMAL DEPARTURE LAST
                VALUE   (LST)  VALUE       VALUE  FROM      YEAR
                                                  NORMAL
..................................................................
TEMPERATURE (F)
 YESTERDAY
  MAXIMUM         40    333 PM  62    1989  28     12       46
  MINIMUM         11    437 AM -28    1963   7      4       24
  AVERAGE         26                        17      9       35

PRECIPITATION (IN)
  YESTERDAY        0.00          1.58 1944   0.02  -0.02     0.00
  MONTH TO DATE    0.29                      0.44  -0.15     0.35
  SINCE DEC 1      1.57                      0.96   0.61     1.05
  SINCE JAN 1      0.29                      0.44  -0.15     0.35

SNOWFALL (IN)
  YESTERDAY        0.0           8.2  1994   0.2   -0.2      0.0
  MONTH TO DATE    5.3                       6.3   -1.0      4.3
  SINCE DEC 1     19.6                      14.3    5.3      9.7
  SINCE JUL 1     25.2                      22.6    2.6     17.6
  SNOW DEPTH       7

DEGREE DAYS
 HEATING
  YESTERDAY       39                        48     -9       30
  MONTH TO DATE 1365                      1311     54     1257
  SINCE DEC 1   2623                      2729   -106     2555
  SINCE JUL 1   3913                      4431   -518     4412

 COOLING
  YESTERDAY        0                         0      0        0
  MONTH TO DATE    0                         0      0        0
  SINCE DEC 1      0                         0      0        0
  SINCE JAN 1      0                         0      0        0
..................................................................


WIND (MPH)
  HIGHEST WIND SPEED    24   HIGHEST WIND DIRECTION     W (280)
  HIGHEST GUST SPEED    32   HIGHEST GUST DIRECTION     W (290)
  AVERAGE WIND SPEED    16.1


SKY COVER
  POSSIBLE SUNSHINE  MM
  AVERAGE SKY COVER 0.2


WEATHER CONDITIONS
 THE FOLLOWING WEATHER WAS RECORDED YESTERDAY.
  FOG


RELATIVE HUMIDITY (PERCENT)
 HIGHEST    92           100 AM
 LOWEST     69          1000 AM
 AVERAGE    81

..........................................................


THE HURON SD CLIMATE NORMALS FOR TODAY
                         NORMAL    RECORD    YEAR
 MAXIMUM TEMPERATURE (F)   28        54      1927
                                             1896
 MINIMUM TEMPERATURE (F)    7       -34      1966


SUNRISE AND SUNSET
JANUARY 28 2016.......SUNRISE   756 AM CST   SUNSET   536 PM CST
JANUARY 29 2016.......SUNRISE   755 AM CST   SUNSET   538 PM CST


-  INDICATES NEGATIVE NUMBERS.
R  INDICATES RECORD WAS SET OR TIED.
MM INDICATES DATA IS MISSING.
T  INDICATES TRACE AMOUNT.




$$
