000
CDUS43 KFSD 150656
CLIHON


CLIMATE REPORT
NATIONAL WEATHER SERVICE SIOUX FALLS SD
1255 AM CST THU JAN 15 2015


...................................

...THE HURON SD CLIMATE SUMMARY FOR JANUARY 14 2015...

CLIMATE NORMAL PERIOD 1981 TO 2010
CLIMATE RECORD PERIOD 1881 TO 2015


WEATHER ITEM   OBSERVED TIME   RECORD YEAR NORMAL DEPARTURE LAST
                VALUE   (LST)  VALUE       VALUE  FROM      YEAR
                                                  NORMAL
..................................................................
TEMPERATURE (F)
 YESTERDAY
  MAXIMUM         28    458 PM  56    1901  27      1       36
  MINIMUM          5    716 AM -32    1888   6     -1        4
  AVERAGE         17                        16      1       20

PRECIPITATION (IN)
  YESTERDAY        0.00          0.81 1952   0.01  -0.01      T
  MONTH TO DATE    0.26                      0.23   0.03     0.04
  SINCE DEC 1      0.96                      0.75   0.21     1.05
  SINCE JAN 1      0.26                      0.23   0.03     0.04

SNOWFALL (IN)
  YESTERDAY        0.0           7.3  1952   0.2   -0.2       T
  MONTH TO DATE    2.9                       3.3   -0.4       T
  SINCE DEC 1      8.3                      11.3   -3.0     12.9
  SINCE JUL 1     16.2                      19.6   -3.4     15.4
  SNOW DEPTH       5

DEGREE DAYS
 HEATING
  YESTERDAY       48                        49     -1       45
  MONTH TO DATE  821                       684    137      735
  SINCE DEC 1   2119                      2102     17     2421
  SINCE JUL 1   3976                      3804    172     4058

 COOLING
  YESTERDAY        0                         0      0        0
  MONTH TO DATE    0                         0      0        0
  SINCE DEC 1      0                         0      0        0
  SINCE JAN 1      0                         0      0        0
..................................................................


WIND (MPH)
  HIGHEST WIND SPEED    18   HIGHEST WIND DIRECTION    NW (320)
  HIGHEST GUST SPEED    22   HIGHEST GUST DIRECTION    NW (320)
  AVERAGE WIND SPEED     5.1


SKY COVER
  POSSIBLE SUNSHINE  MM
  AVERAGE SKY COVER 0.3


WEATHER CONDITIONS
 THE FOLLOWING WEATHER WAS RECORDED YESTERDAY.
  FOG
  FOG W/VISIBILITY <= 1/4 MILE


RELATIVE HUMIDITY (PERCENT)
 HIGHEST    96           200 AM
 LOWEST     68           100 PM
 AVERAGE    82

..........................................................


THE HURON SD CLIMATE NORMALS FOR TODAY
                         NORMAL    RECORD    YEAR
 MAXIMUM TEMPERATURE (F)   27        54      1914
 MINIMUM TEMPERATURE (F)    6       -36      1888


SUNRISE AND SUNSET
JANUARY 15 2015.......SUNRISE   806 AM CST   SUNSET   519 PM CST
JANUARY 16 2015.......SUNRISE   805 AM CST   SUNSET   520 PM CST


-  INDICATES NEGATIVE NUMBERS.
R  INDICATES RECORD WAS SET OR TIED.
MM INDICATES DATA IS MISSING.
T  INDICATES TRACE AMOUNT.




$$
