065
CDUS43 KFSD 250645
CLIHON


CLIMATE REPORT
NATIONAL WEATHER SERVICE SIOUX FALLS SD
1244 AM CST FRI NOV 25 2016


...................................

...THE HURON SD CLIMATE SUMMARY FOR NOVEMBER 24 2016...

CLIMATE NORMAL PERIOD 1981 TO 2010
CLIMATE RECORD PERIOD 1881 TO 2016


WEATHER ITEM   OBSERVED TIME   RECORD YEAR NORMAL DEPARTURE LAST
                VALUE   (LST)  VALUE       VALUE  FROM      YEAR
                                                  NORMAL
..................................................................
TEMPERATURE (F)
 YESTERDAY
  MAXIMUM         35    324 PM  70    1923  38     -3       45
  MINIMUM         27   1109 PM -15    1985  18      9       26
  AVERAGE         31                        28      3       36

PRECIPITATION (IN)
  YESTERDAY        0.02          0.41 2001   0.02   0.00     0.00
  MONTH TO DATE    0.22                      0.74  -0.52     1.02
  SINCE SEP 1      2.56                      4.99  -2.43     4.69
  SINCE JAN 1     17.11                     22.25  -5.14    23.88

SNOWFALL (IN)
  YESTERDAY       MM             6.9  1993   0.3   MM        0.0
  MONTH TO DATE    3.9                       5.5   -1.6      0.0
  SINCE SEP 1      3.9                       6.6   -2.7       T
  SINCE JUL 1      3.9                       6.6   -2.7       T
  SNOW DEPTH       0

DEGREE DAYS
 HEATING
  YESTERDAY       34                        37     -3       29
  MONTH TO DATE  516                       736   -220      540
  SINCE SEP 1   1008                      1437   -429     1014
  SINCE JUL 1   1025                      1466   -441     1054

 COOLING
  YESTERDAY        0                         0      0        0
  MONTH TO DATE    0                         0      0        0
  SINCE SEP 1     81                        73      8      141
  SINCE JAN 1    887                       742    145      797
..................................................................


WIND (MPH)
  HIGHEST WIND SPEED    10   HIGHEST WIND DIRECTION    NW (330)
  HIGHEST GUST SPEED    14   HIGHEST GUST DIRECTION    SE (130)
  AVERAGE WIND SPEED     5.4


SKY COVER
  POSSIBLE SUNSHINE  MM
  AVERAGE SKY COVER 0.9


WEATHER CONDITIONS
 THE FOLLOWING WEATHER WAS RECORDED YESTERDAY.
  LIGHT SNOW
  FOG


RELATIVE HUMIDITY (PERCENT)
 HIGHEST   100           100 PM
 LOWEST     82          1200 AM
 AVERAGE    91

..........................................................


THE HURON SD CLIMATE NORMALS FOR TODAY
                         NORMAL    RECORD    YEAR
 MAXIMUM TEMPERATURE (F)   37        68      1960
 MINIMUM TEMPERATURE (F)   17       -15      1977


SUNRISE AND SUNSET
NOVEMBER 25 2016......SUNRISE   742 AM CST   SUNSET   457 PM CST
NOVEMBER 26 2016......SUNRISE   744 AM CST   SUNSET   457 PM CST


-  INDICATES NEGATIVE NUMBERS.
R  INDICATES RECORD WAS SET OR TIED.
MM INDICATES DATA IS MISSING.
T  INDICATES TRACE AMOUNT.




$$
