000
CDUS43 KFSD 162224
CLIHON


CLIMATE REPORT
NATIONAL WEATHER SERVICE SIOUX FALLS SD
524 PM CDT TUE MAY 16 2017


...................................

...THE HURON SD CLIMATE SUMMARY FOR MAY 16 2017...
VALID TODAY AS OF 0500 PM LOCAL TIME.

CLIMATE NORMAL PERIOD 1981 TO 2010
CLIMATE RECORD PERIOD 1881 TO 2017


WEATHER ITEM   OBSERVED TIME   RECORD YEAR NORMAL DEPARTURE LAST
                VALUE   (LST)  VALUE       VALUE  FROM      YEAR
                                                  NORMAL
..................................................................
TEMPERATURE (F)
 TODAY
  MAXIMUM         80    348 PM  98    1934  70     10       70
  MINIMUM         59    536 AM  29    1929  46     13       39
                                      1891
  AVERAGE         70                        58     12       55

PRECIPITATION (IN)
  TODAY            0.01          1.88 1904   0.10  -0.09      T
  MONTH TO DATE    0.33                      1.50  -1.17     0.94
  SINCE MAR 1      2.28                      5.27  -2.99     6.15
  SINCE JAN 1      3.08                      6.37  -3.29     7.02

SNOWFALL (IN)
  TODAY            0.0           T    1930   0.0    0.0      0.0
                                      1925
  MONTH TO DATE    0.0                       0.1   -0.1      0.0
  SINCE MAR 1     13.9                      13.0    0.9      2.3
  SINCE JUL 1     35.9                      44.0   -8.1     33.0
  SNOW DEPTH       0

DEGREE DAYS
 HEATING
  TODAY            0                         8     -8       10
  MONTH TO DATE   88                       159    -71      158
  SINCE MAR 1   1578                      1705   -127     1434
  SINCE JUL 1   6727                      7537   -810     6510

 COOLING
  TODAY            5                         1      4        0
  MONTH TO DATE   21                        13      8       10
  SINCE MAR 1     21                        17      4       11
  SINCE JAN 1     21                        17      4       11
..................................................................


WIND (MPH)
  HIGHEST WIND SPEED    20   HIGHEST WIND DIRECTION    NW (300)
  HIGHEST GUST SPEED    25   HIGHEST GUST DIRECTION     W (290)
  AVERAGE WIND SPEED     8.7


SKY COVER
  POSSIBLE SUNSHINE  MM
  AVERAGE SKY COVER 0.2


WEATHER CONDITIONS
 THE FOLLOWING WEATHER WAS RECORDED TODAY.
  THUNDERSTORM
  LIGHT RAIN
  FOG


RELATIVE HUMIDITY (PERCENT)
 HIGHEST   100           500 AM
 LOWEST     39           400 PM
 AVERAGE    70

..........................................................


THE HURON SD CLIMATE NORMALS FOR TOMORROW
                         NORMAL    RECORD    YEAR
 MAXIMUM TEMPERATURE (F)   71       104      1934
 MINIMUM TEMPERATURE (F)   47        28      1968


SUNRISE AND SUNSET
MAY 16 2017...........SUNRISE   604 AM CDT   SUNSET   855 PM CDT
MAY 17 2017...........SUNRISE   603 AM CDT   SUNSET   856 PM CDT


-  INDICATES NEGATIVE NUMBERS.
R  INDICATES RECORD WAS SET OR TIED.
MM INDICATES DATA IS MISSING.
T  INDICATES TRACE AMOUNT.




$$
