000
CDUS43 KFSD 110621
CLIHON


CLIMATE REPORT
NATIONAL WEATHER SERVICE SIOUX FALLS SD
121 AM CDT SAT OCT 11 2014


...................................

...THE HURON SD CLIMATE SUMMARY FOR OCTOBER 10 2014...

CLIMATE NORMAL PERIOD 1981 TO 2010
CLIMATE RECORD PERIOD 1881 TO 2014


WEATHER ITEM   OBSERVED TIME   RECORD YEAR NORMAL DEPARTURE LAST
                VALUE   (LST)  VALUE       VALUE  FROM      YEAR
                                                  NORMAL
..................................................................
TEMPERATURE (F)
 YESTERDAY
  MAXIMUM         59    223 PM  92    1928  63     -4       76
  MINIMUM         22    648 AM  15    1987  38    -16       52
                                      1906
  AVERAGE         41                        50     -9       64

PRECIPITATION (IN)
  YESTERDAY        0.00          2.95 1961   0.06  -0.06     0.02
  MONTH TO DATE    0.02                      0.65  -0.63     1.71
  SINCE SEP 1      1.12                      3.11  -1.99     3.12
  SINCE JAN 1     14.68                     20.37  -5.69    20.32

SNOWFALL (IN)
  YESTERDAY        0.0           T    1977   0.0    0.0      0.0
  MONTH TO DATE    0.0                       0.1   -0.1      0.0
  SINCE SEP 1      0.0                       0.1   -0.1      0.0
  SINCE JUL 1      0.0                       0.1   -0.1      0.0
  SNOW DEPTH       0

DEGREE DAYS
 HEATING
  YESTERDAY       24                        15      9        1
  MONTH TO DATE  162                       128     34       83
  SINCE SEP 1    301                       295      6      136
  SINCE JUL 1    334                       324     10      158

 COOLING
  YESTERDAY        0                         0      0        0
  MONTH TO DATE    0                         0      0        0
  SINCE SEP 1     74                        69      5      160
  SINCE JAN 1    597                       738   -141      848
..................................................................


WIND (MPH)
  HIGHEST WIND SPEED    12   HIGHEST WIND DIRECTION     E (90)
  HIGHEST GUST SPEED    13   HIGHEST GUST DIRECTION     E (80)
  AVERAGE WIND SPEED     2.8


SKY COVER
  POSSIBLE SUNSHINE  MM
  AVERAGE SKY COVER 0.0


WEATHER CONDITIONS
 THE FOLLOWING WEATHER WAS RECORDED YESTERDAY.
  HAZE


RELATIVE HUMIDITY (PERCENT)
 HIGHEST    92           300 AM
 LOWEST     30           300 PM
 AVERAGE    61

..........................................................


THE HURON SD CLIMATE NORMALS FOR TODAY
                         NORMAL    RECORD    YEAR
 MAXIMUM TEMPERATURE (F)   63        91      1910
 MINIMUM TEMPERATURE (F)   37        19      2009


SUNRISE AND SUNSET
OCTOBER 11 2014.......SUNRISE   743 AM CDT   SUNSET   656 PM CDT
OCTOBER 12 2014.......SUNRISE   744 AM CDT   SUNSET   654 PM CDT


-  INDICATES NEGATIVE NUMBERS.
R  INDICATES RECORD WAS SET OR TIED.
MM INDICATES DATA IS MISSING.
T  INDICATES TRACE AMOUNT.




$$
