000
CDUS43 KFSD 010636
CLIHON


CLIMATE REPORT
NATIONAL WEATHER SERVICE SIOUX FALLS SD
1235 AM CST WED FEB 1 2017


...................................

...THE HURON SD CLIMATE SUMMARY FOR JANUARY 31 2017...

CLIMATE NORMAL PERIOD 1981 TO 2010
CLIMATE RECORD PERIOD 1881 TO 2017


WEATHER ITEM   OBSERVED TIME   RECORD YEAR NORMAL DEPARTURE LAST
                VALUE   (LST)  VALUE       VALUE  FROM      YEAR
                                                  NORMAL
..................................................................
TEMPERATURE (F)
 YESTERDAY
  MAXIMUM         34   1219 PM  55    1987  28      6       40
  MINIMUM         26   1159 PM -27    1978   8     18       26
  AVERAGE         30                        18     12       33

PRECIPITATION (IN)
  YESTERDAY        0.00          0.28 2011   0.02  -0.02     0.00
  MONTH TO DATE    0.58                      0.50   0.08     0.29
  SINCE DEC 1      1.97                      1.02   0.95     1.57
  SINCE JAN 1      0.58                      0.50   0.08     0.29

SNOWFALL (IN)
  YESTERDAY        0.0           3.1  2011   0.2   -0.2      0.0
  MONTH TO DATE    7.0                       7.3   -0.3      5.3
  SINCE DEC 1     17.0                      15.3    1.7     19.6
  SINCE JUL 1     21.7                      23.6   -1.9     25.2
  SNOW DEPTH       T

DEGREE DAYS
 HEATING
  YESTERDAY       35                        47    -12       32
  MONTH TO DATE 1496                      1501     -5     1490
  SINCE DEC 1   2995                      2915     80     2748
  SINCE JUL 1   4203                      4617   -414     4038

 COOLING
  YESTERDAY        0                         0      0        0
  MONTH TO DATE    0                         0      0        0
  SINCE DEC 1      0                         0      0        0
  SINCE JAN 1      0                         0      0        0
..................................................................


WIND (MPH)
  HIGHEST WIND SPEED    23   HIGHEST WIND DIRECTION     W (290)
  HIGHEST GUST SPEED    28   HIGHEST GUST DIRECTION     W (290)
  AVERAGE WIND SPEED    14.3


SKY COVER
  POSSIBLE SUNSHINE  MM
  AVERAGE SKY COVER 0.2


WEATHER CONDITIONS
 THE FOLLOWING WEATHER WAS RECORDED YESTERDAY.
  NO SIGNIFICANT WEATHER WAS OBSERVED.


RELATIVE HUMIDITY (PERCENT)
 HIGHEST    92           600 AM
 LOWEST     72           800 PM
 AVERAGE    82

..........................................................


THE HURON SD CLIMATE NORMALS FOR TODAY
                         NORMAL    RECORD    YEAR
 MAXIMUM TEMPERATURE (F)   28        59      1987
 MINIMUM TEMPERATURE (F)    8       -33      1893


SUNRISE AND SUNSET
FEBRUARY  1 2017......SUNRISE   751 AM CST   SUNSET   543 PM CST
FEBRUARY  2 2017......SUNRISE   750 AM CST   SUNSET   544 PM CST


-  INDICATES NEGATIVE NUMBERS.
R  INDICATES RECORD WAS SET OR TIED.
MM INDICATES DATA IS MISSING.
T  INDICATES TRACE AMOUNT.




$$
