000
CDUS43 KFSD 020647
CLIHON


CLIMATE REPORT
NATIONAL WEATHER SERVICE SIOUX FALLS SD
1247 AM CST THU MAR 2 2017


...................................

...THE HURON SD CLIMATE SUMMARY FOR MARCH 1 2017...

CLIMATE NORMAL PERIOD 1981 TO 2010
CLIMATE RECORD PERIOD 1881 TO 2017


WEATHER ITEM   OBSERVED TIME   RECORD YEAR NORMAL DEPARTURE LAST
                VALUE   (LST)  VALUE       VALUE  FROM      YEAR
                                                  NORMAL
..................................................................
TEMPERATURE (F)
 YESTERDAY
  MAXIMUM         31    430 PM  74    1992  37     -6       19
  MINIMUM         11    657 AM -20    2009  17     -6       -3
  AVERAGE         21                        27     -6        8

PRECIPITATION (IN)
  YESTERDAY       MM             0.30 1958   0.03  MM         T
  MONTH TO DATE   MM                         0.03  MM         T
  SINCE MAR 1     MM                         0.03  MM         T
  SINCE JAN 1      0.80                      1.13  -0.33     0.87

SNOWFALL (IN)
  YESTERDAY       MM             4.9  1958   0.3   MM         T
  MONTH TO DATE   MM                         0.3   MM         T
  SINCE MAR 1     MM                         0.3   MM         T
  SINCE JUL 1     22.0                      31.3   -9.3     30.7
  SNOW DEPTH       1

DEGREE DAYS
 HEATING
  YESTERDAY       44                        38      6       57
  MONTH TO DATE   44                        38      6       57
  SINCE MAR 1     44                        38      6       57
  SINCE JUL 1   5193                      5870   -677     5133

 COOLING
  YESTERDAY        0                         0      0        0
  MONTH TO DATE    0                         0      0        0
  SINCE MAR 1      0                         0      0        0
  SINCE JAN 1      0                         0      0        0
..................................................................


WIND (MPH)
  HIGHEST WIND SPEED    21   HIGHEST WIND DIRECTION    NW (330)
  HIGHEST GUST SPEED    36   HIGHEST GUST DIRECTION    NW (320)
  AVERAGE WIND SPEED    10.6


SKY COVER
  POSSIBLE SUNSHINE  MM
  AVERAGE SKY COVER 0.7


WEATHER CONDITIONS
 THE FOLLOWING WEATHER WAS RECORDED YESTERDAY.
  LIGHT SNOW
  FOG


RELATIVE HUMIDITY (PERCENT)
 HIGHEST   100           100 AM
 LOWEST     69           300 PM
 AVERAGE    85

..........................................................


THE HURON SD CLIMATE NORMALS FOR TODAY
                         NORMAL    RECORD    YEAR
 MAXIMUM TEMPERATURE (F)   37        73      1974
 MINIMUM TEMPERATURE (F)   17       -20      1913


SUNRISE AND SUNSET
MARCH  2 2017.........SUNRISE   708 AM CST   SUNSET   623 PM CST
MARCH  3 2017.........SUNRISE   706 AM CST   SUNSET   624 PM CST


-  INDICATES NEGATIVE NUMBERS.
R  INDICATES RECORD WAS SET OR TIED.
MM INDICATES DATA IS MISSING.
T  INDICATES TRACE AMOUNT.




$$
