000
CDUS43 KFSD 020636
CLIHON


CLIMATE REPORT
NATIONAL WEATHER SERVICE SIOUX FALLS SD
135 AM CDT TUE AUG 2 2016


...................................

...THE HURON SD CLIMATE SUMMARY FOR AUGUST 1 2016...

CLIMATE NORMAL PERIOD 1981 TO 2010
CLIMATE RECORD PERIOD 1881 TO 2016


WEATHER ITEM   OBSERVED TIME   RECORD YEAR NORMAL DEPARTURE LAST
                VALUE   (LST)  VALUE       VALUE  FROM      YEAR
                                                  NORMAL
..................................................................
TEMPERATURE (F)
 YESTERDAY
  MAXIMUM         84   1227 PM 108    1901  86     -2       90
  MINIMUM         69    403 AM  46    1948  61      8       59
  AVERAGE         77                        74      3       75

PRECIPITATION (IN)
  YESTERDAY        T             2.88 1981   0.10  -0.10     0.00
  MONTH TO DATE    T                         0.10  -0.10     0.00
  SINCE JUN 1      2.91                      6.95  -4.04     8.21
  SINCE JAN 1     11.72                     14.93  -3.21    14.15

SNOWFALL (IN)
  YESTERDAY        0.0           0.0    MM   0.0    0.0      0.0
  MONTH TO DATE    0.0                       0.0    0.0      0.0
  SINCE JUN 1      0.0                       0.0    0.0       T
  SINCE JUL 1      0.0                       0.0    0.0      0.0
  SNOW DEPTH       0

DEGREE DAYS
 HEATING
  YESTERDAY        0                         0      0        0
  MONTH TO DATE    0                         0      0        0
  SINCE JUN 1     23                        59    -36       15
  SINCE JUL 1      6                         8     -2        4

 COOLING
  YESTERDAY       12                         9      3       10
  MONTH TO DATE   12                         9      3       10
  SINCE JUN 1    534                       419    115      442
  SINCE JAN 1    565                       452    113      462
..................................................................


WIND (MPH)
  HIGHEST WIND SPEED    21   HIGHEST WIND DIRECTION     S (200)
  HIGHEST GUST SPEED    25   HIGHEST GUST DIRECTION     S (190)
  AVERAGE WIND SPEED     9.9


SKY COVER
  POSSIBLE SUNSHINE  MM
  AVERAGE SKY COVER 0.5


WEATHER CONDITIONS
 THE FOLLOWING WEATHER WAS RECORDED YESTERDAY.
  NO SIGNIFICANT WEATHER WAS OBSERVED.


RELATIVE HUMIDITY (PERCENT)
 HIGHEST    97           200 AM
 LOWEST     67          1000 AM
 AVERAGE    82

..........................................................


THE HURON SD CLIMATE NORMALS FOR TODAY
                         NORMAL    RECORD    YEAR
 MAXIMUM TEMPERATURE (F)   86       106      1938
 MINIMUM TEMPERATURE (F)   61        41      1971


SUNRISE AND SUNSET
AUGUST  2 2016........SUNRISE   622 AM CDT   SUNSET   856 PM CDT
AUGUST  3 2016........SUNRISE   623 AM CDT   SUNSET   854 PM CDT


-  INDICATES NEGATIVE NUMBERS.
R  INDICATES RECORD WAS SET OR TIED.
MM INDICATES DATA IS MISSING.
T  INDICATES TRACE AMOUNT.




$$
