000
CDUS43 KFSD 160633
CLIHON


CLIMATE REPORT
NATIONAL WEATHER SERVICE SIOUX FALLS SD
130 AM CDT MON MAR 16 2015


...................................

...THE HURON SD CLIMATE SUMMARY FOR MARCH 15 2015...

CLIMATE NORMAL PERIOD 1981 TO 2010
CLIMATE RECORD PERIOD 1881 TO 2015


WEATHER ITEM   OBSERVED TIME   RECORD YEAR NORMAL DEPARTURE LAST
                VALUE   (LST)  VALUE       VALUE  FROM      YEAR
                                                  NORMAL
..................................................................
TEMPERATURE (F)
 YESTERDAY
  MAXIMUM         81R   254 PM  69    1995  43     38       35
  MINIMUM         52    734 AM -22    1897  22     30       20
  AVERAGE         67                        33     34       28

PRECIPITATION (IN)
  YESTERDAY        0.00          0.52 1943   0.04  -0.04      T
  MONTH TO DATE    0.13                      0.55  -0.42     0.36
  SINCE MAR 1      0.13                      0.55  -0.42     0.36
  SINCE JAN 1      0.74                      1.65  -0.91     0.92

SNOWFALL (IN)
  YESTERDAY        0.0           2.1  1943   0.3   -0.3       T
  MONTH TO DATE    1.2                       4.9   -3.7      3.5
  SINCE MAR 1      1.2                       4.9   -3.7      3.5
  SINCE JUL 1     22.8                      35.9  -13.1     25.2
  SNOW DEPTH       0

DEGREE DAYS
 HEATING
  YESTERDAY        0                        32    -32       37
  MONTH TO DATE  453                       529    -76      586
  SINCE MAR 1    453                       529    -76      586
  SINCE JUL 1   6390                      6361     29     6906

 COOLING
  YESTERDAY        2                         0      2        0
  MONTH TO DATE    2                         0      2        0
  SINCE MAR 1      2                         0      2        0
  SINCE JAN 1      2                         0      2        0
..................................................................


WIND (MPH)
  HIGHEST WIND SPEED    23   HIGHEST WIND DIRECTION     S (190)
  HIGHEST GUST SPEED    34   HIGHEST GUST DIRECTION     S (180)
  AVERAGE WIND SPEED    10.6


SKY COVER
  POSSIBLE SUNSHINE  MM
  AVERAGE SKY COVER 0.0


WEATHER CONDITIONS
 THE FOLLOWING WEATHER WAS RECORDED YESTERDAY.
  NO SIGNIFICANT WEATHER WAS OBSERVED.


RELATIVE HUMIDITY (PERCENT)
 HIGHEST    43           800 PM
 LOWEST     20           300 PM
 AVERAGE    32

..........................................................


THE HURON SD CLIMATE NORMALS FOR TODAY
                         NORMAL    RECORD    YEAR
 MAXIMUM TEMPERATURE (F)   44        84      2012
 MINIMUM TEMPERATURE (F)   23       -12      1906
                                             1900


SUNRISE AND SUNSET
MARCH 16 2015.........SUNRISE   744 AM CDT   SUNSET   740 PM CDT
MARCH 17 2015.........SUNRISE   742 AM CDT   SUNSET   741 PM CDT


-  INDICATES NEGATIVE NUMBERS.
R  INDICATES RECORD WAS SET OR TIED.
MM INDICATES DATA IS MISSING.
T  INDICATES TRACE AMOUNT.




$$
