000
CDUS43 KFSD 090641
CLIHON


CLIMATE REPORT
NATIONAL WEATHER SERVICE SIOUX FALLS SD
141 AM CDT MON MAY 9 2016


...................................

...THE HURON SD CLIMATE SUMMARY FOR MAY 8 2016...

CLIMATE NORMAL PERIOD 1981 TO 2010
CLIMATE RECORD PERIOD 1881 TO 2016


WEATHER ITEM   OBSERVED TIME   RECORD YEAR NORMAL DEPARTURE LAST
                VALUE   (LST)  VALUE       VALUE  FROM      YEAR
                                                  NORMAL
..................................................................
TEMPERATURE (F)
 YESTERDAY
  MAXIMUM         74    411 PM 101    1934  68      6       59
  MINIMUM         44    345 AM  22    1980  43      1       40
  AVERAGE         59                        56      3       50

PRECIPITATION (IN)
  YESTERDAY        0.00          1.45 1986   0.10  -0.10     0.00
  MONTH TO DATE    T                         0.74  -0.74     1.08
  SINCE MAR 1      5.21                      4.51   0.70     1.84
  SINCE JAN 1      6.08                      5.61   0.47     2.45

SNOWFALL (IN)
  YESTERDAY        0.0           T    1966   0.0    0.0      0.0
  MONTH TO DATE    0.0                       0.1   -0.1      0.0
  SINCE MAR 1      2.3                      13.0  -10.7      1.2
  SINCE JUL 1     33.0                      44.0  -11.0     22.8
  SNOW DEPTH       0

DEGREE DAYS
 HEATING
  YESTERDAY        6                        10     -4       15
  MONTH TO DATE   66                        89    -23       43
  SINCE MAR 1   1342                      1635   -293     1344
  SINCE JUL 1   6418                      7467  -1049     7281

 COOLING
  YESTERDAY        0                         1     -1        0
  MONTH TO DATE   10                         5      5        3
  SINCE MAR 1     11                         9      2        5
  SINCE JAN 1     11                         9      2        5
..................................................................


WIND (MPH)
  HIGHEST WIND SPEED    20   HIGHEST WIND DIRECTION    SE (150)
  HIGHEST GUST SPEED    28   HIGHEST GUST DIRECTION    SE (140)
  AVERAGE WIND SPEED     9.3


SKY COVER
  POSSIBLE SUNSHINE  MM
  AVERAGE SKY COVER 0.2


WEATHER CONDITIONS
 THE FOLLOWING WEATHER WAS RECORDED YESTERDAY.
  NO SIGNIFICANT WEATHER WAS OBSERVED.


RELATIVE HUMIDITY (PERCENT)
 HIGHEST    92           200 AM
 LOWEST     27           100 PM
 AVERAGE    60

..........................................................


THE HURON SD CLIMATE NORMALS FOR TODAY
                         NORMAL    RECORD    YEAR
 MAXIMUM TEMPERATURE (F)   68        95      1928
                                             1911
 MINIMUM TEMPERATURE (F)   44        24      1966


SUNRISE AND SUNSET
MAY  9 2016...........SUNRISE   612 AM CDT   SUNSET   847 PM CDT
MAY 10 2016...........SUNRISE   611 AM CDT   SUNSET   848 PM CDT


-  INDICATES NEGATIVE NUMBERS.
R  INDICATES RECORD WAS SET OR TIED.
MM INDICATES DATA IS MISSING.
T  INDICATES TRACE AMOUNT.




$$
