000
CDUS43 KFSD 282229
CLIHON


CLIMATE REPORT
NATIONAL WEATHER SERVICE SIOUX FALLS SD
428 PM CST THU DEC 28 2017


...................................

...THE HURON SD CLIMATE SUMMARY FOR DECEMBER 28 2017...
VALID TODAY AS OF 0400 PM LOCAL TIME.

CLIMATE NORMAL PERIOD 1981 TO 2010
CLIMATE RECORD PERIOD 1881 TO 2017


WEATHER ITEM   OBSERVED TIME   RECORD YEAR NORMAL DEPARTURE LAST
                VALUE   (LST)  VALUE       VALUE  FROM      YEAR
                                                  NORMAL
..................................................................
TEMPERATURE (F)
 TODAY
  MAXIMUM         17   1138 AM  58    1898  27    -10       38
  MINIMUM          0    850 AM -25    1917   7     -7       20
  AVERAGE          9                        17     -8       29

PRECIPITATION (IN)
  TODAY           MM             0.60 1889   0.02  MM        0.00
  MONTH TO DATE    0.21                      0.47  -0.26     1.39
  SINCE DEC 1      0.21                      0.47  -0.26     1.39
  SINCE JAN 1     20.35                     22.85  -2.50    19.52

SNOWFALL (IN)
  TODAY           MM             3.0  1927   0.2   MM        0.0
  MONTH TO DATE    2.6                       7.2   -4.6     10.0
  SINCE DEC 1      2.6                       7.2   -4.6     10.0
  SINCE JUL 1      3.9                      15.5  -11.6     14.7
  SNOW DEPTH       1

DEGREE DAYS
 HEATING
  TODAY           56                        48      8       36
  MONTH TO DATE 1140                      1273   -133     1379
  SINCE DEC 1   1140                      1273   -133     1379
  SINCE JUL 1   2705                      2975   -270     2587

 COOLING
  TODAY            0                         0      0        0
  MONTH TO DATE    0                         0      0        0
  SINCE DEC 1      0                         0      0        0
  SINCE JAN 1    730                       742    -12      887
..................................................................


WIND (MPH)
  HIGHEST WIND SPEED    20   HIGHEST WIND DIRECTION    NW (320)
  HIGHEST GUST SPEED    27   HIGHEST GUST DIRECTION     S (170)
  AVERAGE WIND SPEED    12.4


SKY COVER
  POSSIBLE SUNSHINE  MM
  AVERAGE SKY COVER 0.4


WEATHER CONDITIONS
 THE FOLLOWING WEATHER WAS RECORDED TODAY.
  FOG


RELATIVE HUMIDITY (PERCENT)
 HIGHEST    88          1200 AM
 LOWEST     59           300 PM
 AVERAGE    74

..........................................................


THE HURON SD CLIMATE NORMALS FOR TOMORROW
                         NORMAL    RECORD    YEAR
 MAXIMUM TEMPERATURE (F)   27        59      1999
 MINIMUM TEMPERATURE (F)    7       -33      1917


SUNRISE AND SUNSET
DECEMBER 28 2017......SUNRISE   808 AM CST   SUNSET   501 PM CST
DECEMBER 29 2017......SUNRISE   809 AM CST   SUNSET   502 PM CST


-  INDICATES NEGATIVE NUMBERS.
R  INDICATES RECORD WAS SET OR TIED.
MM INDICATES DATA IS MISSING.
T  INDICATES TRACE AMOUNT.




$$
