000
CDUS43 KFSD 170639
CLIHON


CLIMATE REPORT
NATIONAL WEATHER SERVICE SIOUX FALLS SD
1239 AM CST SAT JAN 17 2015


...................................

...THE HURON SD CLIMATE SUMMARY FOR JANUARY 16 2015...

CLIMATE NORMAL PERIOD 1981 TO 2010
CLIMATE RECORD PERIOD 1881 TO 2015


WEATHER ITEM   OBSERVED TIME   RECORD YEAR NORMAL DEPARTURE LAST
                VALUE   (LST)  VALUE       VALUE  FROM      YEAR
                                                  NORMAL
..................................................................
TEMPERATURE (F)
 YESTERDAY
  MAXIMUM         31    343 PM  50    1996  27      4       38
  MINIMUM          7    831 AM -28    1890   6      1       10
  AVERAGE         19                        16      3       24

PRECIPITATION (IN)
  YESTERDAY        0.00          0.44 1897   0.01  -0.01     0.05
  MONTH TO DATE    0.26                      0.26   0.00     0.09
  SINCE DEC 1      0.96                      0.78   0.18     1.10
  SINCE JAN 1      0.26                      0.26   0.00     0.09

SNOWFALL (IN)
  YESTERDAY        0.0           4.4  1932   0.2   -0.2      0.5
                                      1897
  MONTH TO DATE    2.9                       3.8   -0.9      0.5
  SINCE DEC 1      8.3                      11.8   -3.5     13.4
  SINCE JUL 1     16.2                      20.1   -3.9     15.9
  SNOW DEPTH       3

DEGREE DAYS
 HEATING
  YESTERDAY       46                        49     -3       41
  MONTH TO DATE  904                       782    122      819
  SINCE DEC 1   2202                      2200      2     2505
  SINCE JUL 1   4059                      3902    157     4142

 COOLING
  YESTERDAY        0                         0      0        0
  MONTH TO DATE    0                         0      0        0
  SINCE DEC 1      0                         0      0        0
  SINCE JAN 1      0                         0      0        0
..................................................................


WIND (MPH)
  HIGHEST WIND SPEED    10   HIGHEST WIND DIRECTION     S (180)
  HIGHEST GUST SPEED    13   HIGHEST GUST DIRECTION     S (170)
  AVERAGE WIND SPEED     3.0


SKY COVER
  POSSIBLE SUNSHINE  MM
  AVERAGE SKY COVER 0.2


WEATHER CONDITIONS
 THE FOLLOWING WEATHER WAS RECORDED YESTERDAY.
  FOG
  FOG W/VISIBILITY <= 1/4 MILE


RELATIVE HUMIDITY (PERCENT)
 HIGHEST   100           300 AM
 LOWEST     69           300 PM
 AVERAGE    85

..........................................................


THE HURON SD CLIMATE NORMALS FOR TODAY
                         NORMAL    RECORD    YEAR
 MAXIMUM TEMPERATURE (F)   27        58      1923
 MINIMUM TEMPERATURE (F)    6       -29      1930


SUNRISE AND SUNSET
JANUARY 17 2015.......SUNRISE   804 AM CST   SUNSET   522 PM CST
JANUARY 18 2015.......SUNRISE   804 AM CST   SUNSET   523 PM CST


-  INDICATES NEGATIVE NUMBERS.
R  INDICATES RECORD WAS SET OR TIED.
MM INDICATES DATA IS MISSING.
T  INDICATES TRACE AMOUNT.




$$
