000
CDUS43 KFSD 050633
CLIHON


CLIMATE REPORT
NATIONAL WEATHER SERVICE SIOUX FALLS SD
129 AM CDT FRI AUG 5 2016


...................................

...THE HURON SD CLIMATE SUMMARY FOR AUGUST 4 2016...

CLIMATE NORMAL PERIOD 1981 TO 2010
CLIMATE RECORD PERIOD 1881 TO 2016


WEATHER ITEM   OBSERVED TIME   RECORD YEAR NORMAL DEPARTURE LAST
                VALUE   (LST)  VALUE       VALUE  FROM      YEAR
                                                  NORMAL
..................................................................
TEMPERATURE (F)
 YESTERDAY
  MAXIMUM         84    325 PM 110    1934  86     -2       81
  MINIMUM         61   1159 PM  40    1974  61      0       59
  AVERAGE         73                        73      0       70

PRECIPITATION (IN)
  YESTERDAY        0.69          1.74 1995   0.09   0.60     0.00
  MONTH TO DATE    0.79                      0.40   0.39     0.00
  SINCE JUN 1      3.70                      7.25  -3.55     8.21
  SINCE JAN 1     12.51                     15.23  -2.72    14.15

SNOWFALL (IN)
  YESTERDAY        0.0           0.0    MM   0.0    0.0      0.0
  MONTH TO DATE    0.0                       0.0    0.0      0.0
  SINCE JUN 1      0.0                       0.0    0.0       T
  SINCE JUL 1      0.0                       0.0    0.0      0.0
  SNOW DEPTH       0

DEGREE DAYS
 HEATING
  YESTERDAY        0                         0      0        0
  MONTH TO DATE    0                         0      0        0
  SINCE JUN 1     23                        59    -36       15
  SINCE JUL 1      6                         8     -2        4

 COOLING
  YESTERDAY        8                         9     -1        5
  MONTH TO DATE   50                        36     14       26
  SINCE JUN 1    572                       446    126      458
  SINCE JAN 1    603                       479    124      478
..................................................................


WIND (MPH)
  HIGHEST WIND SPEED    37   HIGHEST WIND DIRECTION     W (270)
  HIGHEST GUST SPEED    47   HIGHEST GUST DIRECTION     W (280)
  AVERAGE WIND SPEED    11.3


SKY COVER
  POSSIBLE SUNSHINE  MM
  AVERAGE SKY COVER 0.1


WEATHER CONDITIONS
 THE FOLLOWING WEATHER WAS RECORDED YESTERDAY.
  THUNDERSTORM
  HEAVY RAIN
  RAIN
  LIGHT RAIN
  FOG


RELATIVE HUMIDITY (PERCENT)
 HIGHEST    90           500 AM
 LOWEST     36           200 PM
 AVERAGE    63

..........................................................


THE HURON SD CLIMATE NORMALS FOR TODAY
                         NORMAL    RECORD    YEAR
 MAXIMUM TEMPERATURE (F)   86       106      1937
 MINIMUM TEMPERATURE (F)   61        45      1994
                                             1974


SUNRISE AND SUNSET
AUGUST  5 2016........SUNRISE   625 AM CDT   SUNSET   852 PM CDT
AUGUST  6 2016........SUNRISE   626 AM CDT   SUNSET   850 PM CDT


-  INDICATES NEGATIVE NUMBERS.
R  INDICATES RECORD WAS SET OR TIED.
MM INDICATES DATA IS MISSING.
T  INDICATES TRACE AMOUNT.




$$
