000
CDUS43 KFSD 220644
CLIHON


CLIMATE REPORT
NATIONAL WEATHER SERVICE SIOUX FALLS SD
143 AM CDT MON JUN 22 2015


...................................

...THE HURON SD CLIMATE SUMMARY FOR JUNE 21 2015...

CLIMATE NORMAL PERIOD 1981 TO 2010
CLIMATE RECORD PERIOD 1881 TO 2015


WEATHER ITEM   OBSERVED TIME   RECORD YEAR NORMAL DEPARTURE LAST
                VALUE   (LST)  VALUE       VALUE  FROM      YEAR
                                                  NORMAL
..................................................................
TEMPERATURE (F)
 YESTERDAY
  MAXIMUM         86    310 PM 109    1988  82      4       88
  MINIMUM         59    508 AM  32    1902  58      1       55
  AVERAGE         73                        70      3       72

PRECIPITATION (IN)
  YESTERDAY        0.00          1.60 1984   0.13  -0.13     0.46
  MONTH TO DATE    3.20                      2.89   0.31     1.60
  SINCE JUN 1      3.20                      2.89   0.31     1.60
  SINCE JAN 1      9.14                     10.87  -1.73     6.09

SNOWFALL (IN)
  YESTERDAY        0.0           0.0    MM   0.0    0.0      0.0
  MONTH TO DATE    T                         0.0    0.0      0.0
  SINCE JUN 1      T                         0.0    0.0      0.0
  SINCE JUL 1     22.8                      43.9  -21.1     28.6
  SNOW DEPTH       0

DEGREE DAYS
 HEATING
  YESTERDAY        0                         1     -1        0
  MONTH TO DATE   11                        44    -33       40
  SINCE JUN 1     11                        44    -33       40
  SINCE JUL 1   7505                      7665   -160     8327

 COOLING
  YESTERDAY        8                         6      2        7
  MONTH TO DATE   97                        74     23       45
  SINCE JUN 1     97                        74     23       45
  SINCE JAN 1    117                       107     10      107
..................................................................


WIND (MPH)
  HIGHEST WIND SPEED    18   HIGHEST WIND DIRECTION    SE (150)
  HIGHEST GUST SPEED    25   HIGHEST GUST DIRECTION     S (160)
  AVERAGE WIND SPEED     7.1


SKY COVER
  POSSIBLE SUNSHINE  MM
  AVERAGE SKY COVER 0.1


WEATHER CONDITIONS
 THE FOLLOWING WEATHER WAS RECORDED YESTERDAY.
  NO SIGNIFICANT WEATHER WAS OBSERVED.


RELATIVE HUMIDITY (PERCENT)
 HIGHEST    93           400 AM
 LOWEST     40           200 PM
 AVERAGE    67

..........................................................


THE HURON SD CLIMATE NORMALS FOR TODAY
                         NORMAL    RECORD    YEAR
 MAXIMUM TEMPERATURE (F)   82        99      1922
                                             1911
 MINIMUM TEMPERATURE (F)   58        40      1885


SUNRISE AND SUNSET
JUNE 22 2015..........SUNRISE   549 AM CDT   SUNSET   921 PM CDT
JUNE 23 2015..........SUNRISE   549 AM CDT   SUNSET   921 PM CDT


-  INDICATES NEGATIVE NUMBERS.
R  INDICATES RECORD WAS SET OR TIED.
MM INDICATES DATA IS MISSING.
T  INDICATES TRACE AMOUNT.




$$
