000
CDUS43 KFSD 201121
CLIHON


CLIMATE REPORT
NATIONAL WEATHER SERVICE SIOUX FALLS SD
621 AM CDT WED AUG 20 2014


...................................

...THE HURON SD CLIMATE SUMMARY FOR AUGUST 19 2014...

CLIMATE NORMAL PERIOD 1981 TO 2010
CLIMATE RECORD PERIOD 1881 TO 2014


WEATHER ITEM   OBSERVED TIME   RECORD YEAR NORMAL DEPARTURE LAST
                VALUE   (LST)  VALUE       VALUE  FROM      YEAR
                                                  NORMAL
..................................................................
TEMPERATURE (F)
 YESTERDAY
  MAXIMUM         89    253 PM 102    1976  84      5       88
  MINIMUM         55    558 AM  40    1967  59     -4       65
                                      1890
  AVERAGE         72                        71      1       77

PRECIPITATION (IN)
  YESTERDAY        0.00          1.65 1886   0.07  -0.07      T
  MONTH TO DATE    0.69                      1.60  -0.91     1.20
  SINCE JUN 1      6.73                      8.45  -1.72     6.59
  SINCE JAN 1     11.22                     16.43  -5.21    17.18

SNOWFALL (IN)
  YESTERDAY        0.0           0.0    MM   0.0    0.0      0.0
  MONTH TO DATE    0.0                       0.0    0.0      0.0
  SINCE JUN 1      0.0                       0.0    0.0      0.0
  SINCE JUL 1      0.0                       0.0    0.0      0.0
  SNOW DEPTH       0

DEGREE DAYS
 HEATING
  YESTERDAY        0                         1     -1        0
  MONTH TO DATE    1                         3     -2        1
  SINCE JUN 1     64                        62      2       88
  SINCE JUL 1     24                        11     13       22

 COOLING
  YESTERDAY        7                         7      0       12
  MONTH TO DATE  111                       154    -43       66
  SINCE JUN 1    391                       564   -173      456
  SINCE JAN 1    453                       597   -144      494
..................................................................


WIND (MPH)
  HIGHEST WIND SPEED    10   HIGHEST WIND DIRECTION    SE (130)
  HIGHEST GUST SPEED    14   HIGHEST GUST DIRECTION    SE (120)
  AVERAGE WIND SPEED     4.6


SKY COVER
  POSSIBLE SUNSHINE  MM
  AVERAGE SKY COVER 0.0


WEATHER CONDITIONS
 THE FOLLOWING WEATHER WAS RECORDED YESTERDAY.
  FOG


RELATIVE HUMIDITY (PERCENT)
 HIGHEST   100           500 AM
 LOWEST     39           300 PM
 AVERAGE    70

..........................................................


THE HURON SD CLIMATE NORMALS FOR TODAY
                         NORMAL    RECORD    YEAR
 MAXIMUM TEMPERATURE (F)   84       102      1955
 MINIMUM TEMPERATURE (F)   59        38      1950


SUNRISE AND SUNSET
AUGUST 20 2014........SUNRISE   642 AM CDT   SUNSET   830 PM CDT
AUGUST 21 2014........SUNRISE   643 AM CDT   SUNSET   828 PM CDT


-  INDICATES NEGATIVE NUMBERS.
R  INDICATES RECORD WAS SET OR TIED.
MM INDICATES DATA IS MISSING.
T  INDICATES TRACE AMOUNT.




$$
