000
CDUS43 KFSD 032221
CLIHON


CLIMATE REPORT
NATIONAL WEATHER SERVICE SIOUX FALLS SD
521 PM CDT SUN JUL 3 2016


...................................

...THE HURON SD CLIMATE SUMMARY FOR JULY 3 2016...
VALID TODAY AS OF 0500 PM LOCAL TIME.

CLIMATE NORMAL PERIOD 1981 TO 2010
CLIMATE RECORD PERIOD 1881 TO 2016


WEATHER ITEM   OBSERVED TIME   RECORD YEAR NORMAL DEPARTURE LAST
                VALUE   (LST)  VALUE       VALUE  FROM      YEAR
                                                  NORMAL
..................................................................
TEMPERATURE (F)
 TODAY
  MAXIMUM         80    358 PM 104    1949  85     -5       82
  MINIMUM         56    443 AM  41    1967  60     -4       57
  AVERAGE         68                        73     -5       70

PRECIPITATION (IN)
  TODAY            0.00          1.57 1963   0.09  -0.09     0.00
  MONTH TO DATE    0.00                      0.25  -0.25     0.44
  SINCE JUN 1      1.91                      4.18  -2.27     5.04
  SINCE JAN 1     10.72                     12.16  -1.44    10.98

SNOWFALL (IN)
  TODAY            0.0           0.0    MM   0.0    0.0      0.0
  MONTH TO DATE    0.0                       0.0    0.0      0.0
  SINCE JUN 1      0.0                       0.0    0.0       T
  SINCE JUL 1      0.0                       0.0    0.0      0.0
  SNOW DEPTH       0

DEGREE DAYS
 HEATING
  TODAY            0                         0      0        0
  MONTH TO DATE    6                         0      6        0
  SINCE JUN 1     23                        51    -28       11
  SINCE JUL 1      6                         0      6        0

 COOLING
  TODAY            3                         8     -5        5
  MONTH TO DATE    4                        24    -20       13
  SINCE JUN 1    232                       157     75      163
  SINCE JAN 1    263                       190     73      183
..................................................................


WIND (MPH)
  HIGHEST WIND SPEED    22   HIGHEST WIND DIRECTION     S (180)
  HIGHEST GUST SPEED    27   HIGHEST GUST DIRECTION    SE (140)
  AVERAGE WIND SPEED    11.1


SKY COVER
  POSSIBLE SUNSHINE  MM
  AVERAGE SKY COVER 0.2


WEATHER CONDITIONS
 THE FOLLOWING WEATHER WAS RECORDED TODAY.
  NO SIGNIFICANT WEATHER WAS OBSERVED.


RELATIVE HUMIDITY (PERCENT)
 HIGHEST    93           200 AM
 LOWEST     42           400 PM
 AVERAGE    68

..........................................................


THE HURON SD CLIMATE NORMALS FOR TOMORROW
                         NORMAL    RECORD    YEAR
 MAXIMUM TEMPERATURE (F)   85       108      1936
 MINIMUM TEMPERATURE (F)   61        41      1972
                                             1967


SUNRISE AND SUNSET
JULY  3 2016..........SUNRISE   554 AM CDT   SUNSET   920 PM CDT
JULY  4 2016..........SUNRISE   555 AM CDT   SUNSET   920 PM CDT


-  INDICATES NEGATIVE NUMBERS.
R  INDICATES RECORD WAS SET OR TIED.
MM INDICATES DATA IS MISSING.
T  INDICATES TRACE AMOUNT.




$$
