000
CDUS43 KFSD 242227
CLIHON


CLIMATE REPORT
NATIONAL WEATHER SERVICE SIOUX FALLS SD
427 PM CST SUN DEC 24 2017


...................................

...THE HURON SD CLIMATE SUMMARY FOR DECEMBER 24 2017...
VALID TODAY AS OF 0400 PM LOCAL TIME.

CLIMATE NORMAL PERIOD 1981 TO 2010
CLIMATE RECORD PERIOD 1881 TO 2017


WEATHER ITEM   OBSERVED TIME   RECORD YEAR NORMAL DEPARTURE LAST
                VALUE   (LST)  VALUE       VALUE  FROM      YEAR
                                                  NORMAL
..................................................................
TEMPERATURE (F)
 TODAY
  MAXIMUM         24    252 PM  51    1907  27     -3       29
  MINIMUM          8    625 AM -31    1884   7      1        4
  AVERAGE         16                        17     -1       17

PRECIPITATION (IN)
  TODAY            T             0.34 1982   0.02  -0.02     0.00
  MONTH TO DATE    0.21                      0.40  -0.19     0.76
  SINCE DEC 1      0.21                      0.40  -0.19     0.76
  SINCE JAN 1     20.35                     22.78  -2.43    18.89

SNOWFALL (IN)
  TODAY            T             4.0  1951   0.3   -0.3      0.0
  MONTH TO DATE    2.6                       6.2   -3.6     10.0
  SINCE DEC 1      2.6                       6.2   -3.6     10.0
  SINCE JUL 1      3.9                      14.5  -10.6     14.7
  SNOW DEPTH       1

DEGREE DAYS
 HEATING
  TODAY           49                        48      1       48
  MONTH TO DATE  881                      1081   -200     1224
  SINCE DEC 1    881                      1081   -200     1224
  SINCE JUL 1   2446                      2783   -337     2432

 COOLING
  TODAY            0                         0      0        0
  MONTH TO DATE    0                         0      0        0
  SINCE DEC 1      0                         0      0        0
  SINCE JAN 1    730                       742    -12      887
..................................................................


WIND (MPH)
  HIGHEST WIND SPEED    28   HIGHEST WIND DIRECTION    NW (320)
  HIGHEST GUST SPEED    38   HIGHEST GUST DIRECTION    NW (320)
  AVERAGE WIND SPEED    13.7


SKY COVER
  POSSIBLE SUNSHINE  MM
  AVERAGE SKY COVER 0.5


WEATHER CONDITIONS
 THE FOLLOWING WEATHER WAS RECORDED TODAY.
  LIGHT SNOW


RELATIVE HUMIDITY (PERCENT)
 HIGHEST    83           100 AM
 LOWEST     65           300 PM
 AVERAGE    74

..........................................................


THE HURON SD CLIMATE NORMALS FOR TOMORROW
                         NORMAL    RECORD    YEAR
 MAXIMUM TEMPERATURE (F)   27        56      1928
 MINIMUM TEMPERATURE (F)    7       -34      1884


SUNRISE AND SUNSET
DECEMBER 24 2017......SUNRISE   807 AM CST   SUNSET   458 PM CST
DECEMBER 25 2017......SUNRISE   808 AM CST   SUNSET   459 PM CST


-  INDICATES NEGATIVE NUMBERS.
R  INDICATES RECORD WAS SET OR TIED.
MM INDICATES DATA IS MISSING.
T  INDICATES TRACE AMOUNT.




$$
