000
CDUS43 KFSD 140658
CLIHON


CLIMATE REPORT
NATIONAL WEATHER SERVICE SIOUX FALLS SD
1255 AM CST WED JAN 14 2015


...................................

...THE HURON SD CLIMATE SUMMARY FOR JANUARY 13 2015...

CLIMATE NORMAL PERIOD 1981 TO 2010
CLIMATE RECORD PERIOD 1881 TO 2015


WEATHER ITEM   OBSERVED TIME   RECORD YEAR NORMAL DEPARTURE LAST
                VALUE   (LST)  VALUE       VALUE  FROM      YEAR
                                                  NORMAL
..................................................................
TEMPERATURE (F)
 YESTERDAY
  MAXIMUM         20   1159 PM  59    1900  26     -6       40
  MINIMUM        -12    140 AM -40    1916   6    -18       19
  AVERAGE          4                        16    -12       30

PRECIPITATION (IN)
  YESTERDAY        0.02          0.79 2002   0.02   0.00     0.00
  MONTH TO DATE    0.26                      0.22   0.04     0.04
  SINCE DEC 1      0.96                      0.74   0.22     1.05
  SINCE JAN 1      0.26                      0.22   0.04     0.04

SNOWFALL (IN)
  YESTERDAY        0.2           4.6  2001   0.2    0.0      0.0
  MONTH TO DATE    2.9                       3.1   -0.2       T
  SINCE DEC 1      8.3                      11.1   -2.8     12.9
  SINCE JUL 1     16.2                      19.4   -3.2     15.4
  SNOW DEPTH       5

DEGREE DAYS
 HEATING
  YESTERDAY       61                        49     12       35
  MONTH TO DATE  773                       635    138      690
  SINCE DEC 1   2071                      2053     18     2376
  SINCE JUL 1   3928                      3755    173     4013

 COOLING
  YESTERDAY        0                         0      0        0
  MONTH TO DATE    0                         0      0        0
  SINCE DEC 1      0                         0      0        0
  SINCE JAN 1      0                         0      0        0
..................................................................


WIND (MPH)
  HIGHEST WIND SPEED    21   HIGHEST WIND DIRECTION     S (160)
  HIGHEST GUST SPEED    26   HIGHEST GUST DIRECTION    SE (150)
  AVERAGE WIND SPEED    12.1


SKY COVER
  POSSIBLE SUNSHINE  MM
  AVERAGE SKY COVER 0.6


WEATHER CONDITIONS
 THE FOLLOWING WEATHER WAS RECORDED YESTERDAY.
  HEAVY SNOW
  SNOW
  LIGHT SNOW
  FOG
  HAZE


RELATIVE HUMIDITY (PERCENT)
 HIGHEST    88           900 PM
 LOWEST     67           300 PM
 AVERAGE    78

..........................................................


THE HURON SD CLIMATE NORMALS FOR TODAY
                         NORMAL    RECORD    YEAR
 MAXIMUM TEMPERATURE (F)   27        56      1901
 MINIMUM TEMPERATURE (F)    6       -32      1888


SUNRISE AND SUNSET
JANUARY 14 2015.......SUNRISE   806 AM CST   SUNSET   518 PM CST
JANUARY 15 2015.......SUNRISE   806 AM CST   SUNSET   519 PM CST


-  INDICATES NEGATIVE NUMBERS.
R  INDICATES RECORD WAS SET OR TIED.
MM INDICATES DATA IS MISSING.
T  INDICATES TRACE AMOUNT.




$$
