000
CDUS43 KFSD 272302
CLIHON


CLIMATE REPORT
NATIONAL WEATHER SERVICE SIOUX FALLS SD
500 PM CST FRI JAN 27 2017


...................................

...THE HURON SD CLIMATE SUMMARY FOR JANUARY 27 2017...
VALID TODAY AS OF 0500 PM LOCAL TIME.

CLIMATE NORMAL PERIOD 1981 TO 2010
CLIMATE RECORD PERIOD 1881 TO 2017


WEATHER ITEM   OBSERVED TIME   RECORD YEAR NORMAL DEPARTURE LAST
                VALUE   (LST)  VALUE       VALUE  FROM      YEAR
                                                  NORMAL
..................................................................
TEMPERATURE (F)
 TODAY
  MAXIMUM         29    359 PM  62    1989  28      1       40
  MINIMUM          3    431 AM -28    1963   7     -4       11
  AVERAGE         16                        17     -1       26

PRECIPITATION (IN)
  TODAY            0.00          1.58 1944   0.02  -0.02     0.00
  MONTH TO DATE    0.55                      0.44   0.11     0.29
  SINCE DEC 1      1.94                      0.96   0.98     1.57
  SINCE JAN 1      0.55                      0.44   0.11     0.29

SNOWFALL (IN)
  TODAY            0.0           8.2  1994   0.2   -0.2      0.0
  MONTH TO DATE    7.0                       6.3    0.7      5.3
  SINCE DEC 1     17.0                      14.3    2.7     19.6
  SINCE JUL 1     21.7                      22.6   -0.9     25.2
  SNOW DEPTH       3

DEGREE DAYS
 HEATING
  TODAY           49                        48      1       39
  MONTH TO DATE 1361                      1311     50     1365
  SINCE DEC 1   2860                      2729    131     2623
  SINCE JUL 1   4068                      4431   -363     3913

 COOLING
  TODAY            0                         0      0        0
  MONTH TO DATE    0                         0      0        0
  SINCE DEC 1      0                         0      0        0
  SINCE JAN 1      0                         0      0        0
..................................................................


WIND (MPH)
  HIGHEST WIND SPEED    28   HIGHEST WIND DIRECTION    NW (320)
  HIGHEST GUST SPEED    34   HIGHEST GUST DIRECTION    NW (320)
  AVERAGE WIND SPEED    13.8


SKY COVER
  POSSIBLE SUNSHINE  MM
  AVERAGE SKY COVER 0.3


WEATHER CONDITIONS
 THE FOLLOWING WEATHER WAS RECORDED TODAY.
  NO SIGNIFICANT WEATHER WAS OBSERVED.


RELATIVE HUMIDITY (PERCENT)
 HIGHEST    96          1200 AM
 LOWEST     74           700 AM
 AVERAGE    85

..........................................................


THE HURON SD CLIMATE NORMALS FOR TOMORROW
                         NORMAL    RECORD    YEAR
 MAXIMUM TEMPERATURE (F)   28        54      1927
                                             1896
 MINIMUM TEMPERATURE (F)    7       -34      1966


SUNRISE AND SUNSET
JANUARY 27 2017.......SUNRISE   756 AM CST   SUNSET   536 PM CST
JANUARY 28 2017.......SUNRISE   755 AM CST   SUNSET   537 PM CST


-  INDICATES NEGATIVE NUMBERS.
R  INDICATES RECORD WAS SET OR TIED.
MM INDICATES DATA IS MISSING.
T  INDICATES TRACE AMOUNT.




$$
