000
CDUS43 KFSD 090621
CLIHON


CLIMATE REPORT
NATIONAL WEATHER SERVICE SIOUX FALLS SD
121 AM CDT THU OCT 9 2014


...................................

...THE HURON SD CLIMATE SUMMARY FOR OCTOBER 8 2014...

CLIMATE NORMAL PERIOD 1981 TO 2010
CLIMATE RECORD PERIOD 1881 TO 2014


WEATHER ITEM   OBSERVED TIME   RECORD YEAR NORMAL DEPARTURE LAST
                VALUE   (LST)  VALUE       VALUE  FROM      YEAR
                                                  NORMAL
..................................................................
TEMPERATURE (F)
 YESTERDAY
  MAXIMUM         64   1235 PM  86    2003  64      0       76
  MINIMUM         37    359 AM  15    1917  38     -1       53
                                      1895
  AVERAGE         51                        51      0       65

PRECIPITATION (IN)
  YESTERDAY        T             1.31 1924   0.06  -0.06     0.00
  MONTH TO DATE    0.02                      0.53  -0.51     1.69
  SINCE SEP 1      1.12                      2.99  -1.87     3.10
  SINCE JAN 1     14.68                     20.25  -5.57    20.30

SNOWFALL (IN)
  YESTERDAY        0.0           0.1  1932   0.0    0.0      0.0
  MONTH TO DATE    0.0                       0.1   -0.1      0.0
  SINCE SEP 1      0.0                       0.1   -0.1      0.0
  SINCE JUL 1      0.0                       0.1   -0.1      0.0
  SNOW DEPTH       0

DEGREE DAYS
 HEATING
  YESTERDAY       14                        14      0        0
  MONTH TO DATE  118                        99     19       75
  SINCE SEP 1    257                       266     -9      128
  SINCE JUL 1    290                       295     -5      150

 COOLING
  YESTERDAY        0                         0      0        0
  MONTH TO DATE    0                         0      0        0
  SINCE SEP 1     74                        69      5      160
  SINCE JAN 1    597                       738   -141      848
..................................................................


WIND (MPH)
  HIGHEST WIND SPEED    10   HIGHEST WIND DIRECTION    NE (50)
  HIGHEST GUST SPEED    15   HIGHEST GUST DIRECTION    SW (240)
  AVERAGE WIND SPEED     6.3


SKY COVER
  POSSIBLE SUNSHINE  MM
  AVERAGE SKY COVER 0.4


WEATHER CONDITIONS
 THE FOLLOWING WEATHER WAS RECORDED YESTERDAY.
  LIGHT RAIN


RELATIVE HUMIDITY (PERCENT)
 HIGHEST    86           900 PM
 LOWEST     32          1200 PM
 AVERAGE    59

..........................................................


THE HURON SD CLIMATE NORMALS FOR TODAY
                         NORMAL    RECORD    YEAR
 MAXIMUM TEMPERATURE (F)   64        90      1980
 MINIMUM TEMPERATURE (F)   38        16      1964


SUNRISE AND SUNSET
OCTOBER  9 2014.......SUNRISE   740 AM CDT   SUNSET   659 PM CDT
OCTOBER 10 2014.......SUNRISE   742 AM CDT   SUNSET   657 PM CDT


-  INDICATES NEGATIVE NUMBERS.
R  INDICATES RECORD WAS SET OR TIED.
MM INDICATES DATA IS MISSING.
T  INDICATES TRACE AMOUNT.




$$
