000
CDUS43 KFSD 100628
CLIHON


CLIMATE REPORT
NATIONAL WEATHER SERVICE SIOUX FALLS SD
128 AM CDT THU APR 10 2014


...................................

...THE HURON SD CLIMATE SUMMARY FOR APRIL 9 2014...

CLIMATE NORMAL PERIOD 1981 TO 2010
CLIMATE RECORD PERIOD 1881 TO 2014


WEATHER ITEM   OBSERVED TIME   RECORD YEAR NORMAL DEPARTURE LAST
                VALUE   (LST)  VALUE       VALUE  FROM      YEAR
                                                  NORMAL
..................................................................
TEMPERATURE (F)
 YESTERDAY
  MAXIMUM         85    327 PM  91    1977  56     29       27
  MINIMUM         35    601 AM  10    1997  31      4       17
                                      1959
  AVERAGE         60                        44     16       22

PRECIPITATION (IN)
  YESTERDAY        T             0.54 1995   0.07  -0.07     0.27
  MONTH TO DATE    T                         0.61  -0.61     0.67
  SINCE MAR 1      0.47                      2.07  -1.60     1.45
  SINCE JAN 1      1.03                      3.17  -2.14     2.83

SNOWFALL (IN)
  YESTERDAY        0.0           7.8  1995   0.1   -0.1      4.0
  MONTH TO DATE    T                         1.6   -1.6      4.0
  SINCE MAR 1      4.7                      10.5   -5.8     11.2
  SINCE JUL 1     26.4                      41.5  -15.1     44.4
  SNOW DEPTH       0

DEGREE DAYS
 HEATING
  YESTERDAY        5                        21    -16       43
  MONTH TO DATE  220                       208     12      243
  SINCE MAR 1   1321                      1195    126     1481
  SINCE JUL 1   7641                      7027    614     7307

 COOLING
  YESTERDAY        0                         0      0        0
  MONTH TO DATE    0                         0      0        0
  SINCE MAR 1      0                         0      0        0
  SINCE JAN 1      0                         0      0        0
..................................................................


WIND (MPH)
  HIGHEST WIND SPEED    29   HIGHEST WIND DIRECTION     N (360)
  HIGHEST GUST SPEED    35   HIGHEST GUST DIRECTION     N (340)
  AVERAGE WIND SPEED    14.1


SKY COVER
  POSSIBLE SUNSHINE  MM
  AVERAGE SKY COVER 0.0


WEATHER CONDITIONS
 THE FOLLOWING WEATHER WAS RECORDED YESTERDAY.
  LIGHT RAIN


RELATIVE HUMIDITY (PERCENT)
 HIGHEST    70           600 AM
 LOWEST     12           300 PM
 AVERAGE    41

..........................................................


THE HURON SD CLIMATE NORMALS FOR TODAY
                         NORMAL    RECORD    YEAR
 MAXIMUM TEMPERATURE (F)   57        87      1977
 MINIMUM TEMPERATURE (F)   32         9      1997


SUNRISE AND SUNSET
APRIL 10 2014.........SUNRISE   658 AM CDT   SUNSET   811 PM CDT
APRIL 11 2014.........SUNRISE   656 AM CDT   SUNSET   813 PM CDT


-  INDICATES NEGATIVE NUMBERS.
R  INDICATES RECORD WAS SET OR TIED.
MM INDICATES DATA IS MISSING.
T  INDICATES TRACE AMOUNT.




$$
