000
CDUS43 KFSD 110655
CLIHON


CLIMATE REPORT
NATIONAL WEATHER SERVICE SIOUX FALLS SD
154 AM CDT MON APR 11 2016


...................................

...THE HURON SD CLIMATE SUMMARY FOR APRIL 10 2016...

CLIMATE NORMAL PERIOD 1981 TO 2010
CLIMATE RECORD PERIOD 1881 TO 2016


WEATHER ITEM   OBSERVED TIME   RECORD YEAR NORMAL DEPARTURE LAST
                VALUE   (LST)  VALUE       VALUE  FROM      YEAR
                                                  NORMAL
..................................................................
TEMPERATURE (F)
 YESTERDAY
  MAXIMUM         64    222 PM  87    1977  57      7       60
  MINIMUM         25   1159 PM   9    1997  32     -7       26
  AVERAGE         45                        44      1       43

PRECIPITATION (IN)
  YESTERDAY        0.00          1.69 1929   0.07  -0.07     0.00
  MONTH TO DATE    0.05                      0.68  -0.63     0.25
  SINCE MAR 1      1.12                      2.14  -1.02     0.41
  SINCE JAN 1      1.99                      3.24  -1.25     1.02

SNOWFALL (IN)
  YESTERDAY        0.0          11.0  1929   0.2   -0.2      0.0
  MONTH TO DATE    T                         1.8   -1.8       T
  SINCE MAR 1      2.3                      10.7   -8.4      1.2
  SINCE JUL 1     33.0                      41.7   -8.7     22.8
  SNOW DEPTH       0

DEGREE DAYS
 HEATING
  YESTERDAY       20                        21     -1       22
  MONTH TO DATE  235                       229      6      202
  SINCE MAR 1    982                      1216   -234     1060
  SINCE JUL 1   6058                      7048   -990     6997

 COOLING
  YESTERDAY        0                         0      0        0
  MONTH TO DATE    0                         0      0        0
  SINCE MAR 1      0                         0      0        2
  SINCE JAN 1      0                         0      0        2
..................................................................


WIND (MPH)
  HIGHEST WIND SPEED    35   HIGHEST WIND DIRECTION    NW (310)
  HIGHEST GUST SPEED    44   HIGHEST GUST DIRECTION    NW (300)
  AVERAGE WIND SPEED    16.5


SKY COVER
  POSSIBLE SUNSHINE  MM
  AVERAGE SKY COVER 0.1


WEATHER CONDITIONS
 THE FOLLOWING WEATHER WAS RECORDED YESTERDAY.
  NO SIGNIFICANT WEATHER WAS OBSERVED.


RELATIVE HUMIDITY (PERCENT)
 HIGHEST    75          1100 PM
 LOWEST     29           300 PM
 AVERAGE    52

..........................................................


THE HURON SD CLIMATE NORMALS FOR TODAY
                         NORMAL    RECORD    YEAR
 MAXIMUM TEMPERATURE (F)   57        86      1931
 MINIMUM TEMPERATURE (F)   32         7      1997


SUNRISE AND SUNSET
APRIL 11 2016.........SUNRISE   655 AM CDT   SUNSET   813 PM CDT
APRIL 12 2016.........SUNRISE   653 AM CDT   SUNSET   814 PM CDT


-  INDICATES NEGATIVE NUMBERS.
R  INDICATES RECORD WAS SET OR TIED.
MM INDICATES DATA IS MISSING.
T  INDICATES TRACE AMOUNT.




$$
