000
CDUS43 KFSD 010707
CLIHON


CLIMATE REPORT
NATIONAL WEATHER SERVICE SIOUX FALLS SD
205 AM CDT TUE APR 1 2014


...................................

...THE HURON SD CLIMATE SUMMARY FOR MARCH 31 2014...

CLIMATE NORMAL PERIOD 1981 TO 2010
CLIMATE RECORD PERIOD 1881 TO 2014


WEATHER ITEM   OBSERVED TIME   RECORD YEAR NORMAL DEPARTURE LAST
                VALUE   (LST)  VALUE       VALUE  FROM      YEAR
                                                  NORMAL
..................................................................
TEMPERATURE (F)
 YESTERDAY
  MAXIMUM         46   1050 AM  86    1963  51     -5       38
                                      1946
  MINIMUM         16    850 PM   2    1975  28    -12       21
                                      1924
  AVERAGE         31                        40     -9       30

PRECIPITATION (IN)
  YESTERDAY        0.02          1.27 1998   0.07  -0.05     0.00
  MONTH TO DATE    0.47                      1.46  -0.99     0.78
  SINCE MAR 1      0.47                      1.46  -0.99     0.78
  SINCE JAN 1      1.03                      2.56  -1.53     2.16

SNOWFALL (IN)
  YESTERDAY        0.2          12.8  1998   0.2    0.0      0.0
  MONTH TO DATE    4.7                       8.9   -4.2      7.2
  SINCE MAR 1      4.7                       8.9   -4.2      7.2
  SINCE JUL 1     26.4                      39.9  -13.5     40.4
  SNOW DEPTH       0

DEGREE DAYS
 HEATING
  YESTERDAY       34                        25      9       35
  MONTH TO DATE 1101                       987    114     1238
  SINCE MAR 1   1101                       987    114     1238
  SINCE JUL 1   7421                      6819    602     7064

 COOLING
  YESTERDAY        0                         0      0        0
  MONTH TO DATE    0                         0      0        0
  SINCE MAR 1      0                         0      0        0
  SINCE JAN 1      0                         0      0        0
..................................................................


WIND (MPH)
  HIGHEST WIND SPEED    45   HIGHEST WIND DIRECTION    NW (330)
  HIGHEST GUST SPEED    55   HIGHEST GUST DIRECTION    NW (330)
  AVERAGE WIND SPEED    26.8


SKY COVER
  POSSIBLE SUNSHINE  MM
  AVERAGE SKY COVER 0.5


WEATHER CONDITIONS
 THE FOLLOWING WEATHER WAS RECORDED YESTERDAY.
  HEAVY SNOW
  LIGHT SNOW
  FOG
  BLOWING SNOW


RELATIVE HUMIDITY (PERCENT)
 HIGHEST    88           200 PM
 LOWEST     65           900 AM
 AVERAGE    77

..........................................................


THE HURON SD CLIMATE NORMALS FOR TODAY
                         NORMAL    RECORD    YEAR
 MAXIMUM TEMPERATURE (F)   52        91      2012
 MINIMUM TEMPERATURE (F)   28         2      1975


SUNRISE AND SUNSET
APRIL  1 2014.........SUNRISE   714 AM CDT   SUNSET   800 PM CDT
APRIL  2 2014.........SUNRISE   712 AM CDT   SUNSET   801 PM CDT


-  INDICATES NEGATIVE NUMBERS.
R  INDICATES RECORD WAS SET OR TIED.
MM INDICATES DATA IS MISSING.
T  INDICATES TRACE AMOUNT.




$$
