000
CDUS43 KFSD 140021
CLIHON


CLIMATE REPORT
NATIONAL WEATHER SERVICE SIOUX FALLS SD
720 PM CDT SUN JUL 13 2014


...................................

...THE HURON SD CLIMATE SUMMARY FOR JULY 13 2014...
VALID AS OF 0700 PM LOCAL TIME.

CLIMATE NORMAL PERIOD 1981 TO 2010
CLIMATE RECORD PERIOD 1881 TO 2014


WEATHER ITEM   OBSERVED TIME   RECORD YEAR NORMAL DEPARTURE LAST
                VALUE   (LST)  VALUE       VALUE  FROM      YEAR
                                                  NORMAL
..................................................................
TEMPERATURE (F)
 TODAY
  MAXIMUM         81    339 PM 106    1974  86     -5       88
  MINIMUM         60    546 AM  44    1967  62     -2       72
  AVERAGE         71                        74     -3       80

PRECIPITATION (IN)
  TODAY            0.00          1.33 1970   0.09  -0.09      T
  MONTH TO DATE    3.45                      1.14   2.31     0.81
  SINCE JUN 1      5.82                      5.07   0.75     4.27
  SINCE JAN 1     10.31                     13.05  -2.74    14.86

SNOWFALL (IN)
  TODAY            0.0           0.0    MM   0.0    0.0      0.0
  MONTH TO DATE    0.0                       0.0    0.0      0.0
  SINCE JUN 1      0.0                       0.0    0.0      0.0
  SINCE JUL 1      0.0                       0.0    0.0      0.0
  SNOW DEPTH       0

DEGREE DAYS
 HEATING
  TODAY            0                         0      0        0
  MONTH TO DATE    6                         0      6        0
  SINCE JUN 1     46                        51     -5       66
  SINCE JUL 1      6                         0      6        0

 COOLING
  TODAY            6                         9     -3       15
  MONTH TO DATE   93                       111    -18      136
  SINCE JUN 1    196                       244    -48      271
  SINCE JAN 1    258                       277    -19      309
..................................................................


WIND (MPH)
  HIGHEST WIND SPEED    22   HIGHEST WIND DIRECTION    NW (330)
  HIGHEST GUST SPEED    27   HIGHEST GUST DIRECTION    NW (320)
  AVERAGE WIND SPEED     9.3


SKY COVER
  POSSIBLE SUNSHINE  MM
  AVERAGE SKY COVER 0.0


WEATHER CONDITIONS
 THE FOLLOWING WEATHER WAS RECORDED TODAY.
  NO SIGNIFICANT WEATHER WAS OBSERVED.


RELATIVE HUMIDITY (PERCENT)
 HIGHEST    97           400 AM
 LOWEST     33           600 PM
 AVERAGE    65

..........................................................


THE HURON SD CLIMATE NORMALS FOR TOMORROW
                         NORMAL    RECORD    YEAR
 MAXIMUM TEMPERATURE (F)   86       104      1931
 MINIMUM TEMPERATURE (F)   62        41      1967


SUNRISE AND SUNSET
JULY 13 2014..........SUNRISE   601 AM CDT   SUNSET   916 PM CDT
JULY 14 2014..........SUNRISE   602 AM CDT   SUNSET   915 PM CDT


-  INDICATES NEGATIVE NUMBERS.
R  INDICATES RECORD WAS SET OR TIED.
MM INDICATES DATA IS MISSING.
T  INDICATES TRACE AMOUNT.




&&
.........................................................

ADDITIONAL WEATHER INFORMATION FOR TODAY
        TEMPERATURE / HUMIDITY
AT  4 AM      62    /    93%
AT  7 AM      61    /    93%
AT 10 AM      73    /    55%
AT  1 PM      79    /    48%
AT  4 PM      81    /    45%
AT  7 PM      77    /    34%

$$
