000
CDUS43 KFSD 130628
CLIHON


CLIMATE REPORT
NATIONAL WEATHER SERVICE SIOUX FALLS SD
1227 AM CST TUE JAN 13 2015


...................................

...THE HURON SD CLIMATE SUMMARY FOR JANUARY 12 2015...

CLIMATE NORMAL PERIOD 1981 TO 2010
CLIMATE RECORD PERIOD 1881 TO 2015


WEATHER ITEM   OBSERVED TIME   RECORD YEAR NORMAL DEPARTURE LAST
                VALUE   (LST)  VALUE       VALUE  FROM      YEAR
                                                  NORMAL
..................................................................
TEMPERATURE (F)
 YESTERDAY
  MAXIMUM          2    349 PM  62    1987  26    -24       41
  MINIMUM        -14   1002 PM -43    1912   6    -20       28
  AVERAGE         -6                        16    -22       35

PRECIPITATION (IN)
  YESTERDAY        0.00          1.00 1910   0.01  -0.01     0.00
  MONTH TO DATE    0.24                      0.20   0.04     0.04
  SINCE DEC 1      0.94                      0.72   0.22     1.05
  SINCE JAN 1      0.24                      0.20   0.04     0.04

SNOWFALL (IN)
  YESTERDAY        0.0          11.1  1910   0.2   -0.2      0.0
  MONTH TO DATE    2.7                       2.9   -0.2       T
  SINCE DEC 1      8.1                      10.9   -2.8     12.9
  SINCE JUL 1     16.0                      19.2   -3.2     15.4
  SNOW DEPTH       5

DEGREE DAYS
 HEATING
  YESTERDAY       71                        49     22       30
  MONTH TO DATE  712                       586    126      655
  SINCE DEC 1   2010                      2004      6     2341
  SINCE JUL 1   3867                      3706    161     3978

 COOLING
  YESTERDAY        0                         0      0        0
  MONTH TO DATE    0                         0      0        0
  SINCE DEC 1      0                         0      0        0
  SINCE JAN 1      0                         0      0        0
..................................................................


WIND (MPH)
  HIGHEST WIND SPEED    16   HIGHEST WIND DIRECTION     N (350)
  HIGHEST GUST SPEED    19   HIGHEST GUST DIRECTION     N (350)
  AVERAGE WIND SPEED     5.6


SKY COVER
  POSSIBLE SUNSHINE  MM
  AVERAGE SKY COVER 0.0


WEATHER CONDITIONS
 THE FOLLOWING WEATHER WAS RECORDED YESTERDAY.
  NO SIGNIFICANT WEATHER WAS OBSERVED.


RELATIVE HUMIDITY (PERCENT)
 HIGHEST    83           800 PM
 LOWEST     59           500 PM
 AVERAGE    71

..........................................................


THE HURON SD CLIMATE NORMALS FOR TODAY
                         NORMAL    RECORD    YEAR
 MAXIMUM TEMPERATURE (F)   26        59      1900
 MINIMUM TEMPERATURE (F)    6       -40      1916


SUNRISE AND SUNSET
JANUARY 13 2015.......SUNRISE   807 AM CST   SUNSET   517 PM CST
JANUARY 14 2015.......SUNRISE   806 AM CST   SUNSET   518 PM CST


-  INDICATES NEGATIVE NUMBERS.
R  INDICATES RECORD WAS SET OR TIED.
MM INDICATES DATA IS MISSING.
T  INDICATES TRACE AMOUNT.




$$
