000
CDUS43 KFSD 112230
CLIHON


CLIMATE REPORT
NATIONAL WEATHER SERVICE SIOUX FALLS SD
530 PM CDT MON JUL 11 2016


...................................

...THE HURON SD CLIMATE SUMMARY FOR JULY 11 2016...
VALID TODAY AS OF 0500 PM LOCAL TIME.

CLIMATE NORMAL PERIOD 1981 TO 2010
CLIMATE RECORD PERIOD 1881 TO 2016


WEATHER ITEM   OBSERVED TIME   RECORD YEAR NORMAL DEPARTURE LAST
                VALUE   (LST)  VALUE       VALUE  FROM      YEAR
                                                  NORMAL
..................................................................
TEMPERATURE (F)
 TODAY
  MAXIMUM         87    359 PM 110    1966  86      1       91
  MINIMUM         69   1012 AM  46    1975  61      8       69
  AVERAGE         78                        74      4       80

PRECIPITATION (IN)
  TODAY            0.01          1.91 2004   0.09  -0.08     0.15
  MONTH TO DATE    0.49                      0.95  -0.46     1.29
  SINCE JUN 1      2.40                      4.88  -2.48     5.89
  SINCE JAN 1     11.21                     12.86  -1.65    11.83

SNOWFALL (IN)
  TODAY            0.0           0.0    MM   0.0    0.0      0.0
  MONTH TO DATE    0.0                       0.0    0.0      0.0
  SINCE JUN 1      0.0                       0.0    0.0       T
  SINCE JUL 1      0.0                       0.0    0.0      0.0
  SNOW DEPTH       0

DEGREE DAYS
 HEATING
  TODAY            0                         0      0        0
  MONTH TO DATE    6                         0      6        4
  SINCE JUN 1     23                        51    -28       15
  SINCE JUL 1      6                         0      6        4

 COOLING
  TODAY           13                         9      4       15
  MONTH TO DATE   90                        93     -3       65
  SINCE JUN 1    318                       226     92      215
  SINCE JAN 1    349                       259     90      235
..................................................................


WIND (MPH)
  HIGHEST WIND SPEED    24   HIGHEST WIND DIRECTION     E (90)
  HIGHEST GUST SPEED    32   HIGHEST GUST DIRECTION     E (90)
  AVERAGE WIND SPEED    14.3


SKY COVER
  POSSIBLE SUNSHINE  MM
  AVERAGE SKY COVER 0.4


WEATHER CONDITIONS
 THE FOLLOWING WEATHER WAS RECORDED TODAY.
  THUNDERSTORM
  LIGHT RAIN


RELATIVE HUMIDITY (PERCENT)
 HIGHEST    87           600 AM
 LOWEST     55           400 PM
 AVERAGE    71

..........................................................


THE HURON SD CLIMATE NORMALS FOR TOMORROW
                         NORMAL    RECORD    YEAR
 MAXIMUM TEMPERATURE (F)   86       104      1901
                                             1886
 MINIMUM TEMPERATURE (F)   62        42      1975


SUNRISE AND SUNSET
JULY 11 2016..........SUNRISE   600 AM CDT   SUNSET   917 PM CDT
JULY 12 2016..........SUNRISE   601 AM CDT   SUNSET   916 PM CDT


-  INDICATES NEGATIVE NUMBERS.
R  INDICATES RECORD WAS SET OR TIED.
MM INDICATES DATA IS MISSING.
T  INDICATES TRACE AMOUNT.




$$
