000
CDUS43 KFSD 130626
CLIHON


CLIMATE REPORT
NATIONAL WEATHER SERVICE SIOUX FALLS SD
1226 AM CST THU NOV 13 2014


...................................

...THE HURON SD CLIMATE SUMMARY FOR NOVEMBER 12 2014...

CLIMATE NORMAL PERIOD 1981 TO 2010
CLIMATE RECORD PERIOD 1881 TO 2014


WEATHER ITEM   OBSERVED TIME   RECORD YEAR NORMAL DEPARTURE LAST
                VALUE   (LST)  VALUE       VALUE  FROM      YEAR
                                                  NORMAL
..................................................................
TEMPERATURE (F)
 YESTERDAY
  MAXIMUM         20    340 PM  71    1887  45    -25       37
  MINIMUM          7    535 AM  -6    1986  24    -17        1
                                      1940
                                      1911
  AVERAGE         14                        35    -21       19

PRECIPITATION (IN)
  YESTERDAY        0.01          1.29 1993   0.03  -0.02     0.00
  MONTH TO DATE    0.45                      0.41   0.04     0.15
  SINCE SEP 1      1.83                      4.66  -2.83     6.97
  SINCE JAN 1     15.39                     21.92  -6.53    24.17

SNOWFALL (IN)
  YESTERDAY        0.1           5.0  1922   0.2   -0.1      0.0
  MONTH TO DATE    3.3                       2.0    1.3      1.6
  SINCE SEP 1      3.3                       3.1    0.2      2.5
  SINCE JUL 1      3.3                       3.1    0.2      2.5
  SNOW DEPTH       3

DEGREE DAYS
 HEATING
  YESTERDAY       51                        30     21       46
  MONTH TO DATE  336                       326     10      369
  SINCE SEP 1    950                      1027    -77      986
  SINCE JUL 1    983                      1056    -73     1008

 COOLING
  YESTERDAY        0                         0      0        0
  MONTH TO DATE    0                         0      0        0
  SINCE SEP 1     74                        73      1      160
  SINCE JAN 1    597                       742   -145      848
..................................................................


WIND (MPH)
  HIGHEST WIND SPEED    26   HIGHEST WIND DIRECTION    NW (320)
  HIGHEST GUST SPEED    32   HIGHEST GUST DIRECTION    NW (320)
  AVERAGE WIND SPEED    18.7


SKY COVER
  POSSIBLE SUNSHINE  MM
  AVERAGE SKY COVER 0.6


WEATHER CONDITIONS
 THE FOLLOWING WEATHER WAS RECORDED YESTERDAY.
  LIGHT SNOW
  FOG


RELATIVE HUMIDITY (PERCENT)
 HIGHEST    83           800 AM
 LOWEST     67           500 PM
 AVERAGE    75

..........................................................


THE HURON SD CLIMATE NORMALS FOR TODAY
                         NORMAL    RECORD    YEAR
 MAXIMUM TEMPERATURE (F)   45        75      1999
 MINIMUM TEMPERATURE (F)   24       -11      1940


SUNRISE AND SUNSET
NOVEMBER 13 2014......SUNRISE   726 AM CST   SUNSET   508 PM CST
NOVEMBER 14 2014......SUNRISE   728 AM CST   SUNSET   507 PM CST


-  INDICATES NEGATIVE NUMBERS.
R  INDICATES RECORD WAS SET OR TIED.
MM INDICATES DATA IS MISSING.
T  INDICATES TRACE AMOUNT.




$$
