597
CDUS43 KFSD 160649
CLIHON


CLIMATE REPORT
NATIONAL WEATHER SERVICE SIOUX FALLS SD
148 AM CDT SAT JUL 16 2016


...................................

...THE HURON SD CLIMATE SUMMARY FOR JULY 15 2016...

CLIMATE NORMAL PERIOD 1981 TO 2010
CLIMATE RECORD PERIOD 1881 TO 2016


WEATHER ITEM   OBSERVED TIME   RECORD YEAR NORMAL DEPARTURE LAST
                VALUE   (LST)  VALUE       VALUE  FROM      YEAR
                                                  NORMAL
..................................................................
TEMPERATURE (F)
 YESTERDAY
  MAXIMUM         80    440 PM 109    2006  86     -6       82
  MINIMUM         53    506 AM  41    1912  62     -9       70
  AVERAGE         67                        74     -7       76

PRECIPITATION (IN)
  YESTERDAY        0.00          1.81 1943   0.09  -0.09     0.00
  MONTH TO DATE    0.49                      1.32  -0.83     1.35
  SINCE JUN 1      2.40                      5.25  -2.85     5.95
  SINCE JAN 1     11.21                     13.23  -2.02    11.89

SNOWFALL (IN)
  YESTERDAY        0.0           0.0    MM   0.0    0.0      0.0
  MONTH TO DATE    0.0                       0.0    0.0      0.0
  SINCE JUN 1      0.0                       0.0    0.0       T
  SINCE JUL 1      0.0                       0.0    0.0      0.0
  SNOW DEPTH       0

DEGREE DAYS
 HEATING
  YESTERDAY        0                         0      0        0
  MONTH TO DATE    6                         0      6        4
  SINCE JUN 1     23                        51    -28       15
  SINCE JUL 1      6                         0      6        4

 COOLING
  YESTERDAY        2                         9     -7       11
  MONTH TO DATE  105                       129    -24      121
  SINCE JUN 1    333                       262     71      271
  SINCE JAN 1    364                       295     69      291
..................................................................


WIND (MPH)
  HIGHEST WIND SPEED    13   HIGHEST WIND DIRECTION     S (180)
  HIGHEST GUST SPEED    17   HIGHEST GUST DIRECTION     E (100)
  AVERAGE WIND SPEED     4.8


SKY COVER
  POSSIBLE SUNSHINE  MM
  AVERAGE SKY COVER 0.0


WEATHER CONDITIONS
 THE FOLLOWING WEATHER WAS RECORDED YESTERDAY.
  NO SIGNIFICANT WEATHER WAS OBSERVED.


RELATIVE HUMIDITY (PERCENT)
 HIGHEST    93          1200 AM
 LOWEST     30           400 PM
 AVERAGE    62

..........................................................


THE HURON SD CLIMATE NORMALS FOR TODAY
                         NORMAL    RECORD    YEAR
 MAXIMUM TEMPERATURE (F)   86       109      1936
 MINIMUM TEMPERATURE (F)   62        42      1976


SUNRISE AND SUNSET
JULY 16 2016..........SUNRISE   604 AM CDT   SUNSET   913 PM CDT
JULY 17 2016..........SUNRISE   605 AM CDT   SUNSET   913 PM CDT


-  INDICATES NEGATIVE NUMBERS.
R  INDICATES RECORD WAS SET OR TIED.
MM INDICATES DATA IS MISSING.
T  INDICATES TRACE AMOUNT.




$$
