000
CDUS43 KFSD 240657
CLIHON


CLIMATE REPORT
NATIONAL WEATHER SERVICE SIOUX FALLS SD
1257 AM CST SUN DEC 24 2017


...................................

...THE HURON SD CLIMATE SUMMARY FOR DECEMBER 23 2017...

CLIMATE NORMAL PERIOD 1981 TO 2010
CLIMATE RECORD PERIOD 1881 TO 2017


WEATHER ITEM   OBSERVED TIME   RECORD YEAR NORMAL DEPARTURE LAST
                VALUE   (LST)  VALUE       VALUE  FROM      YEAR
                                                  NORMAL
..................................................................
TEMPERATURE (F)
 YESTERDAY
  MAXIMUM         23    249 PM  57    1894  27     -4       39
  MINIMUM          4    148 AM -30    1990   8     -4        8
  AVERAGE         14                        17     -3       24

PRECIPITATION (IN)
  YESTERDAY        0.00          0.39 1931   0.01  -0.01     0.00
  MONTH TO DATE    0.21                      0.38  -0.17     0.76
  SINCE DEC 1      0.21                      0.38  -0.17     0.76
  SINCE JAN 1     20.35                     22.76  -2.41    18.89

SNOWFALL (IN)
  YESTERDAY        0.0           6.8  1987   0.2   -0.2      0.0
  MONTH TO DATE    2.6                       5.9   -3.3     10.0
  SINCE DEC 1      2.6                       5.9   -3.3     10.0
  SINCE JUL 1      3.9                      14.2  -10.3     14.7
  SNOW DEPTH       1

DEGREE DAYS
 HEATING
  YESTERDAY       51                        48      3       41
  MONTH TO DATE  832                      1033   -201     1176
  SINCE DEC 1    832                      1033   -201     1176
  SINCE JUL 1   2397                      2735   -338     2384

 COOLING
  YESTERDAY        0                         0      0        0
  MONTH TO DATE    0                         0      0        0
  SINCE DEC 1      0                         0      0        0
  SINCE JAN 1    730                       742    -12      887
..................................................................


WIND (MPH)
  HIGHEST WIND SPEED    18   HIGHEST WIND DIRECTION     W (270)
  HIGHEST GUST SPEED    21   HIGHEST GUST DIRECTION     W (280)
  AVERAGE WIND SPEED     8.9


SKY COVER
  POSSIBLE SUNSHINE  MM
  AVERAGE SKY COVER 0.3


WEATHER CONDITIONS
 THE FOLLOWING WEATHER WAS RECORDED YESTERDAY.
  NO SIGNIFICANT WEATHER WAS OBSERVED.


RELATIVE HUMIDITY (PERCENT)
 HIGHEST    88           300 AM
 LOWEST     57           300 PM
 AVERAGE    73

..........................................................


THE HURON SD CLIMATE NORMALS FOR TODAY
                         NORMAL    RECORD    YEAR
 MAXIMUM TEMPERATURE (F)   27        51      1907
 MINIMUM TEMPERATURE (F)    7       -31      1884


SUNRISE AND SUNSET
DECEMBER 24 2017......SUNRISE   807 AM CST   SUNSET   458 PM CST
DECEMBER 25 2017......SUNRISE   808 AM CST   SUNSET   459 PM CST


-  INDICATES NEGATIVE NUMBERS.
R  INDICATES RECORD WAS SET OR TIED.
MM INDICATES DATA IS MISSING.
T  INDICATES TRACE AMOUNT.




$$
