000
CDUS43 KFSD 180653
CLIHON


CLIMATE REPORT
NATIONAL WEATHER SERVICE SIOUX FALLS SD
153 AM CDT SAT JUL 18 2015


...................................

...THE HURON SD CLIMATE SUMMARY FOR JULY 17 2015...

CLIMATE NORMAL PERIOD 1981 TO 2010
CLIMATE RECORD PERIOD 1881 TO 2015


WEATHER ITEM   OBSERVED TIME   RECORD YEAR NORMAL DEPARTURE LAST
                VALUE   (LST)  VALUE       VALUE  FROM      YEAR
                                                  NORMAL
..................................................................
TEMPERATURE (F)
 YESTERDAY
  MAXIMUM         94    322 PM 110    1936  87      7       80
  MINIMUM         64    444 AM  45    1885  62      2       58
  AVERAGE         79                        74      5       69

PRECIPITATION (IN)
  YESTERDAY        0.00          2.31 1985   0.09  -0.09     0.00
  MONTH TO DATE    1.35                      1.50  -0.15     3.45
  SINCE JUN 1      5.95                      5.43   0.52     5.82
  SINCE JAN 1     11.89                     13.41  -1.52    10.31

SNOWFALL (IN)
  YESTERDAY        0.0           0.0    MM   0.0    0.0      0.0
  MONTH TO DATE    0.0                       0.0    0.0      0.0
  SINCE JUN 1      T                         0.0    0.0      0.0
  SINCE JUL 1      0.0                       0.0    0.0      0.0
  SNOW DEPTH       0

DEGREE DAYS
 HEATING
  YESTERDAY        0                         0      0        0
  MONTH TO DATE    4                         0      4       16
  SINCE JUN 1     15                        51    -36       56
  SINCE JUL 1      4                         0      4       16

 COOLING
  YESTERDAY       14                         9      5        4
  MONTH TO DATE  149                       147      2       93
  SINCE JUN 1    299                       280     19      196
  SINCE JAN 1    319                       313      6      258
..................................................................


WIND (MPH)
  HIGHEST WIND SPEED    18   HIGHEST WIND DIRECTION     N (360)
  HIGHEST GUST SPEED    24   HIGHEST GUST DIRECTION     N (350)
  AVERAGE WIND SPEED     6.9


SKY COVER
  POSSIBLE SUNSHINE  MM
  AVERAGE SKY COVER 0.0


WEATHER CONDITIONS
 THE FOLLOWING WEATHER WAS RECORDED YESTERDAY.
  NO SIGNIFICANT WEATHER WAS OBSERVED.


RELATIVE HUMIDITY (PERCENT)
 HIGHEST   100           400 AM
 LOWEST     30           200 PM
 AVERAGE    65

..........................................................


THE HURON SD CLIMATE NORMALS FOR TODAY
                         NORMAL    RECORD    YEAR
 MAXIMUM TEMPERATURE (F)   87       107      1940
 MINIMUM TEMPERATURE (F)   62        48      2009


SUNRISE AND SUNSET
JULY 18 2015..........SUNRISE   605 AM CDT   SUNSET   912 PM CDT
JULY 19 2015..........SUNRISE   606 AM CDT   SUNSET   912 PM CDT


-  INDICATES NEGATIVE NUMBERS.
R  INDICATES RECORD WAS SET OR TIED.
MM INDICATES DATA IS MISSING.
T  INDICATES TRACE AMOUNT.




$$
