067
CDUS43 KFSD 050627
CLIHON


CLIMATE REPORT
NATIONAL WEATHER SERVICE SIOUX FALLS SD
127 AM CDT SAT AUG 5 2017


...................................

...THE HURON SD CLIMATE SUMMARY FOR AUGUST 4 2017...

CLIMATE NORMAL PERIOD 1981 TO 2010
CLIMATE RECORD PERIOD 1881 TO 2017


WEATHER ITEM   OBSERVED TIME   RECORD YEAR NORMAL DEPARTURE LAST
                VALUE   (LST)  VALUE       VALUE  FROM      YEAR
                                                  NORMAL
..................................................................
TEMPERATURE (F)
 YESTERDAY
  MAXIMUM         78    225 PM 110    1934  86     -8       84
  MINIMUM         46    533 AM  40    1974  61    -15       61
  AVERAGE         62                        73    -11       73

PRECIPITATION (IN)
  YESTERDAY        T             1.74 1995   0.09  -0.09     0.69
  MONTH TO DATE    0.10                      0.40  -0.30     0.79
  SINCE JUN 1      6.54                      7.25  -0.71     3.70
  SINCE JAN 1     10.63                     15.23  -4.60    12.51

SNOWFALL (IN)
  YESTERDAY        0.0           0.0    MM   0.0    0.0      0.0
  MONTH TO DATE    0.0                       0.0    0.0      0.0
  SINCE JUN 1      0.0                       0.0    0.0      0.0
  SINCE JUL 1      0.0                       0.0    0.0      0.0
  SNOW DEPTH       0

DEGREE DAYS
 HEATING
  YESTERDAY        3                         0      3        0
  MONTH TO DATE    6                         0      6        0
  SINCE JUN 1     37                        59    -22       23
  SINCE JUL 1      6                         8     -2        6

 COOLING
  YESTERDAY        0                         9     -9        8
  MONTH TO DATE   11                        36    -25       50
  SINCE JUN 1    514                       446     68      572
  SINCE JAN 1    535                       479     56      603
..................................................................


WIND (MPH)
  HIGHEST WIND SPEED    13   HIGHEST WIND DIRECTION    SE (140)
  HIGHEST GUST SPEED    17   HIGHEST GUST DIRECTION     S (170)
  AVERAGE WIND SPEED     5.5


SKY COVER
  POSSIBLE SUNSHINE  MM
  AVERAGE SKY COVER 0.1


WEATHER CONDITIONS
 THE FOLLOWING WEATHER WAS RECORDED YESTERDAY.
  NO SIGNIFICANT WEATHER WAS OBSERVED.


RELATIVE HUMIDITY (PERCENT)
 HIGHEST    96           100 AM
 LOWEST     38           100 PM
 AVERAGE    67

..........................................................


THE HURON SD CLIMATE NORMALS FOR TODAY
                         NORMAL    RECORD    YEAR
 MAXIMUM TEMPERATURE (F)   86       106      1937
 MINIMUM TEMPERATURE (F)   61        45      1994
                                             1974


SUNRISE AND SUNSET
AUGUST  5 2017........SUNRISE   625 AM CDT   SUNSET   852 PM CDT
AUGUST  6 2017........SUNRISE   626 AM CDT   SUNSET   851 PM CDT


-  INDICATES NEGATIVE NUMBERS.
R  INDICATES RECORD WAS SET OR TIED.
MM INDICATES DATA IS MISSING.
T  INDICATES TRACE AMOUNT.




$$
