000
CDUS43 KFSD 271032
CLIHON


CLIMATE REPORT
NATIONAL WEATHER SERVICE SIOUX FALLS SD
432 AM CST FRI JAN 27 2017


...................................

...THE HURON SD CLIMATE SUMMARY FOR JANUARY 26 2017...

CLIMATE NORMAL PERIOD 1981 TO 2010
CLIMATE RECORD PERIOD 1881 TO 2017


WEATHER ITEM   OBSERVED TIME   RECORD YEAR NORMAL DEPARTURE LAST
                VALUE   (LST)  VALUE       VALUE  FROM      YEAR
                                                  NORMAL
..................................................................
TEMPERATURE (F)
 YESTERDAY
  MAXIMUM         21    223 PM  58    2006  27     -6       27
                                      1931
  MINIMUM          2   1104 PM -26    1897   7     -5       12
  AVERAGE         12                        17     -5       20

PRECIPITATION (IN)
  YESTERDAY        T             0.27 1916   0.02  -0.02     0.00
  MONTH TO DATE    0.55                      0.42   0.13     0.29
  SINCE DEC 1      1.94                      0.94   1.00     1.57
  SINCE JAN 1      0.55                      0.42   0.13     0.29

SNOWFALL (IN)
  YESTERDAY        T             6.3  1979   0.3   -0.3      0.0
  MONTH TO DATE    7.0                       6.1    0.9      5.3
  SINCE DEC 1     17.0                      14.1    2.9     19.6
  SINCE JUL 1     21.7                      22.4   -0.7     25.2
  SNOW DEPTH       3

DEGREE DAYS
 HEATING
  YESTERDAY       53                        48      5       45
  MONTH TO DATE 1312                      1263     49     1326
  SINCE DEC 1   2811                      2681    130     2584
  SINCE JUL 1   4019                      4383   -364     3874

 COOLING
  YESTERDAY        0                         0      0        0
  MONTH TO DATE    0                         0      0        0
  SINCE DEC 1      0                         0      0        0
  SINCE JAN 1      0                         0      0        0
..................................................................


WIND (MPH)
  HIGHEST WIND SPEED    23   HIGHEST WIND DIRECTION    NW (320)
  HIGHEST GUST SPEED    29   HIGHEST GUST DIRECTION     E (70)
  AVERAGE WIND SPEED    13.8


SKY COVER
  POSSIBLE SUNSHINE  MM
  AVERAGE SKY COVER 0.8


WEATHER CONDITIONS
 THE FOLLOWING WEATHER WAS RECORDED YESTERDAY.
  LIGHT SNOW
  FOG


RELATIVE HUMIDITY (PERCENT)
 HIGHEST    91           200 AM
 LOWEST     73           100 PM
 AVERAGE    82

..........................................................


THE HURON SD CLIMATE NORMALS FOR TODAY
                         NORMAL    RECORD    YEAR
 MAXIMUM TEMPERATURE (F)   28        62      1989
 MINIMUM TEMPERATURE (F)    7       -28      1963


SUNRISE AND SUNSET
JANUARY 27 2017.......SUNRISE   756 AM CST   SUNSET   536 PM CST
JANUARY 28 2017.......SUNRISE   755 AM CST   SUNSET   537 PM CST


-  INDICATES NEGATIVE NUMBERS.
R  INDICATES RECORD WAS SET OR TIED.
MM INDICATES DATA IS MISSING.
T  INDICATES TRACE AMOUNT.




$$
