000
CDUS43 KFSD 312237
CLIHON


CLIMATE REPORT
NATIONAL WEATHER SERVICE SIOUX FALLS SD
528 PM CDT SUN MAY 31 2015


...................................

...THE HURON SD CLIMATE SUMMARY FOR MAY 31 2015...
VALID TODAY AS OF 0500 PM LOCAL TIME.

CLIMATE NORMAL PERIOD 1981 TO 2010
CLIMATE RECORD PERIOD 1881 TO 2015


WEATHER ITEM   OBSERVED TIME   RECORD YEAR NORMAL DEPARTURE LAST
                VALUE   (LST)  VALUE       VALUE  FROM      YEAR
                                                  NORMAL
..................................................................
TEMPERATURE (F)
 TODAY
  MAXIMUM         62    359 PM 101    1934  74    -12       75
  MINIMUM         43    255 AM  31    1964  51     -8       63
  AVERAGE         53                        63    -10       69

PRECIPITATION (IN)
  TODAY            T             2.94 1945   0.12  -0.12     0.45
  MONTH TO DATE    4.57                      3.11   1.46     2.05
  SINCE MAR 1      5.33                      6.88  -1.55     3.93
  SINCE JAN 1      5.94                      7.98  -2.04     4.49

SNOWFALL (IN)
  TODAY            0.0           0.0    MM   0.0    0.0      0.0
  MONTH TO DATE    0.0                       T      0.0      0.0
  SINCE MAR 1      1.2                      12.9  -11.7      6.9
  SINCE JUL 1     22.8                      43.9  -21.1     28.6
  SNOW DEPTH       0

DEGREE DAYS
 HEATING
  TODAY           12                         4      8        0
  MONTH TO DATE  256                       243     13      274
  SINCE MAR 1   1557                      1789   -232     1967
  SINCE JUL 1   7494                      7621   -127     8287

 COOLING
  TODAY            0                         2     -2        4
  MONTH TO DATE   18                        29    -11       62
  SINCE MAR 1     20                        33    -13       62
  SINCE JAN 1     20                        33    -13       62
..................................................................


WIND (MPH)
  HIGHEST WIND SPEED    18   HIGHEST WIND DIRECTION    SE (150)
  HIGHEST GUST SPEED    23   HIGHEST GUST DIRECTION    SE (150)
  AVERAGE WIND SPEED    10.2


SKY COVER
  POSSIBLE SUNSHINE  MM
  AVERAGE SKY COVER 0.3


WEATHER CONDITIONS
 THE FOLLOWING WEATHER WAS RECORDED TODAY.
  LIGHT RAIN


RELATIVE HUMIDITY (PERCENT)
 HIGHEST    89           300 AM
 LOWEST     56          1100 AM
 AVERAGE    73

..........................................................


THE HURON SD CLIMATE NORMALS FOR TOMORROW
                         NORMAL    RECORD    YEAR
 MAXIMUM TEMPERATURE (F)   75       100      1940
 MINIMUM TEMPERATURE (F)   52        36      1989
                                             1975
                                             1946


SUNRISE AND SUNSET
MAY 31 2015...........SUNRISE   552 AM CDT   SUNSET   909 PM CDT
JUNE  1 2015..........SUNRISE   552 AM CDT   SUNSET   910 PM CDT


-  INDICATES NEGATIVE NUMBERS.
R  INDICATES RECORD WAS SET OR TIED.
MM INDICATES DATA IS MISSING.
T  INDICATES TRACE AMOUNT.




$$
