587
CDUS43 KFSD 170622
CLIHON


CLIMATE REPORT
NATIONAL WEATHER SERVICE SIOUX FALLS SD
1221 AM CST SAT FEB 17 2018


...................................

...THE HURON SD CLIMATE SUMMARY FOR FEBRUARY 16 2018...

CLIMATE NORMAL PERIOD 1981 TO 2010
CLIMATE RECORD PERIOD 1881 TO 2018


WEATHER ITEM   OBSERVED TIME   RECORD YEAR NORMAL DEPARTURE LAST
                VALUE   (LST)  VALUE       VALUE  FROM      YEAR
                                                  NORMAL
..................................................................
TEMPERATURE (F)
 YESTERDAY
  MAXIMUM         29    457 PM  62    2017  32     -3       62
  MINIMUM         -5    601 AM -33    1936  12    -17       26
  AVERAGE         12                        22    -10       44

PRECIPITATION (IN)
  YESTERDAY        0.00          0.36 1984   0.02  -0.02     0.00
  MONTH TO DATE    0.30                      0.31  -0.01     0.14
  SINCE DEC 1      1.18                      1.33  -0.15     2.11
  SINCE JAN 1      0.68                      0.81  -0.13     0.72

SNOWFALL (IN)
  YESTERDAY        0.0           5.3  1938   0.2   -0.2      0.0
  MONTH TO DATE    4.4                       3.9    0.5       T
  SINCE DEC 1     17.4                      19.2   -1.8     17.0
  SINCE JUL 1     18.7                      27.5   -8.8     21.7
  SNOW DEPTH       1

DEGREE DAYS
 HEATING
  YESTERDAY       53                        43     10       21
  MONTH TO DATE  911                       725    186      623
  SINCE DEC 1   3777                      3640    137     3618
  SINCE JUL 1   5342                      5342      0     4826

 COOLING
  YESTERDAY        0                         0      0        0
  MONTH TO DATE    0                         0      0        0
  SINCE DEC 1      0                         0      0        0
  SINCE JAN 1      0                         0      0        0
..................................................................


WIND (MPH)
  HIGHEST WIND SPEED    22   HIGHEST WIND DIRECTION     S (190)
  HIGHEST GUST SPEED    28   HIGHEST GUST DIRECTION     S (190)
  AVERAGE WIND SPEED    10.7


SKY COVER
  POSSIBLE SUNSHINE  MM
  AVERAGE SKY COVER 0.1


WEATHER CONDITIONS
 THE FOLLOWING WEATHER WAS RECORDED YESTERDAY.
  NO SIGNIFICANT WEATHER WAS OBSERVED.


RELATIVE HUMIDITY (PERCENT)
 HIGHEST    87          1200 AM
 LOWEST     49          1200 PM
 AVERAGE    68

..........................................................


THE HURON SD CLIMATE NORMALS FOR TODAY
                         NORMAL    RECORD    YEAR
 MAXIMUM TEMPERATURE (F)   32        67      1913
 MINIMUM TEMPERATURE (F)   12       -29      1956
                                             1903


SUNRISE AND SUNSET
FEBRUARY 17 2018......SUNRISE   730 AM CST   SUNSET   605 PM CST
FEBRUARY 18 2018......SUNRISE   728 AM CST   SUNSET   606 PM CST


-  INDICATES NEGATIVE NUMBERS.
R  INDICATES RECORD WAS SET OR TIED.
MM INDICATES DATA IS MISSING.
T  INDICATES TRACE AMOUNT.




$$
