000
CDUS43 KFSD 130022
CLIHON


CLIMATE REPORT
NATIONAL WEATHER SERVICE SIOUX FALLS SD
722 PM CDT SAT JUL 12 2014


...................................

...THE HURON SD CLIMATE SUMMARY FOR JULY 12 2014...
VALID AS OF 0700 PM LOCAL TIME.

CLIMATE NORMAL PERIOD 1981 TO 2010
CLIMATE RECORD PERIOD 1881 TO 2014


WEATHER ITEM   OBSERVED TIME   RECORD YEAR NORMAL DEPARTURE LAST
                VALUE   (LST)  VALUE       VALUE  FROM      YEAR
                                                  NORMAL
..................................................................
TEMPERATURE (F)
 TODAY
  MAXIMUM         81    552 PM 104    1901  86     -5       93
                                      1886
  MINIMUM         65    531 AM  42    1975  62      3       70
  AVERAGE         73                        74     -1       82

PRECIPITATION (IN)
  TODAY            3.35R         1.60 1927   0.10   3.25     0.00
  MONTH TO DATE    3.45                      1.05   2.40     0.81
  SINCE JUN 1      5.82                      4.98   0.84     4.27
  SINCE JAN 1     10.31                     12.96  -2.65    14.86

SNOWFALL (IN)
  TODAY            0.0           0.0    MM   0.0    0.0      0.0
  MONTH TO DATE    0.0                       0.0    0.0      0.0
  SINCE JUN 1      0.0                       0.0    0.0      0.0
  SINCE JUL 1      0.0                       0.0    0.0      0.0
  SNOW DEPTH       0

DEGREE DAYS
 HEATING
  TODAY            0                         0      0        0
  MONTH TO DATE    6                         0      6        0
  SINCE JUN 1     46                        51     -5       66
  SINCE JUL 1      6                         0      6        0

 COOLING
  TODAY            8                         9     -1       17
  MONTH TO DATE   87                       102    -15      121
  SINCE JUN 1    190                       235    -45      256
  SINCE JAN 1    252                       268    -16      294
..................................................................


WIND (MPH)
  HIGHEST WIND SPEED    26   HIGHEST WIND DIRECTION    NW (300)
  HIGHEST GUST SPEED    35   HIGHEST GUST DIRECTION     W (290)
  AVERAGE WIND SPEED     7.2


SKY COVER
  POSSIBLE SUNSHINE  MM
  AVERAGE SKY COVER 0.5


WEATHER CONDITIONS
 THE FOLLOWING WEATHER WAS RECORDED TODAY.
  THUNDERSTORM
  HEAVY RAIN
  RAIN
  LIGHT RAIN
  FOG


RELATIVE HUMIDITY (PERCENT)
 HIGHEST   100           800 AM
 LOWEST     58           500 PM
 AVERAGE    79

..........................................................


THE HURON SD CLIMATE NORMALS FOR TOMORROW
                         NORMAL    RECORD    YEAR
 MAXIMUM TEMPERATURE (F)   86       106      1974
 MINIMUM TEMPERATURE (F)   62        44      1967


SUNRISE AND SUNSET
JULY 12 2014..........SUNRISE   600 AM CDT   SUNSET   916 PM CDT
JULY 13 2014..........SUNRISE   601 AM CDT   SUNSET   916 PM CDT


-  INDICATES NEGATIVE NUMBERS.
R  INDICATES RECORD WAS SET OR TIED.
MM INDICATES DATA IS MISSING.
T  INDICATES TRACE AMOUNT.




&&
.........................................................

ADDITIONAL WEATHER INFORMATION FOR TODAY
        TEMPERATURE / HUMIDITY
AT  4 AM      75    /    90%
AT  7 AM      66    /    27%
AT 10 AM      66    /    96%
AT  1 PM      73    /    73%
AT  4 PM      78    /    66%
AT  7 PM      80    /    60%

$$
