000
CDUS43 KFSD 200634
CLIHON


CLIMATE REPORT
NATIONAL WEATHER SERVICE SIOUX FALLS SD
132 AM CDT MON OCT 20 2014


...................................

...THE HURON SD CLIMATE SUMMARY FOR OCTOBER 19 2014...

CLIMATE NORMAL PERIOD 1981 TO 2010
CLIMATE RECORD PERIOD 1881 TO 2014


WEATHER ITEM   OBSERVED TIME   RECORD YEAR NORMAL DEPARTURE LAST
                VALUE   (LST)  VALUE       VALUE  FROM      YEAR
                                                  NORMAL
..................................................................
TEMPERATURE (F)
 YESTERDAY
  MAXIMUM         78    330 PM  87    2000  59     19       51
  MINIMUM         38   1159 PM  11    1960  34      4       39
  AVERAGE         58                        47     11       45

PRECIPITATION (IN)
  YESTERDAY        0.00          0.46 1918   0.06  -0.06     0.09
  MONTH TO DATE    0.06                      1.21  -1.15     5.06
  SINCE SEP 1      1.16                      3.67  -2.51     6.47
  SINCE JAN 1     14.72                     20.93  -6.21    23.67

SNOWFALL (IN)
  YESTERDAY        0.0           2.7  1982   0.1   -0.1      0.0
  MONTH TO DATE    0.0                       0.4   -0.4      0.0
  SINCE SEP 1      0.0                       0.4   -0.4      0.0
  SINCE JUL 1      0.0                       0.4   -0.4      0.0
  SNOW DEPTH       0

DEGREE DAYS
 HEATING
  YESTERDAY        7                        18    -11       20
  MONTH TO DATE  277                       279     -2      252
  SINCE SEP 1    416                       446    -30      305
  SINCE JUL 1    449                       475    -26      327

 COOLING
  YESTERDAY        0                         0      0        0
  MONTH TO DATE    0                         0      0        0
  SINCE SEP 1     74                        69      5      160
  SINCE JAN 1    597                       738   -141      848
..................................................................


WIND (MPH)
  HIGHEST WIND SPEED    22   HIGHEST WIND DIRECTION     N (340)
  HIGHEST GUST SPEED    31   HIGHEST GUST DIRECTION    NW (330)
  AVERAGE WIND SPEED     9.2


SKY COVER
  POSSIBLE SUNSHINE  MM
  AVERAGE SKY COVER 0.0


WEATHER CONDITIONS
 THE FOLLOWING WEATHER WAS RECORDED YESTERDAY.
  NO SIGNIFICANT WEATHER WAS OBSERVED.


RELATIVE HUMIDITY (PERCENT)
 HIGHEST    86           700 AM
 LOWEST     21           300 PM
 AVERAGE    54

..........................................................


THE HURON SD CLIMATE NORMALS FOR TODAY
                         NORMAL    RECORD    YEAR
 MAXIMUM TEMPERATURE (F)   59        91      1947
 MINIMUM TEMPERATURE (F)   34        14      1916


SUNRISE AND SUNSET
OCTOBER 20 2014.......SUNRISE   754 AM CDT   SUNSET   640 PM CDT
OCTOBER 21 2014.......SUNRISE   756 AM CDT   SUNSET   639 PM CDT


-  INDICATES NEGATIVE NUMBERS.
R  INDICATES RECORD WAS SET OR TIED.
MM INDICATES DATA IS MISSING.
T  INDICATES TRACE AMOUNT.




$$
