000
CDUS43 KFSD 220721
CLIHON


CLIMATE REPORT
NATIONAL WEATHER SERVICE SIOUX FALLS SD
209 AM CDT FRI SEP 22 2017


...................................

...THE HURON SD CLIMATE SUMMARY FOR SEPTEMBER 21 2017...

CLIMATE NORMAL PERIOD 1981 TO 2010
CLIMATE RECORD PERIOD 1881 TO 2017


WEATHER ITEM   OBSERVED TIME   RECORD YEAR NORMAL DEPARTURE LAST
                VALUE   (LST)  VALUE       VALUE  FROM      YEAR
                                                  NORMAL
..................................................................
TEMPERATURE (F)
 YESTERDAY
  MAXIMUM         85    456 PM  97    1936  72     13       75
  MINIMUM         50    649 AM  28    1974  46      4       59
                                      1934
  AVERAGE         68                        59      9       67

PRECIPITATION (IN)
  YESTERDAY        0.00          1.15 1924   0.07  -0.07     0.00
  MONTH TO DATE    1.44                      1.79  -0.35     1.20
  SINCE SEP 1      1.44                      1.79  -0.35     1.20
  SINCE JAN 1     13.75                     19.05  -5.30    15.75

SNOWFALL (IN)
  YESTERDAY        0.0           T    1995   0.0    0.0      0.0
  MONTH TO DATE    0.0                       0.0    0.0      0.0
  SINCE SEP 1      0.0                       0.0    0.0      0.0
  SINCE JUL 1      0.0                       0.0    0.0      0.0
  SNOW DEPTH       0

DEGREE DAYS
 HEATING
  YESTERDAY        0                         7     -7        0
  MONTH TO DATE   52                        86    -34       42
  SINCE SEP 1     52                        86    -34       42
  SINCE JUL 1     61                       115    -54       59

 COOLING
  YESTERDAY        3                         1      2        2
  MONTH TO DATE   99                        62     37       63
  SINCE SEP 1     99                        62     37       63
  SINCE JAN 1    719                       731    -12      869
..................................................................


WIND (MPH)
  HIGHEST WIND SPEED    23   HIGHEST WIND DIRECTION     S (170)
  HIGHEST GUST SPEED    30   HIGHEST GUST DIRECTION     S (160)
  AVERAGE WIND SPEED    11.6


SKY COVER
  POSSIBLE SUNSHINE  MM
  AVERAGE SKY COVER 0.1


WEATHER CONDITIONS
 THE FOLLOWING WEATHER WAS RECORDED YESTERDAY.
  NO SIGNIFICANT WEATHER WAS OBSERVED.


RELATIVE HUMIDITY (PERCENT)
 HIGHEST    83           400 AM
 LOWEST     53          1000 AM
 AVERAGE    68

..........................................................


THE HURON SD CLIMATE NORMALS FOR TODAY
                         NORMAL    RECORD    YEAR
 MAXIMUM TEMPERATURE (F)   72        99      1936
 MINIMUM TEMPERATURE (F)   46        24      1995


SUNRISE AND SUNSET
SEPTEMBER 22 2017.....SUNRISE   720 AM CDT   SUNSET   730 PM CDT
SEPTEMBER 23 2017.....SUNRISE   721 AM CDT   SUNSET   728 PM CDT


-  INDICATES NEGATIVE NUMBERS.
R  INDICATES RECORD WAS SET OR TIED.
MM INDICATES DATA IS MISSING.
T  INDICATES TRACE AMOUNT.




$$
