000
CDUS43 KFSD 250842
CLIHON


CLIMATE REPORT
NATIONAL WEATHER SERVICE SIOUX FALLS SD
340 AM CDT MON MAY 25 2015


...................................

...THE HURON SD CLIMATE SUMMARY FOR MAY 24 2015...

CLIMATE NORMAL PERIOD 1981 TO 2010
CLIMATE RECORD PERIOD 1881 TO 2015


WEATHER ITEM   OBSERVED TIME   RECORD YEAR NORMAL DEPARTURE LAST
                VALUE   (LST)  VALUE       VALUE  FROM      YEAR
                                                  NORMAL
..................................................................
TEMPERATURE (F)
 YESTERDAY
  MAXIMUM         63    231 PM  97    1926  72     -9       84
  MINIMUM         54    459 AM  27    1897  49      5       55
  AVERAGE         59                        61     -2       70

PRECIPITATION (IN)
  YESTERDAY        0.08          2.02 1909   0.10  -0.02     0.00
  MONTH TO DATE    4.53                      2.34   2.19     1.24
  SINCE MAR 1      5.29                      6.11  -0.82     3.12
  SINCE JAN 1      5.90                      7.21  -1.31     3.68

SNOWFALL (IN)
  YESTERDAY        0.0           0.0    MM   0.0    0.0      0.0
  MONTH TO DATE    0.0                       0.1   -0.1      0.0
  SINCE MAR 1      1.2                      13.0  -11.8      6.9
  SINCE JUL 1     22.8                      44.0  -21.2     28.6
  SNOW DEPTH       0

DEGREE DAYS
 HEATING
  YESTERDAY        6                         6      0        0
  MONTH TO DATE  218                       211      7      274
  SINCE MAR 1   1519                      1757   -238     1967
  SINCE JUL 1   7456                      7589   -133     8287

 COOLING
  YESTERDAY        0                         1     -1        5
  MONTH TO DATE    8                        21    -13       13
  SINCE MAR 1     10                        25    -15       13
  SINCE JAN 1     10                        25    -15       13
..................................................................


WIND (MPH)
  HIGHEST WIND SPEED    20   HIGHEST WIND DIRECTION     E (80)
  HIGHEST GUST SPEED    23   HIGHEST GUST DIRECTION     E (70)
  AVERAGE WIND SPEED     7.1


SKY COVER
  POSSIBLE SUNSHINE  MM
  AVERAGE SKY COVER 0.8


WEATHER CONDITIONS
 THE FOLLOWING WEATHER WAS RECORDED YESTERDAY.
  LIGHT RAIN
  FOG


RELATIVE HUMIDITY (PERCENT)
 HIGHEST   100           500 AM
 LOWEST     84           100 PM
 AVERAGE    92

..........................................................


THE HURON SD CLIMATE NORMALS FOR TODAY
                         NORMAL    RECORD    YEAR
 MAXIMUM TEMPERATURE (F)   73        93      1967
 MINIMUM TEMPERATURE (F)   49        32      1924
                                             1893


SUNRISE AND SUNSET
MAY 25 2015...........SUNRISE   556 AM CDT   SUNSET   904 PM CDT
MAY 26 2015...........SUNRISE   556 AM CDT   SUNSET   905 PM CDT


-  INDICATES NEGATIVE NUMBERS.
R  INDICATES RECORD WAS SET OR TIED.
MM INDICATES DATA IS MISSING.
T  INDICATES TRACE AMOUNT.




$$
