000
CDUS43 KFSD 030622
CLIHON


CLIMATE REPORT
NATIONAL WEATHER SERVICE SIOUX FALLS SD
122 AM CDT FRI JUL 3 2015


...................................

...THE HURON SD CLIMATE SUMMARY FOR JULY 2 2015...

CLIMATE NORMAL PERIOD 1981 TO 2010
CLIMATE RECORD PERIOD 1881 TO 2015


WEATHER ITEM   OBSERVED TIME   RECORD YEAR NORMAL DEPARTURE LAST
                VALUE   (LST)  VALUE       VALUE  FROM      YEAR
                                                  NORMAL
..................................................................
TEMPERATURE (F)
 YESTERDAY
  MAXIMUM         73    433 PM 100    2012  85    -12       75
                                      1975
  MINIMUM         59    623 AM  40    1945  60     -1       49
  AVERAGE         66                        72     -6       62

PRECIPITATION (IN)
  YESTERDAY        0.11          2.17 1958   0.08   0.03     0.00
  MONTH TO DATE    0.44                      0.16   0.28     0.01
  SINCE JUN 1      5.04                      4.09   0.95     2.38
  SINCE JAN 1     10.98                     12.07  -1.09     6.87

SNOWFALL (IN)
  YESTERDAY        0.0           0.0    MM   0.0    0.0      0.0
  MONTH TO DATE    0.0                       0.0    0.0      0.0
  SINCE JUN 1      T                         0.0    0.0      0.0
  SINCE JUL 1      0.0                       0.0    0.0      0.0
  SNOW DEPTH       0

DEGREE DAYS
 HEATING
  YESTERDAY        0                         0      0        3
  MONTH TO DATE    0                         0      0        6
  SINCE JUN 1     11                        51    -40       46
  SINCE JUL 1      0                         0      0        6

 COOLING
  YESTERDAY        1                         8     -7        0
  MONTH TO DATE    8                        16     -8        0
  SINCE JUN 1    158                       149      9      103
  SINCE JAN 1    178                       182     -4      165
..................................................................


WIND (MPH)
  HIGHEST WIND SPEED    13   HIGHEST WIND DIRECTION    SE (140)
  HIGHEST GUST SPEED    20   HIGHEST GUST DIRECTION     E (110)
  AVERAGE WIND SPEED     6.4


SKY COVER
  POSSIBLE SUNSHINE  MM
  AVERAGE SKY COVER 0.6


WEATHER CONDITIONS
 THE FOLLOWING WEATHER WAS RECORDED YESTERDAY.
  THUNDERSTORM
  RAIN
  LIGHT RAIN
  FOG
  HAZE


RELATIVE HUMIDITY (PERCENT)
 HIGHEST    93           600 AM
 LOWEST     66           400 PM
 AVERAGE    80

..........................................................


THE HURON SD CLIMATE NORMALS FOR TODAY
                         NORMAL    RECORD    YEAR
 MAXIMUM TEMPERATURE (F)   85       104      1949
 MINIMUM TEMPERATURE (F)   60        41      1967


SUNRISE AND SUNSET
JULY  3 2015..........SUNRISE   553 AM CDT   SUNSET   920 PM CDT
JULY  4 2015..........SUNRISE   554 AM CDT   SUNSET   920 PM CDT


-  INDICATES NEGATIVE NUMBERS.
R  INDICATES RECORD WAS SET OR TIED.
MM INDICATES DATA IS MISSING.
T  INDICATES TRACE AMOUNT.




$$
