000
CDUS43 KFSD 250654
CLIHON


CLIMATE REPORT
NATIONAL WEATHER SERVICE SIOUX FALLS SD
1252 AM CST SUN FEB 25 2018


...................................

...THE HURON SD CLIMATE SUMMARY FOR FEBRUARY 24 2018...

CLIMATE NORMAL PERIOD 1981 TO 2010
CLIMATE RECORD PERIOD 1881 TO 2018


WEATHER ITEM   OBSERVED TIME   RECORD YEAR NORMAL DEPARTURE LAST
                VALUE   (LST)  VALUE       VALUE  FROM      YEAR
                                                  NORMAL
..................................................................
TEMPERATURE (F)
 YESTERDAY
  MAXIMUM         21    145 PM  63    1976  35    -14       34
  MINIMUM         -7   1223 AM -33    1965  15    -22       18
  AVERAGE          7                        25    -18       26

PRECIPITATION (IN)
  YESTERDAY        0.30          0.38 2001   0.02   0.28     0.00
  MONTH TO DATE    0.96                      0.49   0.47     0.15
  SINCE DEC 1      1.84                      1.51   0.33     2.12
  SINCE JAN 1      1.34                      0.99   0.35     0.73

SNOWFALL (IN)
  YESTERDAY        3.5           7.5  2001   0.2    3.3      0.0
  MONTH TO DATE   12.6                       6.2    6.4       T
  SINCE DEC 1     25.6                      21.5    4.1     17.0
  SINCE JUL 1     26.9                      29.8   -2.9     21.7
  SNOW DEPTH       4

DEGREE DAYS
 HEATING
  YESTERDAY       58                        40     18       39
  MONTH TO DATE 1337                      1058    279      810
  SINCE DEC 1   4203                      3973    230     3805
  SINCE JUL 1   5768                      5675     93     5013

 COOLING
  YESTERDAY        0                         0      0        0
  MONTH TO DATE    0                         0      0        0
  SINCE DEC 1      0                         0      0        0
  SINCE JAN 1      0                         0      0        0
..................................................................


WIND (MPH)
  HIGHEST WIND SPEED    14   HIGHEST WIND DIRECTION     W (270)
  HIGHEST GUST SPEED    15   HIGHEST GUST DIRECTION     W (260)
  AVERAGE WIND SPEED     5.8


SKY COVER
  POSSIBLE SUNSHINE  MM
  AVERAGE SKY COVER 0.8


WEATHER CONDITIONS
 THE FOLLOWING WEATHER WAS RECORDED YESTERDAY.
  SNOW
  LIGHT SNOW
  FOG
  FOG W/VISIBILITY <= 1/4 MILE
  HAZE


RELATIVE HUMIDITY (PERCENT)
 HIGHEST   100           200 AM
 LOWEST     83          1100 PM
 AVERAGE    92

..........................................................


THE HURON SD CLIMATE NORMALS FOR TODAY
                         NORMAL    RECORD    YEAR
 MAXIMUM TEMPERATURE (F)   35        71      1958
 MINIMUM TEMPERATURE (F)   15       -18      1962
                                             1889


SUNRISE AND SUNSET
FEBRUARY 25 2018......SUNRISE   717 AM CST   SUNSET   616 PM CST
FEBRUARY 26 2018......SUNRISE   715 AM CST   SUNSET   617 PM CST


-  INDICATES NEGATIVE NUMBERS.
R  INDICATES RECORD WAS SET OR TIED.
MM INDICATES DATA IS MISSING.
T  INDICATES TRACE AMOUNT.




$$
