000
CDUS43 KFSD 230624
CLIHON


CLIMATE REPORT
NATIONAL WEATHER SERVICE SIOUX FALLS SD
1224 AM CST THU NOV 23 2017


...................................

...THE HURON SD CLIMATE SUMMARY FOR NOVEMBER 22 2017...

CLIMATE NORMAL PERIOD 1981 TO 2010
CLIMATE RECORD PERIOD 1881 TO 2017


WEATHER ITEM   OBSERVED TIME   RECORD YEAR NORMAL DEPARTURE LAST
                VALUE   (LST)  VALUE       VALUE  FROM      YEAR
                                                  NORMAL
..................................................................
TEMPERATURE (F)
 YESTERDAY
  MAXIMUM         41    435 PM  69    1974  39      2       38
  MINIMUM          8    110 AM  -7    1929  19    -11       35
                                      1898
  AVERAGE         25                        29     -4       37

PRECIPITATION (IN)
  YESTERDAY        0.00          0.42 1963   0.03  -0.03     0.00
  MONTH TO DATE    0.08                      0.69  -0.61     0.40
  SINCE SEP 1      7.83                      4.94   2.89     2.74
  SINCE JAN 1     20.14                     22.20  -2.06    17.29

SNOWFALL (IN)
  YESTERDAY        0.0           5.5  2003   0.3   -0.3      0.0
  MONTH TO DATE    1.3                       4.9   -3.6      3.9
  SINCE SEP 1      1.3                       6.0   -4.7      3.9
  SINCE JUL 1      1.3                       6.0   -4.7      3.9
  SNOW DEPTH       0

DEGREE DAYS
 HEATING
  YESTERDAY       40                        36      4       28
  MONTH TO DATE  731                       662     69      451
  SINCE SEP 1   1366                      1363      3      943
  SINCE JUL 1   1375                      1392    -17      960

 COOLING
  YESTERDAY        0                         0      0        0
  MONTH TO DATE    0                         0      0        0
  SINCE SEP 1    110                        73     37       81
  SINCE JAN 1    730                       742    -12      887
..................................................................


WIND (MPH)
  HIGHEST WIND SPEED    20   HIGHEST WIND DIRECTION     S (180)
  HIGHEST GUST SPEED    27   HIGHEST GUST DIRECTION    SE (150)
  AVERAGE WIND SPEED     9.2


SKY COVER
  POSSIBLE SUNSHINE  MM
  AVERAGE SKY COVER 0.1


WEATHER CONDITIONS
 THE FOLLOWING WEATHER WAS RECORDED YESTERDAY.
  NO SIGNIFICANT WEATHER WAS OBSERVED.


RELATIVE HUMIDITY (PERCENT)
 HIGHEST    85          1100 PM
 LOWEST     45           400 PM
 AVERAGE    65

..........................................................


THE HURON SD CLIMATE NORMALS FOR TODAY
                         NORMAL    RECORD    YEAR
 MAXIMUM TEMPERATURE (F)   38        59      1902
 MINIMUM TEMPERATURE (F)   18       -19      1985


SUNRISE AND SUNSET
NOVEMBER 23 2017......SUNRISE   740 AM CST   SUNSET   459 PM CST
NOVEMBER 24 2017......SUNRISE   741 AM CST   SUNSET   458 PM CST


-  INDICATES NEGATIVE NUMBERS.
R  INDICATES RECORD WAS SET OR TIED.
MM INDICATES DATA IS MISSING.
T  INDICATES TRACE AMOUNT.




$$
