000
CDUS43 KFSD 040626
CLIHON


CLIMATE REPORT
NATIONAL WEATHER SERVICE SIOUX FALLS SD
125 AM CDT TUE AUG 4 2015


...................................

...THE HURON SD CLIMATE SUMMARY FOR AUGUST 3 2015...

CLIMATE NORMAL PERIOD 1981 TO 2010
CLIMATE RECORD PERIOD 1881 TO 2015


WEATHER ITEM   OBSERVED TIME   RECORD YEAR NORMAL DEPARTURE LAST
                VALUE   (LST)  VALUE       VALUE  FROM      YEAR
                                                  NORMAL
..................................................................
TEMPERATURE (F)
 YESTERDAY
  MAXIMUM         83    421 PM 104    1947  86     -3       88
                                      1941
                                      1930
  MINIMUM         55    528 AM  40    1978  61     -6       58
  AVERAGE         69                        74     -5       73

PRECIPITATION (IN)
  YESTERDAY        0.00          2.33 2007   0.10  -0.10      T
  MONTH TO DATE    0.00                      0.31  -0.31     0.04
  SINCE JUN 1      8.21                      7.16   1.05     6.08
  SINCE JAN 1     14.15                     15.14  -0.99    10.57

SNOWFALL (IN)
  YESTERDAY        0.0           0.0    MM   0.0    0.0      0.0
  MONTH TO DATE    0.0                       0.0    0.0      0.0
  SINCE JUN 1      T                         0.0    0.0      0.0
  SINCE JUL 1      0.0                       0.0    0.0      0.0
  SNOW DEPTH       0

DEGREE DAYS
 HEATING
  YESTERDAY        0                         0      0        0
  MONTH TO DATE    0                         0      0        0
  SINCE JUN 1     15                        59    -44       63
  SINCE JUL 1      4                         8     -4       23

 COOLING
  YESTERDAY        4                         9     -5        8
  MONTH TO DATE   21                        27     -6       23
  SINCE JUN 1    453                       437     16      303
  SINCE JAN 1    473                       470      3      365
..................................................................


WIND (MPH)
  HIGHEST WIND SPEED    12   HIGHEST WIND DIRECTION    NW (330)
  HIGHEST GUST SPEED    15   HIGHEST GUST DIRECTION    NW (310)
  AVERAGE WIND SPEED     3.8


SKY COVER
  POSSIBLE SUNSHINE  MM
  AVERAGE SKY COVER 0.0


WEATHER CONDITIONS
 THE FOLLOWING WEATHER WAS RECORDED YESTERDAY.
  NO SIGNIFICANT WEATHER WAS OBSERVED.


RELATIVE HUMIDITY (PERCENT)
 HIGHEST   100           400 AM
 LOWEST     34           300 PM
 AVERAGE    67

..........................................................


THE HURON SD CLIMATE NORMALS FOR TODAY
                         NORMAL    RECORD    YEAR
 MAXIMUM TEMPERATURE (F)   86       110      1934
 MINIMUM TEMPERATURE (F)   61        40      1974


SUNRISE AND SUNSET
AUGUST  4 2015........SUNRISE   623 AM CDT   SUNSET   854 PM CDT
AUGUST  5 2015........SUNRISE   624 AM CDT   SUNSET   853 PM CDT


-  INDICATES NEGATIVE NUMBERS.
R  INDICATES RECORD WAS SET OR TIED.
MM INDICATES DATA IS MISSING.
T  INDICATES TRACE AMOUNT.




$$
