000
CDUS43 KFSD 240642
CLIHON


CLIMATE REPORT
NATIONAL WEATHER SERVICE SIOUX FALLS SD
140 AM CDT THU APR 24 2014


...................................

...THE HURON SD CLIMATE SUMMARY FOR APRIL 23 2014...

CLIMATE NORMAL PERIOD 1981 TO 2010
CLIMATE RECORD PERIOD 1881 TO 2014


WEATHER ITEM   OBSERVED TIME   RECORD YEAR NORMAL DEPARTURE LAST
                VALUE   (LST)  VALUE       VALUE  FROM      YEAR
                                                  NORMAL
..................................................................
TEMPERATURE (F)
 YESTERDAY
  MAXIMUM         70    229 PM  91    2009  63      7       42
  MINIMUM         50   1159 PM   8    2013  37     13        8
  AVERAGE         60                        50     10       25

PRECIPITATION (IN)
  YESTERDAY        T             1.23 2010   0.08  -0.08     0.00
  MONTH TO DATE    0.18                      1.69  -1.51     2.89
  SINCE MAR 1      0.65                      3.15  -2.50     3.67
  SINCE JAN 1      1.21                      4.25  -3.04     5.05

SNOWFALL (IN)
  YESTERDAY        0.0           2.8  2001   0.1   -0.1      0.0
  MONTH TO DATE    2.2                       3.6   -1.4     19.7
  SINCE MAR 1      6.9                      12.5   -5.6     26.9
  SINCE JUL 1     28.6                      43.5  -14.9     60.1
  SNOW DEPTH       0

DEGREE DAYS
 HEATING
  YESTERDAY        5                        15    -10       40
  MONTH TO DATE  488                       462     26      727
  SINCE MAR 1   1589                      1449    140     1965
  SINCE JUL 1   7909                      7281    628     7791

 COOLING
  YESTERDAY        0                         0      0        0
  MONTH TO DATE    0                         0      0        0
  SINCE MAR 1      0                         0      0        0
  SINCE JAN 1      0                         0      0        0
..................................................................


WIND (MPH)
  HIGHEST WIND SPEED    33   HIGHEST WIND DIRECTION    SE (150)
  HIGHEST GUST SPEED    50   HIGHEST GUST DIRECTION    SE (150)
  AVERAGE WIND SPEED    19.7


SKY COVER
  POSSIBLE SUNSHINE  MM
  AVERAGE SKY COVER 0.5


WEATHER CONDITIONS
 THE FOLLOWING WEATHER WAS RECORDED YESTERDAY.
  THUNDERSTORM
  LIGHT RAIN


RELATIVE HUMIDITY (PERCENT)
 HIGHEST    63          1100 PM
 LOWEST     33           200 PM
 AVERAGE    48

..........................................................


THE HURON SD CLIMATE NORMALS FOR TODAY
                         NORMAL    RECORD    YEAR
 MAXIMUM TEMPERATURE (F)   63        90      1906
 MINIMUM TEMPERATURE (F)   37        21      2005


SUNRISE AND SUNSET
APRIL 24 2014.........SUNRISE   634 AM CDT   SUNSET   829 PM CDT
APRIL 25 2014.........SUNRISE   633 AM CDT   SUNSET   830 PM CDT


-  INDICATES NEGATIVE NUMBERS.
R  INDICATES RECORD WAS SET OR TIED.
MM INDICATES DATA IS MISSING.
T  INDICATES TRACE AMOUNT.




$$
