548
CDUS43 KFSD 250629
CLIHON


CLIMATE REPORT
NATIONAL WEATHER SERVICE SIOUX FALLS SD
129 AM CDT SAT MAR 25 2017


...................................

...THE HURON SD CLIMATE SUMMARY FOR MARCH 24 2017...

CLIMATE NORMAL PERIOD 1981 TO 2010
CLIMATE RECORD PERIOD 1881 TO 2017


WEATHER ITEM   OBSERVED TIME   RECORD YEAR NORMAL DEPARTURE LAST
                VALUE   (LST)  VALUE       VALUE  FROM      YEAR
                                                  NORMAL
..................................................................
TEMPERATURE (F)
 YESTERDAY
  MAXIMUM         49    424 PM  80    1907  48      1       50
  MINIMUM         32    933 PM  -2    1952  26      6       18
  AVERAGE         41                        37      4       34

PRECIPITATION (IN)
  YESTERDAY        0.00          1.15 1987   0.05  -0.05     0.00
  MONTH TO DATE    0.77                      1.01  -0.24     0.54
  SINCE MAR 1      0.77                      1.01  -0.24     0.54
  SINCE JAN 1      1.57                      2.11  -0.54     1.41

SNOWFALL (IN)
  YESTERDAY        0.0           9.5  1975   0.2   -0.2      0.0
  MONTH TO DATE   13.9                       7.2    6.7      1.7
  SINCE MAR 1     13.9                       7.2    6.7      1.7
  SINCE JUL 1     35.9                      38.2   -2.3     32.4
  SNOW DEPTH       0

DEGREE DAYS
 HEATING
  YESTERDAY       24                        28     -4       31
  MONTH TO DATE  810                       800     10      581
  SINCE MAR 1    810                       800     10      581
  SINCE JUL 1   5959                      6632   -673     5657

 COOLING
  YESTERDAY        0                         0      0        0
  MONTH TO DATE    0                         0      0        0
  SINCE MAR 1      0                         0      0        0
  SINCE JAN 1      0                         0      0        0
..................................................................


WIND (MPH)
  HIGHEST WIND SPEED    21   HIGHEST WIND DIRECTION     N (10)
  HIGHEST GUST SPEED    25   HIGHEST GUST DIRECTION     N (10)
  AVERAGE WIND SPEED    11.6


SKY COVER
  POSSIBLE SUNSHINE  MM
  AVERAGE SKY COVER 0.7


WEATHER CONDITIONS
 THE FOLLOWING WEATHER WAS RECORDED YESTERDAY.
  NO SIGNIFICANT WEATHER WAS OBSERVED.


RELATIVE HUMIDITY (PERCENT)
 HIGHEST   100          1200 AM
 LOWEST     65           200 PM
 AVERAGE    83

..........................................................


THE HURON SD CLIMATE NORMALS FOR TODAY
                         NORMAL    RECORD    YEAR
 MAXIMUM TEMPERATURE (F)   48        80      1908
 MINIMUM TEMPERATURE (F)   26       -14      1893


SUNRISE AND SUNSET
MARCH 25 2017.........SUNRISE   726 AM CDT   SUNSET   752 PM CDT
MARCH 26 2017.........SUNRISE   724 AM CDT   SUNSET   753 PM CDT


-  INDICATES NEGATIVE NUMBERS.
R  INDICATES RECORD WAS SET OR TIED.
MM INDICATES DATA IS MISSING.
T  INDICATES TRACE AMOUNT.




$$
