000
CDUS43 KFSD 160628
CLIHON


CLIMATE REPORT
NATIONAL WEATHER SERVICE SIOUX FALLS SD
125 AM CDT MON OCT 16 2017


...................................

...THE HURON SD CLIMATE SUMMARY FOR OCTOBER 15 2017...

CLIMATE NORMAL PERIOD 1981 TO 2010
CLIMATE RECORD PERIOD 1881 TO 2017


WEATHER ITEM   OBSERVED TIME   RECORD YEAR NORMAL DEPARTURE LAST
                VALUE   (LST)  VALUE       VALUE  FROM      YEAR
                                                  NORMAL
..................................................................
TEMPERATURE (F)
 YESTERDAY
  MAXIMUM         60    417 PM  92    1958  61     -1       74
  MINIMUM         30    604 AM  15    1893  36     -6       49
  AVERAGE         45                        48     -3       62

PRECIPITATION (IN)
  YESTERDAY        0.00          1.35 1957   0.06  -0.06     0.00
  MONTH TO DATE    1.74                      0.96   0.78     0.78
  SINCE SEP 1      7.71                      3.42   4.29     2.07
  SINCE JAN 1     20.02                     20.68  -0.66    16.62

SNOWFALL (IN)
  YESTERDAY        0.0           0.4  1992   0.1   -0.1      0.0
  MONTH TO DATE    0.0                       0.3   -0.3      0.0
  SINCE SEP 1      0.0                       0.3   -0.3      0.0
  SINCE JUL 1      0.0                       0.3   -0.3      0.0
  SNOW DEPTH       0

DEGREE DAYS
 HEATING
  YESTERDAY       20                        17      3        3
  MONTH TO DATE  213                       208      5      171
  SINCE SEP 1    336                       375    -39      271
  SINCE JUL 1    345                       404    -59      288

 COOLING
  YESTERDAY        0                         0      0        0
  MONTH TO DATE    2                         0      2        4
  SINCE SEP 1    109                        69     40       80
  SINCE JAN 1    729                       738     -9      886
..................................................................


WIND (MPH)
  HIGHEST WIND SPEED    25   HIGHEST WIND DIRECTION     W (290)
  HIGHEST GUST SPEED    31   HIGHEST GUST DIRECTION     W (290)
  AVERAGE WIND SPEED     9.9


SKY COVER
  POSSIBLE SUNSHINE  MM
  AVERAGE SKY COVER 0.0


WEATHER CONDITIONS
 THE FOLLOWING WEATHER WAS RECORDED YESTERDAY.
  NO SIGNIFICANT WEATHER WAS OBSERVED.


RELATIVE HUMIDITY (PERCENT)
 HIGHEST   100           200 AM
 LOWEST     36           400 PM
 AVERAGE    68

..........................................................


THE HURON SD CLIMATE NORMALS FOR TODAY
                         NORMAL    RECORD    YEAR
 MAXIMUM TEMPERATURE (F)   61        92      1991
                                             1910
 MINIMUM TEMPERATURE (F)   35        17      1976


SUNRISE AND SUNSET
OCTOBER 16 2017.......SUNRISE   750 AM CDT   SUNSET   646 PM CDT
OCTOBER 17 2017.......SUNRISE   751 AM CDT   SUNSET   645 PM CDT


-  INDICATES NEGATIVE NUMBERS.
R  INDICATES RECORD WAS SET OR TIED.
MM INDICATES DATA IS MISSING.
T  INDICATES TRACE AMOUNT.




$$
