000
CDUS43 KFSD 030622
CLIHON


CLIMATE REPORT
NATIONAL WEATHER SERVICE SIOUX FALLS SD
1222 AM CST TUE MAR 3 2015


...................................

...THE HURON SD CLIMATE SUMMARY FOR MARCH 2 2015...

CLIMATE NORMAL PERIOD 1981 TO 2010
CLIMATE RECORD PERIOD 1881 TO 2015


WEATHER ITEM   OBSERVED TIME   RECORD YEAR NORMAL DEPARTURE LAST
                VALUE   (LST)  VALUE       VALUE  FROM      YEAR
                                                  NORMAL
..................................................................
TEMPERATURE (F)
 YESTERDAY
  MAXIMUM         36    107 PM  73    1974  37     -1        5
  MINIMUM          2    452 AM -20    1913  17    -15      -18
  AVERAGE         19                        27     -8       -6

PRECIPITATION (IN)
  YESTERDAY        0.00          1.04 1906   0.03  -0.03     0.00
  MONTH TO DATE    0.00                      0.06  -0.06     0.03
  SINCE MAR 1      0.00                      0.06  -0.06     0.03
  SINCE JAN 1      0.61                      1.16  -0.55     0.59

SNOWFALL (IN)
  YESTERDAY        0.0           9.1  1906   0.4   -0.4      0.0
  MONTH TO DATE    0.0                       0.7   -0.7      1.0
  SINCE MAR 1      0.0                       0.7   -0.7      1.0
  SINCE JUL 1     21.6                      31.7  -10.1     22.7
  SNOW DEPTH       2

DEGREE DAYS
 HEATING
  YESTERDAY       46                        38      8       71
  MONTH TO DATE   95                        76     19      139
  SINCE MAR 1     95                        76     19      139
  SINCE JUL 1   6032                      5908    124     6459

 COOLING
  YESTERDAY        0                         0      0        0
  MONTH TO DATE    0                         0      0        0
  SINCE MAR 1      0                         0      0        0
  SINCE JAN 1      0                         0      0        0
..................................................................


WIND (MPH)
  HIGHEST WIND SPEED    29   HIGHEST WIND DIRECTION     S (160)
  HIGHEST GUST SPEED    38   HIGHEST GUST DIRECTION    SE (150)
  AVERAGE WIND SPEED    13.6


SKY COVER
  POSSIBLE SUNSHINE  MM
  AVERAGE SKY COVER 0.4


WEATHER CONDITIONS
 THE FOLLOWING WEATHER WAS RECORDED YESTERDAY.
  FOG


RELATIVE HUMIDITY (PERCENT)
 HIGHEST    91           300 AM
 LOWEST     44           100 PM
 AVERAGE    68

..........................................................


THE HURON SD CLIMATE NORMALS FOR TODAY
                         NORMAL    RECORD    YEAR
 MAXIMUM TEMPERATURE (F)   38        74      1905
 MINIMUM TEMPERATURE (F)   18       -15      1960
                                             1884


SUNRISE AND SUNSET
MARCH  3 2015.........SUNRISE   707 AM CST   SUNSET   623 PM CST
MARCH  4 2015.........SUNRISE   705 AM CST   SUNSET   625 PM CST


-  INDICATES NEGATIVE NUMBERS.
R  INDICATES RECORD WAS SET OR TIED.
MM INDICATES DATA IS MISSING.
T  INDICATES TRACE AMOUNT.




$$
