000
CDUS43 KFSD 280717
CLIHON


CLIMATE REPORT
NATIONAL WEATHER SERVICE SIOUX FALLS SD
215 AM CDT FRI AUG 28 2015


...................................

...THE HURON SD CLIMATE SUMMARY FOR AUGUST 27 2015...

CLIMATE NORMAL PERIOD 1981 TO 2010
CLIMATE RECORD PERIOD 1881 TO 2015


WEATHER ITEM   OBSERVED TIME   RECORD YEAR NORMAL DEPARTURE LAST
                VALUE   (LST)  VALUE       VALUE  FROM      YEAR
                                                  NORMAL
..................................................................
TEMPERATURE (F)
 YESTERDAY
  MAXIMUM         80    349 PM 102    1973  82     -2       80
  MINIMUM         64    621 AM  40    1911  57      7       59
                                      1896
  AVERAGE         72                        70      2       70

PRECIPITATION (IN)
  YESTERDAY        0.08          1.52 1936   0.06   0.02      T
  MONTH TO DATE    5.04                      2.15   2.89     2.36
  SINCE JUN 1     13.25                      9.00   4.25     8.40
  SINCE JAN 1     19.19                     16.98   2.21    12.89

SNOWFALL (IN)
  YESTERDAY        0.0           0.0    MM   0.0    0.0      0.0
  MONTH TO DATE    0.0                       0.0    0.0      0.0
  SINCE JUN 1      T                         0.0    0.0      0.0
  SINCE JUL 1      0.0                       0.0    0.0      0.0
  SNOW DEPTH       0

DEGREE DAYS
 HEATING
  YESTERDAY        0                         1     -1        0
  MONTH TO DATE   36                        11     25       10
  SINCE JUN 1     51                        70    -19       73
  SINCE JUL 1     40                        19     21       33

 COOLING
  YESTERDAY        7                         6      1        5
  MONTH TO DATE  170                       205    -35      161
  SINCE JUN 1    602                       615    -13      441
  SINCE JAN 1    622                       648    -26      503
..................................................................


WIND (MPH)
  HIGHEST WIND SPEED    23   HIGHEST WIND DIRECTION     E (100)
  HIGHEST GUST SPEED    30   HIGHEST GUST DIRECTION     E (80)
  AVERAGE WIND SPEED     9.4


SKY COVER
  POSSIBLE SUNSHINE  MM
  AVERAGE SKY COVER 0.5


WEATHER CONDITIONS
 THE FOLLOWING WEATHER WAS RECORDED YESTERDAY.
  THUNDERSTORM
  LIGHT RAIN


RELATIVE HUMIDITY (PERCENT)
 HIGHEST    93           400 AM
 LOWEST     69           200 PM
 AVERAGE    81

..........................................................


THE HURON SD CLIMATE NORMALS FOR TODAY
                         NORMAL    RECORD    YEAR
 MAXIMUM TEMPERATURE (F)   82       101      1937
 MINIMUM TEMPERATURE (F)   57        34      1893


SUNRISE AND SUNSET
AUGUST 28 2015........SUNRISE   651 AM CDT   SUNSET   817 PM CDT
AUGUST 29 2015........SUNRISE   652 AM CDT   SUNSET   815 PM CDT


-  INDICATES NEGATIVE NUMBERS.
R  INDICATES RECORD WAS SET OR TIED.
MM INDICATES DATA IS MISSING.
T  INDICATES TRACE AMOUNT.




$$
