000
CDUS43 KFSD 250638
CLIHON


CLIMATE REPORT
NATIONAL WEATHER SERVICE SIOUX FALLS SD
1235 AM CST TUE NOV 25 2014


...................................

...THE HURON SD CLIMATE SUMMARY FOR NOVEMBER 24 2014...

CLIMATE NORMAL PERIOD 1981 TO 2010
CLIMATE RECORD PERIOD 1881 TO 2014


WEATHER ITEM   OBSERVED TIME   RECORD YEAR NORMAL DEPARTURE LAST
                VALUE   (LST)  VALUE       VALUE  FROM      YEAR
                                                  NORMAL
..................................................................
TEMPERATURE (F)
 YESTERDAY
  MAXIMUM         27    347 PM  70    1923  38    -11       43
  MINIMUM         10   1048 PM -15    1985  18     -8       12
  AVERAGE         19                        28     -9       28

PRECIPITATION (IN)
  YESTERDAY        T             0.41 2001   0.02  -0.02     0.00
  MONTH TO DATE    0.72                      0.74  -0.02     0.16
  SINCE SEP 1      2.10                      4.99  -2.89     6.98
  SINCE JAN 1     15.66                     22.25  -6.59    24.18

SNOWFALL (IN)
  YESTERDAY        T             6.9  1993   0.3   -0.3      0.0
  MONTH TO DATE    7.7                       5.5    2.2      1.6
  SINCE SEP 1      7.7                       6.6    1.1      2.5
  SINCE JUL 1      7.7                       6.6    1.1      2.5
  SNOW DEPTH       T

DEGREE DAYS
 HEATING
  YESTERDAY       46                        37      9       37
  MONTH TO DATE  922                       736    186      756
  SINCE SEP 1   1536                      1437     99     1373
  SINCE JUL 1   1569                      1466    103     1395

 COOLING
  YESTERDAY        0                         0      0        0
  MONTH TO DATE    0                         0      0        0
  SINCE SEP 1     74                        73      1      160
  SINCE JAN 1    597                       742   -145      848
..................................................................


WIND (MPH)
  HIGHEST WIND SPEED    35   HIGHEST WIND DIRECTION    NW (330)
  HIGHEST GUST SPEED    40   HIGHEST GUST DIRECTION    NW (320)
  AVERAGE WIND SPEED    19.5


SKY COVER
  POSSIBLE SUNSHINE  MM
  AVERAGE SKY COVER 0.4


WEATHER CONDITIONS
 THE FOLLOWING WEATHER WAS RECORDED YESTERDAY.
  LIGHT SNOW


RELATIVE HUMIDITY (PERCENT)
 HIGHEST    83          1000 PM
 LOWEST     55           200 PM
 AVERAGE    69

..........................................................


THE HURON SD CLIMATE NORMALS FOR TODAY
                         NORMAL    RECORD    YEAR
 MAXIMUM TEMPERATURE (F)   37        68      1960
 MINIMUM TEMPERATURE (F)   17       -15      1977


SUNRISE AND SUNSET
NOVEMBER 25 2014......SUNRISE   742 AM CST   SUNSET   458 PM CST
NOVEMBER 26 2014......SUNRISE   743 AM CST   SUNSET   457 PM CST


-  INDICATES NEGATIVE NUMBERS.
R  INDICATES RECORD WAS SET OR TIED.
MM INDICATES DATA IS MISSING.
T  INDICATES TRACE AMOUNT.




$$
