000
CDUS43 KFSD 170622
CLIHON


CLIMATE REPORT
NATIONAL WEATHER SERVICE SIOUX FALLS SD
1221 AM CST TUE JAN 17 2017


...................................

...THE HURON SD CLIMATE SUMMARY FOR JANUARY 16 2017...

CLIMATE NORMAL PERIOD 1981 TO 2010
CLIMATE RECORD PERIOD 1881 TO 2017


WEATHER ITEM   OBSERVED TIME   RECORD YEAR NORMAL DEPARTURE LAST
                VALUE   (LST)  VALUE       VALUE  FROM      YEAR
                                                  NORMAL
..................................................................
TEMPERATURE (F)
 YESTERDAY
  MAXIMUM         20    426 PM  50    1996  27     -7       10
  MINIMUM          3   1142 PM -28    1890   6     -3      -18
  AVERAGE         12                        16     -4       -4

PRECIPITATION (IN)
  YESTERDAY        0.00          0.44 1897   0.01  -0.01     0.03
  MONTH TO DATE    0.33                      0.26   0.07     0.08
  SINCE DEC 1      1.72                      0.78   0.94     1.36
  SINCE JAN 1      0.33                      0.26   0.07     0.08

SNOWFALL (IN)
  YESTERDAY        0.0           4.4  1932   0.2   -0.2      1.0
                                      1897
  MONTH TO DATE    4.0                       3.8    0.2      1.7
  SINCE DEC 1     14.0                      11.8    2.2     16.0
  SINCE JUL 1     18.7                      20.1   -1.4     21.6
  SNOW DEPTH       3

DEGREE DAYS
 HEATING
  YESTERDAY       53                        49      4       69
  MONTH TO DATE  929                       782    147      825
  SINCE DEC 1   2428                      2200    228     2083
  SINCE JUL 1   3636                      3902   -266     3373

 COOLING
  YESTERDAY        0                         0      0        0
  MONTH TO DATE    0                         0      0        0
  SINCE DEC 1      0                         0      0        0
  SINCE JAN 1      0                         0      0        0
..................................................................


WIND (MPH)
  HIGHEST WIND SPEED    14   HIGHEST WIND DIRECTION    NW (320)
  HIGHEST GUST SPEED    24   HIGHEST GUST DIRECTION    SW (230)
  AVERAGE WIND SPEED     5.0


SKY COVER
  POSSIBLE SUNSHINE  MM
  AVERAGE SKY COVER 0.0


WEATHER CONDITIONS
 THE FOLLOWING WEATHER WAS RECORDED YESTERDAY.
  NO SIGNIFICANT WEATHER WAS OBSERVED.


RELATIVE HUMIDITY (PERCENT)
 HIGHEST    92           800 AM
 LOWEST     73          1100 AM
 AVERAGE    83

..........................................................


THE HURON SD CLIMATE NORMALS FOR TODAY
                         NORMAL    RECORD    YEAR
 MAXIMUM TEMPERATURE (F)   27        58      1923
 MINIMUM TEMPERATURE (F)    6       -29      1930


SUNRISE AND SUNSET
JANUARY 17 2017.......SUNRISE   804 AM CST   SUNSET   522 PM CST
JANUARY 18 2017.......SUNRISE   804 AM CST   SUNSET   524 PM CST


-  INDICATES NEGATIVE NUMBERS.
R  INDICATES RECORD WAS SET OR TIED.
MM INDICATES DATA IS MISSING.
T  INDICATES TRACE AMOUNT.




$$
