000
CDUS43 KFSD 120029
CLIHON


CLIMATE REPORT
NATIONAL WEATHER SERVICE SIOUX FALLS SD
725 PM CDT FRI JUL 11 2014


...................................

...THE HURON SD CLIMATE SUMMARY FOR JULY 11 2014...
VALID AS OF 0700 PM LOCAL TIME.

CLIMATE NORMAL PERIOD 1981 TO 2010
CLIMATE RECORD PERIOD 1881 TO 2014


WEATHER ITEM   OBSERVED TIME   RECORD YEAR NORMAL DEPARTURE LAST
                VALUE   (LST)  VALUE       VALUE  FROM      YEAR
                                                  NORMAL
..................................................................
TEMPERATURE (F)
 TODAY
  MAXIMUM         94    436 PM 110    1966  86      8       87
  MINIMUM         72    604 AM  46    1975  61     11       64
  AVERAGE         83                        74      9       76

PRECIPITATION (IN)
  TODAY            0.00          1.91 2004   0.09  -0.09     0.18
  MONTH TO DATE    0.10                      0.95  -0.85     0.81
  SINCE JUN 1      2.47                      4.88  -2.41     4.27
  SINCE JAN 1      6.96                     12.86  -5.90    14.86

SNOWFALL (IN)
  TODAY            0.0           0.0    MM   0.0    0.0      0.0
  MONTH TO DATE    0.0                       0.0    0.0      0.0
  SINCE JUN 1      0.0                       0.0    0.0      0.0
  SINCE JUL 1      0.0                       0.0    0.0      0.0
  SNOW DEPTH       0

DEGREE DAYS
 HEATING
  TODAY            0                         0      0        0
  MONTH TO DATE    6                         0      6        0
  SINCE JUN 1     46                        51     -5       66
  SINCE JUL 1      6                         0      6        0

 COOLING
  TODAY           18                         9      9       11
  MONTH TO DATE   79                        93    -14      104
  SINCE JUN 1    182                       226    -44      239
  SINCE JAN 1    244                       259    -15      277
..................................................................


WIND (MPH)
  HIGHEST WIND SPEED    24   HIGHEST WIND DIRECTION     S (190)
  HIGHEST GUST SPEED    32   HIGHEST GUST DIRECTION     S (200)
  AVERAGE WIND SPEED     9.2


SKY COVER
  POSSIBLE SUNSHINE  MM
  AVERAGE SKY COVER 0.1


WEATHER CONDITIONS
 THE FOLLOWING WEATHER WAS RECORDED TODAY.
  NO SIGNIFICANT WEATHER WAS OBSERVED.


RELATIVE HUMIDITY (PERCENT)
 HIGHEST    84           600 AM
 LOWEST     36           200 PM
 AVERAGE    60

..........................................................


THE HURON SD CLIMATE NORMALS FOR TOMORROW
                         NORMAL    RECORD    YEAR
 MAXIMUM TEMPERATURE (F)   86       104      1901
                                             1886
 MINIMUM TEMPERATURE (F)   62        42      1975


SUNRISE AND SUNSET
JULY 11 2014..........SUNRISE   559 AM CDT   SUNSET   917 PM CDT
JULY 12 2014..........SUNRISE   600 AM CDT   SUNSET   916 PM CDT


-  INDICATES NEGATIVE NUMBERS.
R  INDICATES RECORD WAS SET OR TIED.
MM INDICATES DATA IS MISSING.
T  INDICATES TRACE AMOUNT.




&&
.........................................................

ADDITIONAL WEATHER INFORMATION FOR TODAY
        TEMPERATURE / HUMIDITY
AT  4 AM      73    /    78%
AT  7 AM      72    /    81%
AT 10 AM      80    /    66%
AT  1 PM      89    /    55%
AT  4 PM      93    /    37%
AT  7 PM      88    /    48%

$$
