000
CDUS43 KFSD 040622
CLIHON


CLIMATE REPORT
NATIONAL WEATHER SERVICE SIOUX FALLS SD
121 AM CDT WED MAY 4 2016


...................................

...THE HURON SD CLIMATE SUMMARY FOR MAY 3 2016...

CLIMATE NORMAL PERIOD 1981 TO 2010
CLIMATE RECORD PERIOD 1881 TO 2016


WEATHER ITEM   OBSERVED TIME   RECORD YEAR NORMAL DEPARTURE LAST
                VALUE   (LST)  VALUE       VALUE  FROM      YEAR
                                                  NORMAL
..................................................................
TEMPERATURE (F)
 YESTERDAY
  MAXIMUM         77    451 PM  94    1949  67     10       75
  MINIMUM         37    530 AM  16    2013  41     -4       48
  AVERAGE         57                        54      3       62

PRECIPITATION (IN)
  YESTERDAY        0.00          1.70 1969   0.09  -0.09     0.00
  MONTH TO DATE    T                         0.28  -0.28      T
  SINCE MAR 1      5.21                      4.05   1.16     0.76
  SINCE JAN 1      6.08                      5.15   0.93     1.37

SNOWFALL (IN)
  YESTERDAY        0.0           T    1991   0.0    0.0      0.0
                                      1954
  MONTH TO DATE    0.0                       0.1   -0.1      0.0
  SINCE MAR 1      2.3                      13.0  -10.7      1.2
  SINCE JUL 1     33.0                      44.0  -11.0     22.8
  SNOW DEPTH       0

DEGREE DAYS
 HEATING
  YESTERDAY        8                        12     -4        3
  MONTH TO DATE   38                        36      2        5
  SINCE MAR 1   1314                      1582   -268     1306
  SINCE JUL 1   6390                      7414  -1024     7243

 COOLING
  YESTERDAY        0                         0      0        0
  MONTH TO DATE    0                         0      0        2
  SINCE MAR 1      1                         4     -3        4
  SINCE JAN 1      1                         4     -3        4
..................................................................


WIND (MPH)
  HIGHEST WIND SPEED    29   HIGHEST WIND DIRECTION     N (350)
  HIGHEST GUST SPEED    37   HIGHEST GUST DIRECTION     N (360)
  AVERAGE WIND SPEED    11.3


SKY COVER
  POSSIBLE SUNSHINE  MM
  AVERAGE SKY COVER 0.0


WEATHER CONDITIONS
 THE FOLLOWING WEATHER WAS RECORDED YESTERDAY.
  NO SIGNIFICANT WEATHER WAS OBSERVED.


RELATIVE HUMIDITY (PERCENT)
 HIGHEST   100           500 AM
 LOWEST     22           700 PM
 AVERAGE    61

..........................................................


THE HURON SD CLIMATE NORMALS FOR TODAY
                         NORMAL    RECORD    YEAR
 MAXIMUM TEMPERATURE (F)   67        97      1926
 MINIMUM TEMPERATURE (F)   42        21      1967


SUNRISE AND SUNSET
MAY  4 2016...........SUNRISE   619 AM CDT   SUNSET   841 PM CDT
MAY  5 2016...........SUNRISE   617 AM CDT   SUNSET   842 PM CDT


-  INDICATES NEGATIVE NUMBERS.
R  INDICATES RECORD WAS SET OR TIED.
MM INDICATES DATA IS MISSING.
T  INDICATES TRACE AMOUNT.




$$
