888
CDUS43 KFSD 230652
CLIHON


CLIMATE REPORT
NATIONAL WEATHER SERVICE SIOUX FALLS SD
151 AM CDT TUE MAY 23 2017


...................................

...THE HURON SD CLIMATE SUMMARY FOR MAY 22 2017...

CLIMATE NORMAL PERIOD 1981 TO 2010
CLIMATE RECORD PERIOD 1881 TO 2017


WEATHER ITEM   OBSERVED TIME   RECORD YEAR NORMAL DEPARTURE LAST
                VALUE   (LST)  VALUE       VALUE  FROM      YEAR
                                                  NORMAL
..................................................................
TEMPERATURE (F)
 YESTERDAY
  MAXIMUM         58    550 PM  92    1967  72    -14       84
  MINIMUM         42    302 AM  21    1963  48     -6       58
  AVERAGE         50                        60    -10       71

PRECIPITATION (IN)
  YESTERDAY        0.15          1.43 2010   0.10   0.05     0.16
  MONTH TO DATE    1.32                      2.13  -0.81     1.10
  SINCE MAR 1      3.27                      5.90  -2.63     6.31
  SINCE JAN 1      4.07                      7.00  -2.93     7.18

SNOWFALL (IN)
  YESTERDAY        0.0           0.0    MM   0.0    0.0      0.0
  MONTH TO DATE    0.0                       0.1   -0.1      0.0
  SINCE MAR 1     13.9                      13.0    0.9      2.3
  SINCE JUL 1     35.9                      44.0   -8.1     33.0
  SNOW DEPTH       0

DEGREE DAYS
 HEATING
  YESTERDAY       15                         6      9        0
  MONTH TO DATE  171                       199    -28      192
  SINCE MAR 1   1661                      1745    -84     1468
  SINCE JUL 1   6810                      7577   -767     6544

 COOLING
  YESTERDAY        0                         1     -1        6
  MONTH TO DATE   21                        19      2       16
  SINCE MAR 1     21                        23     -2       17
  SINCE JAN 1     21                        23     -2       17
..................................................................


WIND (MPH)
  HIGHEST WIND SPEED    22   HIGHEST WIND DIRECTION     W (290)
  HIGHEST GUST SPEED    26   HIGHEST GUST DIRECTION     W (290)
  AVERAGE WIND SPEED     9.1


SKY COVER
  POSSIBLE SUNSHINE  MM
  AVERAGE SKY COVER 0.5


WEATHER CONDITIONS
 THE FOLLOWING WEATHER WAS RECORDED YESTERDAY.
  LIGHT RAIN
  FOG


RELATIVE HUMIDITY (PERCENT)
 HIGHEST   100          1200 AM
 LOWEST     67           600 PM
 AVERAGE    84

..........................................................


THE HURON SD CLIMATE NORMALS FOR TODAY
                         NORMAL    RECORD    YEAR
 MAXIMUM TEMPERATURE (F)   72        97      1926
 MINIMUM TEMPERATURE (F)   49        32      1947


SUNRISE AND SUNSET
MAY 23 2017...........SUNRISE   558 AM CDT   SUNSET   902 PM CDT
MAY 24 2017...........SUNRISE   557 AM CDT   SUNSET   903 PM CDT


-  INDICATES NEGATIVE NUMBERS.
R  INDICATES RECORD WAS SET OR TIED.
MM INDICATES DATA IS MISSING.
T  INDICATES TRACE AMOUNT.




$$
