000
CDUS43 KFSD 270631
CLIHON


CLIMATE REPORT
NATIONAL WEATHER SERVICE SIOUX FALLS SD
131 AM CDT MON MAR 27 2017


...................................

...THE HURON SD CLIMATE SUMMARY FOR MARCH 26 2017...

CLIMATE NORMAL PERIOD 1981 TO 2010
CLIMATE RECORD PERIOD 1881 TO 2017


WEATHER ITEM   OBSERVED TIME   RECORD YEAR NORMAL DEPARTURE LAST
                VALUE   (LST)  VALUE       VALUE  FROM      YEAR
                                                  NORMAL
..................................................................
TEMPERATURE (F)
 YESTERDAY
  MAXIMUM         51    349 PM  74    1905  49      2       38
  MINIMUM         37   1142 PM  -6    1894  26     11       25
  AVERAGE         44                        37      7       32

PRECIPITATION (IN)
  YESTERDAY        0.00          1.30 1921   0.06  -0.06     0.04
  MONTH TO DATE    0.77                      1.13  -0.36     0.71
  SINCE MAR 1      0.77                      1.13  -0.36     0.71
  SINCE JAN 1      1.57                      2.23  -0.66     1.58

SNOWFALL (IN)
  YESTERDAY        0.0           5.7  1983   0.2   -0.2      0.6
  MONTH TO DATE   13.9                       7.7    6.2      2.3
  SINCE MAR 1     13.9                       7.7    6.2      2.3
  SINCE JUL 1     35.9                      38.7   -2.8     33.0
  SNOW DEPTH       0

DEGREE DAYS
 HEATING
  YESTERDAY       21                        28     -7       33
  MONTH TO DATE  856                       856      0      636
  SINCE MAR 1    856                       856      0      636
  SINCE JUL 1   6005                      6688   -683     5712

 COOLING
  YESTERDAY        0                         0      0        0
  MONTH TO DATE    0                         0      0        0
  SINCE MAR 1      0                         0      0        0
  SINCE JAN 1      0                         0      0        0
..................................................................


WIND (MPH)
  HIGHEST WIND SPEED    10   HIGHEST WIND DIRECTION     S (160)
  HIGHEST GUST SPEED    14   HIGHEST GUST DIRECTION     S (160)
  AVERAGE WIND SPEED     4.2


SKY COVER
  POSSIBLE SUNSHINE  MM
  AVERAGE SKY COVER 0.7


WEATHER CONDITIONS
 THE FOLLOWING WEATHER WAS RECORDED YESTERDAY.
  FOG


RELATIVE HUMIDITY (PERCENT)
 HIGHEST   100           500 AM
 LOWEST     61           400 PM
 AVERAGE    81

..........................................................


THE HURON SD CLIMATE NORMALS FOR TODAY
                         NORMAL    RECORD    YEAR
 MAXIMUM TEMPERATURE (F)   49        81      1946
 MINIMUM TEMPERATURE (F)   27        -3      1913


SUNRISE AND SUNSET
MARCH 27 2017.........SUNRISE   723 AM CDT   SUNSET   754 PM CDT
MARCH 28 2017.........SUNRISE   721 AM CDT   SUNSET   756 PM CDT


-  INDICATES NEGATIVE NUMBERS.
R  INDICATES RECORD WAS SET OR TIED.
MM INDICATES DATA IS MISSING.
T  INDICATES TRACE AMOUNT.




$$
