000
CDUS43 KFSD 140632
CLIHON


CLIMATE REPORT
NATIONAL WEATHER SERVICE SIOUX FALLS SD
1230 AM CST SUN DEC 14 2014


...................................

...THE HURON SD CLIMATE SUMMARY FOR DECEMBER 13 2014...

CLIMATE NORMAL PERIOD 1981 TO 2010
CLIMATE RECORD PERIOD 1881 TO 2014


WEATHER ITEM   OBSERVED TIME   RECORD YEAR NORMAL DEPARTURE LAST
                VALUE   (LST)  VALUE       VALUE  FROM      YEAR
                                                  NORMAL
..................................................................
TEMPERATURE (F)
 YESTERDAY
  MAXIMUM         58    315 PM  61    1921  29     29       18
  MINIMUM         34    229 AM -31    1903  10     24        5
  AVERAGE         46                        19     27       12

PRECIPITATION (IN)
  YESTERDAY        0.00          0.12 1891   0.02  -0.02     0.03
  MONTH TO DATE    0.00                      0.23  -0.23     0.48
  SINCE DEC 1      0.00                      0.23  -0.23     0.48
  SINCE JAN 1     15.68                     22.61  -6.93    24.66

SNOWFALL (IN)
  YESTERDAY        0.0           1.6  1951   0.3   -0.3      0.3
  MONTH TO DATE    0.0                       3.4   -3.4      5.2
  SINCE DEC 1      0.0                       3.4   -3.4      5.2
  SINCE JUL 1      7.9                      11.7   -3.8      7.7
  SNOW DEPTH       0

DEGREE DAYS
 HEATING
  YESTERDAY       19                        46    -27       53
  MONTH TO DATE  479                       565    -86      712
  SINCE DEC 1    479                       565    -86      712
  SINCE JUL 1   2336                      2267     69     2349

 COOLING
  YESTERDAY        0                         0      0        0
  MONTH TO DATE    0                         0      0        0
  SINCE DEC 1      0                         0      0        0
  SINCE JAN 1    597                       742   -145      848
..................................................................


WIND (MPH)
  HIGHEST WIND SPEED    23   HIGHEST WIND DIRECTION     S (200)
  HIGHEST GUST SPEED    28   HIGHEST GUST DIRECTION     S (190)
  AVERAGE WIND SPEED    12.0


SKY COVER
  POSSIBLE SUNSHINE  MM
  AVERAGE SKY COVER 0.2


WEATHER CONDITIONS
 THE FOLLOWING WEATHER WAS RECORDED YESTERDAY.
  FOG


RELATIVE HUMIDITY (PERCENT)
 HIGHEST   100           400 AM
 LOWEST     62           300 PM
 AVERAGE    81

..........................................................


THE HURON SD CLIMATE NORMALS FOR TODAY
                         NORMAL    RECORD    YEAR
 MAXIMUM TEMPERATURE (F)   29        64      1998
 MINIMUM TEMPERATURE (F)    9       -22      1901


SUNRISE AND SUNSET
DECEMBER 14 2014......SUNRISE   801 AM CST   SUNSET   454 PM CST
DECEMBER 15 2014......SUNRISE   802 AM CST   SUNSET   454 PM CST


-  INDICATES NEGATIVE NUMBERS.
R  INDICATES RECORD WAS SET OR TIED.
MM INDICATES DATA IS MISSING.
T  INDICATES TRACE AMOUNT.




$$
