000
CDUS43 KFSD 310638
CLIHON


CLIMATE REPORT
NATIONAL WEATHER SERVICE SIOUX FALLS SD
137 AM CDT SUN AUG 31 2014


...................................

...THE HURON SD CLIMATE SUMMARY FOR AUGUST 30 2014...

CLIMATE NORMAL PERIOD 1981 TO 2010
CLIMATE RECORD PERIOD 1881 TO 2014


WEATHER ITEM   OBSERVED TIME   RECORD YEAR NORMAL DEPARTURE LAST
                VALUE   (LST)  VALUE       VALUE  FROM      YEAR
                                                  NORMAL
..................................................................
TEMPERATURE (F)
 YESTERDAY
  MAXIMUM         72    450 PM 102    1898  81     -9       91
  MINIMUM         59    603 AM  36    1893  56      3       65
  AVERAGE         66                        69     -3       78

PRECIPITATION (IN)
  YESTERDAY        0.00          1.29 1999   0.07  -0.07     0.00
  MONTH TO DATE    3.03                      2.36   0.67     1.22
  SINCE JUN 1      9.07                      9.21  -0.14     6.61
  SINCE JAN 1     13.56                     17.19  -3.63    17.20

SNOWFALL (IN)
  YESTERDAY        0.0           0.0    MM   0.0    0.0      0.0
  MONTH TO DATE    0.0                       0.0    0.0      0.0
  SINCE JUN 1      0.0                       0.0    0.0      0.0
  SINCE JUL 1      0.0                       0.0    0.0      0.0
  SNOW DEPTH       0

DEGREE DAYS
 HEATING
  YESTERDAY        0                         2     -2        0
  MONTH TO DATE   10                        16     -6        1
  SINCE JUN 1     73                        75     -2       88
  SINCE JUL 1     33                        24      9       22

 COOLING
  YESTERDAY        1                         5     -4       13
  MONTH TO DATE  176                       221    -45      248
  SINCE JUN 1    456                       631   -175      638
  SINCE JAN 1    518                       664   -146      676
..................................................................


WIND (MPH)
  HIGHEST WIND SPEED    15   HIGHEST WIND DIRECTION    SE (140)
  HIGHEST GUST SPEED    23   HIGHEST GUST DIRECTION    SE (140)
  AVERAGE WIND SPEED     8.1


SKY COVER
  POSSIBLE SUNSHINE  MM
  AVERAGE SKY COVER 0.6


WEATHER CONDITIONS
 THE FOLLOWING WEATHER WAS RECORDED YESTERDAY.
  FOG


RELATIVE HUMIDITY (PERCENT)
 HIGHEST    97           200 AM
 LOWEST     61           400 PM
 AVERAGE    79

..........................................................


THE HURON SD CLIMATE NORMALS FOR TODAY
                         NORMAL    RECORD    YEAR
 MAXIMUM TEMPERATURE (F)   81        99      1948
 MINIMUM TEMPERATURE (F)   56        33      1886


SUNRISE AND SUNSET
AUGUST 31 2014........SUNRISE   654 AM CDT   SUNSET   811 PM CDT
SEPTEMBER  1 2014.....SUNRISE   656 AM CDT   SUNSET   809 PM CDT


-  INDICATES NEGATIVE NUMBERS.
R  INDICATES RECORD WAS SET OR TIED.
MM INDICATES DATA IS MISSING.
T  INDICATES TRACE AMOUNT.




$$
