000
CDUS43 KFSD 180659
CLIHON


CLIMATE REPORT
NATIONAL WEATHER SERVICE SIOUX FALLS SD
148 AM CDT SAT MAR 18 2017


...................................

...THE HURON SD CLIMATE SUMMARY FOR MARCH 17 2017...

CLIMATE NORMAL PERIOD 1981 TO 2010
CLIMATE RECORD PERIOD 1881 TO 2017


WEATHER ITEM   OBSERVED TIME   RECORD YEAR NORMAL DEPARTURE LAST
                VALUE   (LST)  VALUE       VALUE  FROM      YEAR
                                                  NORMAL
..................................................................
TEMPERATURE (F)
 YESTERDAY
  MAXIMUM         46    425 PM  79    2012  44      2       41
  MINIMUM         26   1112 PM  -9    1923  23      3       23
                                      1902
  AVERAGE         36                        34      2       32

PRECIPITATION (IN)
  YESTERDAY        0.00          2.15 1987   0.05  -0.05     0.00
  MONTH TO DATE    0.76                      0.65   0.11      T
  SINCE MAR 1      0.76                      0.65   0.11      T
  SINCE JAN 1      1.56                      1.75  -0.19     0.87

SNOWFALL (IN)
  YESTERDAY        0.0           8.1  1989   0.3   -0.3      0.0
  MONTH TO DATE   13.9                       5.5    8.4       T
  SINCE MAR 1     13.9                       5.5    8.4       T
  SINCE JUL 1     35.9                      36.5   -0.6     30.7
  SNOW DEPTH       3

DEGREE DAYS
 HEATING
  YESTERDAY       29                        31     -2       33
  MONTH TO DATE  640                       592     48      379
  SINCE MAR 1    640                       592     48      379
  SINCE JUL 1   5789                      6424   -635     5455

 COOLING
  YESTERDAY        0                         0      0        0
  MONTH TO DATE    0                         0      0        0
  SINCE MAR 1      0                         0      0        0
  SINCE JAN 1      0                         0      0        0
..................................................................


WIND (MPH)
  HIGHEST WIND SPEED    35   HIGHEST WIND DIRECTION    NW (320)
  HIGHEST GUST SPEED    43   HIGHEST GUST DIRECTION    NW (310)
  AVERAGE WIND SPEED    17.0


SKY COVER
  POSSIBLE SUNSHINE  MM
  AVERAGE SKY COVER 0.2


WEATHER CONDITIONS
 THE FOLLOWING WEATHER WAS RECORDED YESTERDAY.
  NO SIGNIFICANT WEATHER WAS OBSERVED.


RELATIVE HUMIDITY (PERCENT)
 HIGHEST   100          1200 AM
 LOWEST     49           400 PM
 AVERAGE    75

..........................................................


THE HURON SD CLIMATE NORMALS FOR TODAY
                         NORMAL    RECORD    YEAR
 MAXIMUM TEMPERATURE (F)   45        88      2012
 MINIMUM TEMPERATURE (F)   24       -13      1923


SUNRISE AND SUNSET
MARCH 18 2017.........SUNRISE   739 AM CDT   SUNSET   743 PM CDT
MARCH 19 2017.........SUNRISE   737 AM CDT   SUNSET   744 PM CDT


-  INDICATES NEGATIVE NUMBERS.
R  INDICATES RECORD WAS SET OR TIED.
MM INDICATES DATA IS MISSING.
T  INDICATES TRACE AMOUNT.




$$
