000
CDUS43 KFSD 132229
CLIHON


CLIMATE REPORT
NATIONAL WEATHER SERVICE SIOUX FALLS SD
528 PM CDT WED SEP 13 2017


...................................

...THE HURON SD CLIMATE SUMMARY FOR SEPTEMBER 13 2017...
VALID TODAY AS OF 0500 PM LOCAL TIME.

CLIMATE NORMAL PERIOD 1981 TO 2010
CLIMATE RECORD PERIOD 1881 TO 2017


WEATHER ITEM   OBSERVED TIME   RECORD YEAR NORMAL DEPARTURE LAST
                VALUE   (LST)  VALUE       VALUE  FROM      YEAR
                                                  NORMAL
..................................................................
TEMPERATURE (F)
 TODAY
  MAXIMUM         94    338 PM 102    1939  76     18       56
  MINIMUM         67    729 AM  25    1890  50     17       42
  AVERAGE         81                        63     18       49

PRECIPITATION (IN)
  TODAY            T             1.51 1889   0.09  -0.09      T
  MONTH TO DATE    0.12                      1.14  -1.02     1.00
  SINCE SEP 1      0.12                      1.14  -1.02     1.00
  SINCE JAN 1     12.43                     18.40  -5.97    15.55

SNOWFALL (IN)
  TODAY            0.0           0.0    MM   0.0    0.0      0.0
  MONTH TO DATE    0.0                       0.0    0.0      0.0
  SINCE SEP 1      0.0                       0.0    0.0      0.0
  SINCE JUL 1      0.0                       0.0    0.0      0.0
  SNOW DEPTH       0

DEGREE DAYS
 HEATING
  TODAY            0                         4     -4       16
  MONTH TO DATE   24                        39    -15       29
  SINCE SEP 1     24                        39    -15       29
  SINCE JUL 1     33                        68    -35       46

 COOLING
  TODAY           16                         3     13        0
  MONTH TO DATE   72                        49     23       41
  SINCE SEP 1     72                        49     23       41
  SINCE JAN 1    692                       718    -26      847
..................................................................


WIND (MPH)
  HIGHEST WIND SPEED    13   HIGHEST WIND DIRECTION     S (180)
  HIGHEST GUST SPEED    17   HIGHEST GUST DIRECTION     S (180)
  AVERAGE WIND SPEED     5.1


SKY COVER
  POSSIBLE SUNSHINE  MM
  AVERAGE SKY COVER 0.1


WEATHER CONDITIONS
 THE FOLLOWING WEATHER WAS RECORDED TODAY.
  THUNDERSTORM


RELATIVE HUMIDITY (PERCENT)
 HIGHEST    78          1200 AM
 LOWEST     30           300 PM
 AVERAGE    54

..........................................................


THE HURON SD CLIMATE NORMALS FOR TOMORROW
                         NORMAL    RECORD    YEAR
 MAXIMUM TEMPERATURE (F)   76        99      1939
 MINIMUM TEMPERATURE (F)   50        29      1892


SUNRISE AND SUNSET
SEPTEMBER 13 2017.....SUNRISE   710 AM CDT   SUNSET   747 PM CDT
SEPTEMBER 14 2017.....SUNRISE   711 AM CDT   SUNSET   745 PM CDT


-  INDICATES NEGATIVE NUMBERS.
R  INDICATES RECORD WAS SET OR TIED.
MM INDICATES DATA IS MISSING.
T  INDICATES TRACE AMOUNT.




$$
