000
CDUS43 KFSD 170027
CLIHON


CLIMATE REPORT
NATIONAL WEATHER SERVICE SIOUX FALLS SD
725 PM CDT TUE SEP 16 2014


...................................

...THE HURON SD CLIMATE SUMMARY FOR SEPTEMBER 16 2014...
VALID AS OF 0700 PM LOCAL TIME.

CLIMATE NORMAL PERIOD 1981 TO 2010
CLIMATE RECORD PERIOD 1881 TO 2014


WEATHER ITEM   OBSERVED TIME   RECORD YEAR NORMAL DEPARTURE LAST
                VALUE   (LST)  VALUE       VALUE  FROM      YEAR
                                                  NORMAL
..................................................................
TEMPERATURE (F)
 TODAY
  MAXIMUM         74    438 PM  97    1925  75     -1       72
  MINIMUM         39    616 AM  25    1903  49    -10       44
  AVERAGE         57                        62     -5       58

PRECIPITATION (IN)
  TODAY            0.00          1.65 1896   0.08  -0.08     0.00
  MONTH TO DATE    0.26                      1.40  -1.14     0.22
  SINCE SEP 1      0.26                      1.40  -1.14     0.22
  SINCE JAN 1     13.82                     18.66  -4.84    17.42

SNOWFALL (IN)
  TODAY            0.0           0.0    MM   0.0    0.0      0.0
  MONTH TO DATE    0.0                       0.0    0.0      0.0
  SINCE SEP 1      0.0                       0.0    0.0      0.0
  SINCE JUL 1      0.0                       0.0    0.0      0.0
  SNOW DEPTH       0

DEGREE DAYS
 HEATING
  TODAY            8                         5      3        7
  MONTH TO DATE  117                        54     63       19
  SINCE SEP 1    117                        54     63       19
  SINCE JUL 1    150                        83     67       41

 COOLING
  TODAY            0                         2     -2        0
  MONTH TO DATE   28                        55    -27      112
  SINCE SEP 1     28                        55    -27      112
  SINCE JAN 1    551                       724   -173      800
..................................................................


WIND (MPH)
  HIGHEST WIND SPEED    17   HIGHEST WIND DIRECTION     S (190)
  HIGHEST GUST SPEED    25   HIGHEST GUST DIRECTION     S (160)
  AVERAGE WIND SPEED     9.4


SKY COVER
  POSSIBLE SUNSHINE  MM
  AVERAGE SKY COVER 0.0


WEATHER CONDITIONS
 THE FOLLOWING WEATHER WAS RECORDED TODAY.
  NO SIGNIFICANT WEATHER WAS OBSERVED.


RELATIVE HUMIDITY (PERCENT)
 HIGHEST    92           600 AM
 LOWEST     46           300 PM
 AVERAGE    69

..........................................................


THE HURON SD CLIMATE NORMALS FOR TOMORROW
                         NORMAL    RECORD    YEAR
 MAXIMUM TEMPERATURE (F)   74       103      1895
 MINIMUM TEMPERATURE (F)   48        30      1900
                                             1888


SUNRISE AND SUNSET
SEPTEMBER 16 2014.....SUNRISE   713 AM CDT   SUNSET   741 PM CDT
SEPTEMBER 17 2014.....SUNRISE   714 AM CDT   SUNSET   740 PM CDT


-  INDICATES NEGATIVE NUMBERS.
R  INDICATES RECORD WAS SET OR TIED.
MM INDICATES DATA IS MISSING.
T  INDICATES TRACE AMOUNT.



&&
.........................................................

ADDITIONAL WEATHER INFORMATION FOR TODAY
        TEMPERATURE / HUMIDITY
AT  4 AM      41    /    82%
AT  7 AM      39    /    92%
AT 10 AM      56    /    63%
AT  1 PM      67    /    50%
AT  4 PM      73    /    47%
AT  7 PM      71    /    56%

$$
