000
CDUS43 KFSD 180646
CLIHON


CLIMATE REPORT
NATIONAL WEATHER SERVICE SIOUX FALLS SD
146 AM CDT THU SEP 18 2014


...................................

...THE HURON SD CLIMATE SUMMARY FOR SEPTEMBER 17 2014...

CLIMATE NORMAL PERIOD 1981 TO 2010
CLIMATE RECORD PERIOD 1881 TO 2014


WEATHER ITEM   OBSERVED TIME   RECORD YEAR NORMAL DEPARTURE LAST
                VALUE   (LST)  VALUE       VALUE  FROM      YEAR
                                                  NORMAL
..................................................................
TEMPERATURE (F)
 YESTERDAY
  MAXIMUM         79    312 PM 103    1895  74      5       69
  MINIMUM         45    634 AM  30    1900  48     -3       56
                                      1888
  AVERAGE         62                        61      1       63

PRECIPITATION (IN)
  YESTERDAY        T             1.00 1967   0.08  -0.08     0.00
  MONTH TO DATE    0.26                      1.48  -1.22     0.22
  SINCE SEP 1      0.26                      1.48  -1.22     0.22
  SINCE JAN 1     13.82                     18.74  -4.92    17.42

SNOWFALL (IN)
  YESTERDAY        0.0           0.0    MM   0.0    0.0      0.0
  MONTH TO DATE    0.0                       0.0    0.0      0.0
  SINCE SEP 1      0.0                       0.0    0.0      0.0
  SINCE JUL 1      0.0                       0.0    0.0      0.0
  SNOW DEPTH       0

DEGREE DAYS
 HEATING
  YESTERDAY        3                         6     -3        2
  MONTH TO DATE  120                        60     60       21
  SINCE SEP 1    120                        60     60       21
  SINCE JUL 1    153                        89     64       43

 COOLING
  YESTERDAY        0                         2     -2        0
  MONTH TO DATE   28                        57    -29      112
  SINCE SEP 1     28                        57    -29      112
  SINCE JAN 1    551                       726   -175      800
..................................................................


WIND (MPH)
  HIGHEST WIND SPEED    13   HIGHEST WIND DIRECTION    NE (30)
  HIGHEST GUST SPEED    16   HIGHEST GUST DIRECTION    NE (30)
  AVERAGE WIND SPEED     4.5


SKY COVER
  POSSIBLE SUNSHINE  MM
  AVERAGE SKY COVER 0.1


WEATHER CONDITIONS
 THE FOLLOWING WEATHER WAS RECORDED YESTERDAY.
  LIGHT RAIN
  FOG
  FOG W/VISIBILITY <= 1/4 MILE


RELATIVE HUMIDITY (PERCENT)
 HIGHEST    96           300 AM
 LOWEST     32           300 PM
 AVERAGE    64

..........................................................


THE HURON SD CLIMATE NORMALS FOR TODAY
                         NORMAL    RECORD    YEAR
 MAXIMUM TEMPERATURE (F)   74        96      1891
 MINIMUM TEMPERATURE (F)   48        27      1918
                                             1902


SUNRISE AND SUNSET
SEPTEMBER 18 2014.....SUNRISE   715 AM CDT   SUNSET   738 PM CDT
SEPTEMBER 19 2014.....SUNRISE   716 AM CDT   SUNSET   736 PM CDT


-  INDICATES NEGATIVE NUMBERS.
R  INDICATES RECORD WAS SET OR TIED.
MM INDICATES DATA IS MISSING.
T  INDICATES TRACE AMOUNT.




$$
