000
CDUS43 KFSD 210627
CLIHON


CLIMATE REPORT
NATIONAL WEATHER SERVICE SIOUX FALLS SD
124 AM CDT SUN MAY 21 2017


...................................

...THE HURON SD CLIMATE SUMMARY FOR MAY 20 2017...

CLIMATE NORMAL PERIOD 1981 TO 2010
CLIMATE RECORD PERIOD 1881 TO 2017


WEATHER ITEM   OBSERVED TIME   RECORD YEAR NORMAL DEPARTURE LAST
                VALUE   (LST)  VALUE       VALUE  FROM      YEAR
                                                  NORMAL
..................................................................
TEMPERATURE (F)
 YESTERDAY
  MAXIMUM         48   1228 AM  98    1934  71    -23       65
  MINIMUM         37   1038 PM  24    1895  48    -11       47
  AVERAGE         43                        59    -16       56

PRECIPITATION (IN)
  YESTERDAY        0.58          2.68 1914   0.10   0.48     0.00
  MONTH TO DATE    1.11                      1.92  -0.81     0.94
  SINCE MAR 1      3.06                      5.69  -2.63     6.15
  SINCE JAN 1      3.86                      6.79  -2.93     7.02

SNOWFALL (IN)
  YESTERDAY        0.0           T    1931   0.0    0.0      0.0
  MONTH TO DATE    0.0                       0.1   -0.1      0.0
  SINCE MAR 1     13.9                      13.0    0.9      2.3
  SINCE JUL 1     35.9                      44.0   -8.1     33.0
  SNOW DEPTH       0

DEGREE DAYS
 HEATING
  YESTERDAY       22                         7     15        9
  MONTH TO DATE  144                       187    -43      190
  SINCE MAR 1   1634                      1733    -99     1466
  SINCE JUL 1   6783                      7565   -782     6542

 COOLING
  YESTERDAY        0                         1     -1        0
  MONTH TO DATE   21                        17      4       10
  SINCE MAR 1     21                        21      0       11
  SINCE JAN 1     21                        21      0       11
..................................................................


WIND (MPH)
  HIGHEST WIND SPEED    20   HIGHEST WIND DIRECTION    NE (30)
  HIGHEST GUST SPEED    25   HIGHEST GUST DIRECTION    NE (40)
  AVERAGE WIND SPEED    12.7


SKY COVER
  POSSIBLE SUNSHINE  MM
  AVERAGE SKY COVER 1.0


WEATHER CONDITIONS
 THE FOLLOWING WEATHER WAS RECORDED YESTERDAY.
  RAIN
  LIGHT RAIN
  FOG


RELATIVE HUMIDITY (PERCENT)
 HIGHEST   100           800 AM
 LOWEST     65          1200 AM
 AVERAGE    83

..........................................................


THE HURON SD CLIMATE NORMALS FOR TODAY
                         NORMAL    RECORD    YEAR
 MAXIMUM TEMPERATURE (F)   72        94      1964
 MINIMUM TEMPERATURE (F)   48        27      1963
                                             1931


SUNRISE AND SUNSET
MAY 21 2017...........SUNRISE   559 AM CDT   SUNSET   900 PM CDT
MAY 22 2017...........SUNRISE   558 AM CDT   SUNSET   901 PM CDT


-  INDICATES NEGATIVE NUMBERS.
R  INDICATES RECORD WAS SET OR TIED.
MM INDICATES DATA IS MISSING.
T  INDICATES TRACE AMOUNT.




$$
