000
CDUS43 KFSD 130627
CLIHON


CLIMATE REPORT
NATIONAL WEATHER SERVICE SIOUX FALLS SD
126 AM CDT FRI OCT 13 2017


...................................

...THE HURON SD CLIMATE SUMMARY FOR OCTOBER 12 2017...

CLIMATE NORMAL PERIOD 1981 TO 2010
CLIMATE RECORD PERIOD 1881 TO 2017


WEATHER ITEM   OBSERVED TIME   RECORD YEAR NORMAL DEPARTURE LAST
                VALUE   (LST)  VALUE       VALUE  FROM      YEAR
                                                  NORMAL
..................................................................
TEMPERATURE (F)
 YESTERDAY
  MAXIMUM         70    439 PM  86    1958  63      7       47
                                      1956
  MINIMUM         40   1151 PM  13    1917  37      3       31
  AVERAGE         55                        50      5       39

PRECIPITATION (IN)
  YESTERDAY        0.00          1.69 1997   0.07  -0.07     0.00
  MONTH TO DATE    0.91                      0.78   0.13     0.78
  SINCE SEP 1      6.88                      3.24   3.64     2.07
  SINCE JAN 1     19.19                     20.50  -1.31    16.62

SNOWFALL (IN)
  YESTERDAY        0.0           1.0  2009   0.0    0.0      0.0
  MONTH TO DATE    0.0                       0.2   -0.2      0.0
  SINCE SEP 1      0.0                       0.2   -0.2      0.0
  SINCE JUL 1      0.0                       0.2   -0.2      0.0
  SNOW DEPTH       0

DEGREE DAYS
 HEATING
  YESTERDAY       10                        16     -6       26
  MONTH TO DATE  155                       159     -4      145
  SINCE SEP 1    278                       326    -48      245
  SINCE JUL 1    287                       355    -68      262

 COOLING
  YESTERDAY        0                         0      0        0
  MONTH TO DATE    2                         0      2        4
  SINCE SEP 1    109                        69     40       80
  SINCE JAN 1    729                       738     -9      886
..................................................................


WIND (MPH)
  HIGHEST WIND SPEED    24   HIGHEST WIND DIRECTION     S (160)
  HIGHEST GUST SPEED    34   HIGHEST GUST DIRECTION     S (160)
  AVERAGE WIND SPEED    14.3


SKY COVER
  POSSIBLE SUNSHINE  MM
  AVERAGE SKY COVER 0.0


WEATHER CONDITIONS
 THE FOLLOWING WEATHER WAS RECORDED YESTERDAY.
  NO SIGNIFICANT WEATHER WAS OBSERVED.


RELATIVE HUMIDITY (PERCENT)
 HIGHEST    76           600 AM
 LOWEST     37           500 PM
 AVERAGE    57

..........................................................


THE HURON SD CLIMATE NORMALS FOR TODAY
                         NORMAL    RECORD    YEAR
 MAXIMUM TEMPERATURE (F)   62        91      1958
 MINIMUM TEMPERATURE (F)   36        11      1979


SUNRISE AND SUNSET
OCTOBER 13 2017.......SUNRISE   746 AM CDT   SUNSET   652 PM CDT
OCTOBER 14 2017.......SUNRISE   747 AM CDT   SUNSET   650 PM CDT


-  INDICATES NEGATIVE NUMBERS.
R  INDICATES RECORD WAS SET OR TIED.
MM INDICATES DATA IS MISSING.
T  INDICATES TRACE AMOUNT.




$$
