092
CDUS43 KFSD 272236
CLIHON


CLIMATE REPORT
NATIONAL WEATHER SERVICE SIOUX FALLS SD
535 PM CDT WED APR 27 2016


...................................

...THE HURON SD CLIMATE SUMMARY FOR APRIL 27 2016...
VALID TODAY AS OF 0500 PM LOCAL TIME.

CLIMATE NORMAL PERIOD 1981 TO 2010
CLIMATE RECORD PERIOD 1881 TO 2016


WEATHER ITEM   OBSERVED TIME   RECORD YEAR NORMAL DEPARTURE LAST
                VALUE   (LST)  VALUE       VALUE  FROM      YEAR
                                                  NORMAL
..................................................................
TEMPERATURE (F)
 TODAY
  MAXIMUM         45   1212 AM  89    1952  64    -19       72
  MINIMUM         39   1200 PM  18    1909  39      0       28
  AVERAGE         42                        52    -10       50

PRECIPITATION (IN)
  TODAY            1.75R         1.30 1938   0.08   1.67     0.00
  MONTH TO DATE    3.73                      2.04   1.69     0.57
  SINCE MAR 1      4.80                      3.50   1.30     0.73
  SINCE JAN 1      5.67                      4.60   1.07     1.34

SNOWFALL (IN)
  TODAY            0.0           3.8  1907   0.1   -0.1      0.0
  MONTH TO DATE    T                         3.9   -3.9       T
  SINCE MAR 1      2.3                      12.8  -10.5      1.2
  SINCE JUL 1     33.0                      43.8  -10.8     22.8
  SNOW DEPTH       0

DEGREE DAYS
 HEATING
  TODAY           23                        14      9       15
  MONTH TO DATE  467                       520    -53      414
  SINCE MAR 1   1214                      1507   -293     1272
  SINCE JUL 1   6290                      7339  -1049     7209

 COOLING
  TODAY            0                         0      0        0
  MONTH TO DATE    1                         0      1        0
  SINCE MAR 1      1                         0      1        2
  SINCE JAN 1      1                         0      1        2
..................................................................


WIND (MPH)
  HIGHEST WIND SPEED    28   HIGHEST WIND DIRECTION     E (90)
  HIGHEST GUST SPEED    37   HIGHEST GUST DIRECTION     E (80)
  AVERAGE WIND SPEED    15.5


SKY COVER
  POSSIBLE SUNSHINE  MM
  AVERAGE SKY COVER 0.9


WEATHER CONDITIONS
 THE FOLLOWING WEATHER WAS RECORDED TODAY.
  HEAVY RAIN
  RAIN
  LIGHT RAIN
  FOG


RELATIVE HUMIDITY (PERCENT)
 HIGHEST   100           600 AM
 LOWEST     85          1100 AM
 AVERAGE    93

..........................................................


THE HURON SD CLIMATE NORMALS FOR TOMORROW
                         NORMAL    RECORD    YEAR
 MAXIMUM TEMPERATURE (F)   65        94      1910
 MINIMUM TEMPERATURE (F)   39        20      2005
                                             1958


SUNRISE AND SUNSET
APRIL 27 2016.........SUNRISE   629 AM CDT   SUNSET   833 PM CDT
APRIL 28 2016.........SUNRISE   627 AM CDT   SUNSET   834 PM CDT


-  INDICATES NEGATIVE NUMBERS.
R  INDICATES RECORD WAS SET OR TIED.
MM INDICATES DATA IS MISSING.
T  INDICATES TRACE AMOUNT.




$$
