000
CDUS43 KFSD 122220
CLIHON


CLIMATE REPORT
NATIONAL WEATHER SERVICE SIOUX FALLS SD
520 PM CDT TUE SEP 12 2017


...................................

...THE HURON SD CLIMATE SUMMARY FOR SEPTEMBER 12 2017...
VALID TODAY AS OF 0500 PM LOCAL TIME.

CLIMATE NORMAL PERIOD 1981 TO 2010
CLIMATE RECORD PERIOD 1881 TO 2017


WEATHER ITEM   OBSERVED TIME   RECORD YEAR NORMAL DEPARTURE LAST
                VALUE   (LST)  VALUE       VALUE  FROM      YEAR
                                                  NORMAL
..................................................................
TEMPERATURE (F)
 TODAY
  MAXIMUM         94    228 PM 100    1990  76     18       69
                                      1939
  MINIMUM         61    628 AM  25    1902  51     10       53
  AVERAGE         78                        64     14       61

PRECIPITATION (IN)
  TODAY            0.00          1.60 1903   0.09  -0.09     0.00
  MONTH TO DATE    0.12                      1.05  -0.93     1.00
  SINCE SEP 1      0.12                      1.05  -0.93     1.00
  SINCE JAN 1     12.43                     18.31  -5.88    15.55

SNOWFALL (IN)
  TODAY            0.0           0.0    MM   0.0    0.0      0.0
  MONTH TO DATE    0.0                       0.0    0.0      0.0
  SINCE SEP 1      0.0                       0.0    0.0      0.0
  SINCE JUL 1      0.0                       0.0    0.0      0.0
  SNOW DEPTH       0

DEGREE DAYS
 HEATING
  TODAY            0                         4     -4        4
  MONTH TO DATE   24                        35    -11       13
  SINCE SEP 1     24                        35    -11       13
  SINCE JUL 1     33                        64    -31       30

 COOLING
  TODAY           13                         3     10        0
  MONTH TO DATE   56                        46     10       41
  SINCE SEP 1     56                        46     10       41
  SINCE JAN 1    676                       715    -39      847
..................................................................


WIND (MPH)
  HIGHEST WIND SPEED    18   HIGHEST WIND DIRECTION     S (190)
  HIGHEST GUST SPEED    24   HIGHEST GUST DIRECTION     S (170)
  AVERAGE WIND SPEED     9.6


SKY COVER
  POSSIBLE SUNSHINE  MM
  AVERAGE SKY COVER 0.0


WEATHER CONDITIONS
 THE FOLLOWING WEATHER WAS RECORDED TODAY.
  NO SIGNIFICANT WEATHER WAS OBSERVED.


RELATIVE HUMIDITY (PERCENT)
 HIGHEST   100           600 AM
 LOWEST     32           300 PM
 AVERAGE    66

..........................................................


THE HURON SD CLIMATE NORMALS FOR TOMORROW
                         NORMAL    RECORD    YEAR
 MAXIMUM TEMPERATURE (F)   76       102      1939
 MINIMUM TEMPERATURE (F)   50        25      1890


SUNRISE AND SUNSET
SEPTEMBER 12 2017.....SUNRISE   709 AM CDT   SUNSET   748 PM CDT
SEPTEMBER 13 2017.....SUNRISE   710 AM CDT   SUNSET   747 PM CDT


-  INDICATES NEGATIVE NUMBERS.
R  INDICATES RECORD WAS SET OR TIED.
MM INDICATES DATA IS MISSING.
T  INDICATES TRACE AMOUNT.




$$
