000
CDUS43 KFSD 272238
CLIHON


CLIMATE REPORT
NATIONAL WEATHER SERVICE SIOUX FALLS SD
538 PM CDT MON JUL 27 2015


...................................

...THE HURON SD CLIMATE SUMMARY FOR JULY 27 2015...
VALID TODAY AS OF 0500 PM LOCAL TIME.

CLIMATE NORMAL PERIOD 1981 TO 2010
CLIMATE RECORD PERIOD 1881 TO 2015


WEATHER ITEM   OBSERVED TIME   RECORD YEAR NORMAL DEPARTURE LAST
                VALUE   (LST)  VALUE       VALUE  FROM      YEAR
                                                  NORMAL
..................................................................
TEMPERATURE (F)
 TODAY
  MAXIMUM         90    203 PM 106    1931  86      4       72
  MINIMUM         69    439 AM  43    2013  62      7       52
  AVERAGE         80                        74      6       62

PRECIPITATION (IN)
  TODAY            0.00          1.25 1887   0.10  -0.10     0.00
  MONTH TO DATE    2.92                      2.50   0.42     3.67
  SINCE JUN 1      7.52                      6.43   1.09     6.04
  SINCE JAN 1     13.46                     14.41  -0.95    10.53

SNOWFALL (IN)
  TODAY            0.0           0.0    MM   0.0    0.0      0.0
  MONTH TO DATE    0.0                       0.0    0.0      0.0
  SINCE JUN 1      T                         0.0    0.0      0.0
  SINCE JUL 1      0.0                       0.0    0.0      0.0
  SNOW DEPTH       0

DEGREE DAYS
 HEATING
  TODAY            0                         0      0        3
  MONTH TO DATE    4                         0      4       19
  SINCE JUN 1     15                        51    -36       59
  SINCE JUL 1      4                         0      4       19

 COOLING
  TODAY           15                         9      6        0
  MONTH TO DATE  253                       237     16      170
  SINCE JUN 1    403                       370     33      273
  SINCE JAN 1    423                       403     20      335
..................................................................


WIND (MPH)
  HIGHEST WIND SPEED    22   HIGHEST WIND DIRECTION     S (160)
  HIGHEST GUST SPEED    31   HIGHEST GUST DIRECTION     S (160)
  AVERAGE WIND SPEED    12.2


SKY COVER
  POSSIBLE SUNSHINE  MM
  AVERAGE SKY COVER 0.4


WEATHER CONDITIONS
 THE FOLLOWING WEATHER WAS RECORDED TODAY.
  FOG


RELATIVE HUMIDITY (PERCENT)
 HIGHEST   100           600 AM
 LOWEST     52          1200 PM
 AVERAGE    76

..........................................................


THE HURON SD CLIMATE NORMALS FOR TOMORROW
                         NORMAL    RECORD    YEAR
 MAXIMUM TEMPERATURE (F)   86       109      1975
 MINIMUM TEMPERATURE (F)   62        41      2013


SUNRISE AND SUNSET
JULY 27 2015..........SUNRISE   614 AM CDT   SUNSET   904 PM CDT
JULY 28 2015..........SUNRISE   615 AM CDT   SUNSET   903 PM CDT


-  INDICATES NEGATIVE NUMBERS.
R  INDICATES RECORD WAS SET OR TIED.
MM INDICATES DATA IS MISSING.
T  INDICATES TRACE AMOUNT.




$$
