000
CDUS43 KFSD 180654
CLIHON


CLIMATE REPORT
NATIONAL WEATHER SERVICE SIOUX FALLS SD
152 AM CDT SUN SEP 18 2016


...................................

...THE HURON SD CLIMATE SUMMARY FOR SEPTEMBER 17 2016...

CLIMATE NORMAL PERIOD 1981 TO 2010
CLIMATE RECORD PERIOD 1881 TO 2016


WEATHER ITEM   OBSERVED TIME   RECORD YEAR NORMAL DEPARTURE LAST
                VALUE   (LST)  VALUE       VALUE  FROM      YEAR
                                                  NORMAL
..................................................................
TEMPERATURE (F)
 YESTERDAY
  MAXIMUM         79    333 PM 103    1895  74      5       75
  MINIMUM         50    648 AM  30    1900  48      2       45
                                      1888
  AVERAGE         65                        61      4       60

PRECIPITATION (IN)
  YESTERDAY        0.00          1.00 1967   0.08  -0.08     0.01
  MONTH TO DATE    1.20                      1.48  -0.28     0.17
  SINCE SEP 1      1.20                      1.48  -0.28     0.17
  SINCE JAN 1     15.75                     18.74  -2.99    19.36

SNOWFALL (IN)
  YESTERDAY        0.0           0.0    MM   0.0    0.0      0.0
  MONTH TO DATE    0.0                       0.0    0.0      0.0
  SINCE SEP 1      0.0                       0.0    0.0      0.0
  SINCE JUL 1      0.0                       0.0    0.0      0.0
  SNOW DEPTH       0

DEGREE DAYS
 HEATING
  YESTERDAY        0                         6     -6        5
  MONTH TO DATE   42                        60    -18       34
  SINCE SEP 1     42                        60    -18       34
  SINCE JUL 1     59                        89    -30       74

 COOLING
  YESTERDAY        0                         2     -2        0
  MONTH TO DATE   43                        57    -14      104
  SINCE SEP 1     43                        57    -14      104
  SINCE JAN 1    849                       726    123      760
..................................................................


WIND (MPH)
  HIGHEST WIND SPEED    15   HIGHEST WIND DIRECTION    SE (150)
  HIGHEST GUST SPEED    20   HIGHEST GUST DIRECTION    SE (140)
  AVERAGE WIND SPEED     8.1


SKY COVER
  POSSIBLE SUNSHINE  MM
  AVERAGE SKY COVER 0.4


WEATHER CONDITIONS
 THE FOLLOWING WEATHER WAS RECORDED YESTERDAY.
  NO SIGNIFICANT WEATHER WAS OBSERVED.


RELATIVE HUMIDITY (PERCENT)
 HIGHEST    93          1200 AM
 LOWEST     39           500 PM
 AVERAGE    66

..........................................................


THE HURON SD CLIMATE NORMALS FOR TODAY
                         NORMAL    RECORD    YEAR
 MAXIMUM TEMPERATURE (F)   74        96      1891
 MINIMUM TEMPERATURE (F)   48        27      1918
                                             1902


SUNRISE AND SUNSET
SEPTEMBER 18 2016.....SUNRISE   716 AM CDT   SUNSET   737 PM CDT
SEPTEMBER 19 2016.....SUNRISE   717 AM CDT   SUNSET   735 PM CDT


-  INDICATES NEGATIVE NUMBERS.
R  INDICATES RECORD WAS SET OR TIED.
MM INDICATES DATA IS MISSING.
T  INDICATES TRACE AMOUNT.




$$
