000
CDUS43 KFSD 240654
CLIHON


CLIMATE REPORT
NATIONAL WEATHER SERVICE SIOUX FALLS SD
152 AM CDT MON AUG 24 2015


...................................

...THE HURON SD CLIMATE SUMMARY FOR AUGUST 23 2015...

CLIMATE NORMAL PERIOD 1981 TO 2010
CLIMATE RECORD PERIOD 1881 TO 2015


WEATHER ITEM   OBSERVED TIME   RECORD YEAR NORMAL DEPARTURE LAST
                VALUE   (LST)  VALUE       VALUE  FROM      YEAR
                                                  NORMAL
..................................................................
TEMPERATURE (F)
 YESTERDAY
  MAXIMUM         70    528 PM 107    2003  83    -13       83
  MINIMUM         47   1156 PM  34    1891  58    -11       66
  AVERAGE         59                        70    -11       75

PRECIPITATION (IN)
  YESTERDAY        0.00          1.67 2014   0.08  -0.08     1.67
  MONTH TO DATE    4.96                      1.88   3.08     2.36
  SINCE JUN 1     13.17                      8.73   4.44     8.40
  SINCE JAN 1     19.11                     16.71   2.40    12.89

SNOWFALL (IN)
  YESTERDAY        0.0           0.0    MM   0.0    0.0      0.0
  MONTH TO DATE    0.0                       0.0    0.0      0.0
  SINCE JUN 1      T                         0.0    0.0      0.0
  SINCE JUL 1      0.0                       0.0    0.0      0.0
  SNOW DEPTH       0

DEGREE DAYS
 HEATING
  YESTERDAY        6                         1      5        0
  MONTH TO DATE   22                         7     15        1
  SINCE JUN 1     37                        66    -29       64
  SINCE JUL 1     26                        15     11       24

 COOLING
  YESTERDAY        0                         6     -6       10
  MONTH TO DATE  162                       181    -19      150
  SINCE JUN 1    594                       591      3      430
  SINCE JAN 1    614                       624    -10      492
..................................................................


WIND (MPH)
  HIGHEST WIND SPEED    30   HIGHEST WIND DIRECTION    NW (300)
  HIGHEST GUST SPEED    40   HIGHEST GUST DIRECTION     W (290)
  AVERAGE WIND SPEED    18.7


SKY COVER
  POSSIBLE SUNSHINE  MM
  AVERAGE SKY COVER 0.1


WEATHER CONDITIONS
 THE FOLLOWING WEATHER WAS RECORDED YESTERDAY.
  NO SIGNIFICANT WEATHER WAS OBSERVED.


RELATIVE HUMIDITY (PERCENT)
 HIGHEST    77           900 PM
 LOWEST     36           400 PM
 AVERAGE    57

..........................................................


THE HURON SD CLIMATE NORMALS FOR TODAY
                         NORMAL    RECORD    YEAR
 MAXIMUM TEMPERATURE (F)   83       101      1948
 MINIMUM TEMPERATURE (F)   58        39      1928


SUNRISE AND SUNSET
AUGUST 24 2015........SUNRISE   646 AM CDT   SUNSET   824 PM CDT
AUGUST 25 2015........SUNRISE   647 AM CDT   SUNSET   822 PM CDT


-  INDICATES NEGATIVE NUMBERS.
R  INDICATES RECORD WAS SET OR TIED.
MM INDICATES DATA IS MISSING.
T  INDICATES TRACE AMOUNT.




$$
