000
CDUS43 KFSD 170654
CLIHON


CLIMATE REPORT
NATIONAL WEATHER SERVICE SIOUX FALLS SD
143 AM CDT MON JUL 17 2017


...................................

...THE HURON SD CLIMATE SUMMARY FOR JULY 16 2017...

CLIMATE NORMAL PERIOD 1981 TO 2010
CLIMATE RECORD PERIOD 1881 TO 2017


WEATHER ITEM   OBSERVED TIME   RECORD YEAR NORMAL DEPARTURE LAST
                VALUE   (LST)  VALUE       VALUE  FROM      YEAR
                                                  NORMAL
..................................................................
TEMPERATURE (F)
 YESTERDAY
  MAXIMUM         93    427 PM 109    1936  86      7       86
  MINIMUM         56    453 AM  42    1976  62     -6       58
  AVERAGE         75                        74      1       72

PRECIPITATION (IN)
  YESTERDAY        0.00          1.44 1927   0.09  -0.09      T
  MONTH TO DATE    0.03                      1.41  -1.38     0.49
  SINCE JUN 1      3.07                      5.34  -2.27     2.40
  SINCE JAN 1      7.16                     13.32  -6.16    11.21

SNOWFALL (IN)
  YESTERDAY        0.0           0.0    MM   0.0    0.0      0.0
  MONTH TO DATE    0.0                       0.0    0.0      0.0
  SINCE JUN 1      0.0                       0.0    0.0      0.0
  SINCE JUL 1      0.0                       0.0    0.0      0.0
  SNOW DEPTH       0

DEGREE DAYS
 HEATING
  YESTERDAY        0                         0      0        0
  MONTH TO DATE    0                         0      0        6
  SINCE JUN 1     31                        51    -20       23
  SINCE JUL 1      0                         0      0        6

 COOLING
  YESTERDAY       10                         9      1        7
  MONTH TO DATE  184                       138     46      112
  SINCE JUN 1    338                       271     67      340
  SINCE JAN 1    359                       304     55      371
..................................................................


WIND (MPH)
  HIGHEST WIND SPEED    17   HIGHEST WIND DIRECTION     S (160)
  HIGHEST GUST SPEED    22   HIGHEST GUST DIRECTION    SE (150)
  AVERAGE WIND SPEED     9.1


SKY COVER
  POSSIBLE SUNSHINE  MM
  AVERAGE SKY COVER 0.0


WEATHER CONDITIONS
 THE FOLLOWING WEATHER WAS RECORDED YESTERDAY.
  NO SIGNIFICANT WEATHER WAS OBSERVED.


RELATIVE HUMIDITY (PERCENT)
 HIGHEST   100           300 AM
 LOWEST     32           100 PM
 AVERAGE    66

..........................................................


THE HURON SD CLIMATE NORMALS FOR TODAY
                         NORMAL    RECORD    YEAR
 MAXIMUM TEMPERATURE (F)   87       110      1936
 MINIMUM TEMPERATURE (F)   62        45      1885


SUNRISE AND SUNSET
JULY 17 2017..........SUNRISE   605 AM CDT   SUNSET   913 PM CDT
JULY 18 2017..........SUNRISE   606 AM CDT   SUNSET   912 PM CDT


-  INDICATES NEGATIVE NUMBERS.
R  INDICATES RECORD WAS SET OR TIED.
MM INDICATES DATA IS MISSING.
T  INDICATES TRACE AMOUNT.




$$
