000
CDUS43 KFSD 210656
CLIHON


CLIMATE REPORT
NATIONAL WEATHER SERVICE SIOUX FALLS SD
156 AM CDT TUE MAR 21 2017


...................................

...THE HURON SD CLIMATE SUMMARY FOR MARCH 20 2017...

CLIMATE NORMAL PERIOD 1981 TO 2010
CLIMATE RECORD PERIOD 1881 TO 2017


WEATHER ITEM   OBSERVED TIME   RECORD YEAR NORMAL DEPARTURE LAST
                VALUE   (LST)  VALUE       VALUE  FROM      YEAR
                                                  NORMAL
..................................................................
TEMPERATURE (F)
 YESTERDAY
  MAXIMUM         56    347 PM  75    1911  46     10       46
  MINIMUM         32    709 AM  -5    1965  24      8       25
  AVERAGE         44                        35      9       36

PRECIPITATION (IN)
  YESTERDAY        0.00          0.48 1972   0.05  -0.05     0.00
  MONTH TO DATE    0.76                      0.80  -0.04     0.12
  SINCE MAR 1      0.76                      0.80  -0.04     0.12
  SINCE JAN 1      1.56                      1.90  -0.34     0.99

SNOWFALL (IN)
  YESTERDAY        0.0           4.3  1982   0.2   -0.2      0.0
  MONTH TO DATE   13.9                       6.2    7.7      1.5
  SINCE MAR 1     13.9                       6.2    7.7      1.5
  SINCE JUL 1     35.9                      37.2   -1.3     32.2
  SNOW DEPTH       0

DEGREE DAYS
 HEATING
  YESTERDAY       21                        30     -9       29
  MONTH TO DATE  700                       684     16      479
  SINCE MAR 1    700                       684     16      479
  SINCE JUL 1   5849                      6516   -667     5555

 COOLING
  YESTERDAY        0                         0      0        0
  MONTH TO DATE    0                         0      0        0
  SINCE MAR 1      0                         0      0        0
  SINCE JAN 1      0                         0      0        0
..................................................................


WIND (MPH)
  HIGHEST WIND SPEED    20   HIGHEST WIND DIRECTION     N (360)
  HIGHEST GUST SPEED    23   HIGHEST GUST DIRECTION     N (360)
  AVERAGE WIND SPEED     9.6


SKY COVER
  POSSIBLE SUNSHINE  MM
  AVERAGE SKY COVER 0.2


WEATHER CONDITIONS
 THE FOLLOWING WEATHER WAS RECORDED YESTERDAY.
  NO SIGNIFICANT WEATHER WAS OBSERVED.


RELATIVE HUMIDITY (PERCENT)
 HIGHEST    96           600 AM
 LOWEST     24           500 PM
 AVERAGE    60

..........................................................


THE HURON SD CLIMATE NORMALS FOR TODAY
                         NORMAL    RECORD    YEAR
 MAXIMUM TEMPERATURE (F)   46        84      1907
 MINIMUM TEMPERATURE (F)   25        -6      1965


SUNRISE AND SUNSET
MARCH 21 2017.........SUNRISE   734 AM CDT   SUNSET   747 PM CDT
MARCH 22 2017.........SUNRISE   732 AM CDT   SUNSET   748 PM CDT


-  INDICATES NEGATIVE NUMBERS.
R  INDICATES RECORD WAS SET OR TIED.
MM INDICATES DATA IS MISSING.
T  INDICATES TRACE AMOUNT.




$$
