000
CDUS43 KFSD 150623
CLIHON


CLIMATE REPORT
NATIONAL WEATHER SERVICE SIOUX FALLS SD
122 AM CDT THU JUN 15 2017


...................................

...THE HURON SD CLIMATE SUMMARY FOR JUNE 14 2017...

CLIMATE NORMAL PERIOD 1981 TO 2010
CLIMATE RECORD PERIOD 1881 TO 2017


WEATHER ITEM   OBSERVED TIME   RECORD YEAR NORMAL DEPARTURE LAST
                VALUE   (LST)  VALUE       VALUE  FROM      YEAR
                                                  NORMAL
..................................................................
TEMPERATURE (F)
 YESTERDAY
  MAXIMUM         83    459 PM 106    1979  79      4       78
  MINIMUM         59   1103 PM  35    1969  56      3       59
  AVERAGE         71                        67      4       69

PRECIPITATION (IN)
  YESTERDAY        T             2.28 1924   0.14  -0.14     0.89
  MONTH TO DATE    2.09                      1.96   0.13     1.88
  SINCE JUN 1      2.09                      1.96   0.13     1.88
  SINCE JAN 1      6.18                      9.94  -3.76    10.69

SNOWFALL (IN)
  YESTERDAY        0.0           0.0    MM   0.0    0.0      0.0
  MONTH TO DATE    0.0                       0.0    0.0      0.0
  SINCE JUN 1      0.0                       0.0    0.0      0.0
  SINCE JUL 1     35.9                      43.9   -8.0     33.0
  SNOW DEPTH       0

DEGREE DAYS
 HEATING
  YESTERDAY        0                         2     -2        0
  MONTH TO DATE    1                        37    -36       17
  SINCE JUN 1      1                        37    -36       17
  SINCE JUL 1   6881                      7658   -777     6569

 COOLING
  YESTERDAY        6                         4      2        4
  MONTH TO DATE  115                        40     75       95
  SINCE JUN 1    115                        40     75       95
  SINCE JAN 1    136                        73     63      126
..................................................................


WIND (MPH)
  HIGHEST WIND SPEED    28   HIGHEST WIND DIRECTION     W (280)
  HIGHEST GUST SPEED    33   HIGHEST GUST DIRECTION     W (290)
  AVERAGE WIND SPEED    13.6


SKY COVER
  POSSIBLE SUNSHINE  MM
  AVERAGE SKY COVER 0.0


WEATHER CONDITIONS
 THE FOLLOWING WEATHER WAS RECORDED YESTERDAY.
  LIGHT RAIN


RELATIVE HUMIDITY (PERCENT)
 HIGHEST   100          1200 AM
 LOWEST     26           600 PM
 AVERAGE    63

..........................................................


THE HURON SD CLIMATE NORMALS FOR TODAY
                         NORMAL    RECORD    YEAR
 MAXIMUM TEMPERATURE (F)   80       104      1936
 MINIMUM TEMPERATURE (F)   56        38      1989


SUNRISE AND SUNSET
JUNE 15 2017..........SUNRISE   548 AM CDT   SUNSET   919 PM CDT
JUNE 16 2017..........SUNRISE   548 AM CDT   SUNSET   919 PM CDT


-  INDICATES NEGATIVE NUMBERS.
R  INDICATES RECORD WAS SET OR TIED.
MM INDICATES DATA IS MISSING.
T  INDICATES TRACE AMOUNT.




$$
