581
CDUS43 KFSD 290629
CLIHON


CLIMATE REPORT
NATIONAL WEATHER SERVICE SIOUX FALLS SD
128 AM CDT MON AUG 29 2016


...................................

...THE HURON SD CLIMATE SUMMARY FOR AUGUST 28 2016...

CLIMATE NORMAL PERIOD 1981 TO 2010
CLIMATE RECORD PERIOD 1881 TO 2016


WEATHER ITEM   OBSERVED TIME   RECORD YEAR NORMAL DEPARTURE LAST
                VALUE   (LST)  VALUE       VALUE  FROM      YEAR
                                                  NORMAL
..................................................................
TEMPERATURE (F)
 YESTERDAY
  MAXIMUM         92    457 PM 101    1937  82     10       81
  MINIMUM         65    606 AM  34    1893  57      8       64
  AVERAGE         79                        69     10       73

PRECIPITATION (IN)
  YESTERDAY        0.00          0.92 1920   0.07  -0.07      T
  MONTH TO DATE    2.73                      2.22   0.51     5.04
  SINCE JUN 1      5.64                      9.07  -3.43    13.25
  SINCE JAN 1     14.45                     17.05  -2.60    19.19

SNOWFALL (IN)
  YESTERDAY        0.0           0.0    MM   0.0    0.0      0.0
  MONTH TO DATE    0.0                       0.0    0.0      0.0
  SINCE JUN 1      0.0                       0.0    0.0       T
  SINCE JUL 1      0.0                       0.0    0.0      0.0
  SNOW DEPTH       0

DEGREE DAYS
 HEATING
  YESTERDAY        0                         1     -1        0
  MONTH TO DATE   11                        12     -1       36
  SINCE JUN 1     34                        71    -37       51
  SINCE JUL 1     17                        20     -3       40

 COOLING
  YESTERDAY       14                         6      8        8
  MONTH TO DATE  220                       211      9      178
  SINCE JUN 1    742                       621    121      610
  SINCE JAN 1    773                       654    119      630
..................................................................


WIND (MPH)
  HIGHEST WIND SPEED    24   HIGHEST WIND DIRECTION     S (170)
  HIGHEST GUST SPEED    31   HIGHEST GUST DIRECTION     S (160)
  AVERAGE WIND SPEED    14.0


SKY COVER
  POSSIBLE SUNSHINE  MM
  AVERAGE SKY COVER 0.0


WEATHER CONDITIONS
 THE FOLLOWING WEATHER WAS RECORDED YESTERDAY.
  NO SIGNIFICANT WEATHER WAS OBSERVED.


RELATIVE HUMIDITY (PERCENT)
 HIGHEST    93           200 AM
 LOWEST     44           400 PM
 AVERAGE    69

..........................................................


THE HURON SD CLIMATE NORMALS FOR TODAY
                         NORMAL    RECORD    YEAR
 MAXIMUM TEMPERATURE (F)   82       101      2012
                                             1961
 MINIMUM TEMPERATURE (F)   56        36      1946


SUNRISE AND SUNSET
AUGUST 29 2016........SUNRISE   653 AM CDT   SUNSET   814 PM CDT
AUGUST 30 2016........SUNRISE   654 AM CDT   SUNSET   812 PM CDT


-  INDICATES NEGATIVE NUMBERS.
R  INDICATES RECORD WAS SET OR TIED.
MM INDICATES DATA IS MISSING.
T  INDICATES TRACE AMOUNT.




$$
