989
CDUS43 KFSD 240657
CLIHON


CLIMATE REPORT
NATIONAL WEATHER SERVICE SIOUX FALLS SD
1257 AM CST FRI FEB 24 2017


...................................

...THE HURON SD CLIMATE SUMMARY FOR FEBRUARY 23 2017...

CLIMATE NORMAL PERIOD 1981 TO 2010
CLIMATE RECORD PERIOD 1881 TO 2017


WEATHER ITEM   OBSERVED TIME   RECORD YEAR NORMAL DEPARTURE LAST
                VALUE   (LST)  VALUE       VALUE  FROM      YEAR
                                                  NORMAL
..................................................................
TEMPERATURE (F)
 YESTERDAY
  MAXIMUM         33   1236 PM  68    1958  34     -1       43
  MINIMUM         25   1159 PM -30    1965  14     11       23
  AVERAGE         29                        24      5       33

PRECIPITATION (IN)
  YESTERDAY        0.00          1.46 1977   0.03  -0.03     0.00
  MONTH TO DATE    0.15                      0.47  -0.32     0.22
  SINCE DEC 1      2.12                      1.49   0.63     1.79
  SINCE JAN 1      0.73                      0.97  -0.24     0.51

SNOWFALL (IN)
  YESTERDAY        0.0           8.1  2012   0.3   -0.3      0.0
  MONTH TO DATE    T                         6.0   -6.0      1.8
  SINCE DEC 1     17.0                      21.3   -4.3     21.4
  SINCE JUL 1     21.7                      29.6   -7.9     27.0
  SNOW DEPTH       0

DEGREE DAYS
 HEATING
  YESTERDAY       36                        41     -5       32
  MONTH TO DATE  771                      1018   -247      861
  SINCE DEC 1   3766                      3933   -167     3609
  SINCE JUL 1   4974                      5635   -661     4899

 COOLING
  YESTERDAY        0                         0      0        0
  MONTH TO DATE    0                         0      0        0
  SINCE DEC 1      0                         0      0        0
  SINCE JAN 1      0                         0      0        0
..................................................................


WIND (MPH)
  HIGHEST WIND SPEED    26   HIGHEST WIND DIRECTION     N (20)
  HIGHEST GUST SPEED    34   HIGHEST GUST DIRECTION    NE (40)
  AVERAGE WIND SPEED    15.8


SKY COVER
  POSSIBLE SUNSHINE  MM
  AVERAGE SKY COVER 0.7


WEATHER CONDITIONS
 THE FOLLOWING WEATHER WAS RECORDED YESTERDAY.
  NO SIGNIFICANT WEATHER WAS OBSERVED.


RELATIVE HUMIDITY (PERCENT)
 HIGHEST    92           400 AM
 LOWEST     66           300 PM
 AVERAGE    79

..........................................................


THE HURON SD CLIMATE NORMALS FOR TODAY
                         NORMAL    RECORD    YEAR
 MAXIMUM TEMPERATURE (F)   35        63      1976
 MINIMUM TEMPERATURE (F)   15       -33      1965


SUNRISE AND SUNSET
FEBRUARY 24 2017......SUNRISE   718 AM CST   SUNSET   615 PM CST
FEBRUARY 25 2017......SUNRISE   716 AM CST   SUNSET   616 PM CST


-  INDICATES NEGATIVE NUMBERS.
R  INDICATES RECORD WAS SET OR TIED.
MM INDICATES DATA IS MISSING.
T  INDICATES TRACE AMOUNT.




$$
