000
CDUS43 KFSD 212224
CLIHON


CLIMATE REPORT
NATIONAL WEATHER SERVICE SIOUX FALLS SD
524 PM CDT TUE OCT 21 2014


...................................

...THE HURON SD CLIMATE SUMMARY FOR OCTOBER 21 2014...
VALID TODAY AS OF 0500 PM LOCAL TIME.

CLIMATE NORMAL PERIOD 1981 TO 2010
CLIMATE RECORD PERIOD 1881 TO 2014


WEATHER ITEM   OBSERVED TIME   RECORD YEAR NORMAL DEPARTURE LAST
                VALUE   (LST)  VALUE       VALUE  FROM      YEAR
                                                  NORMAL
..................................................................
TEMPERATURE (F)
 TODAY
  MAXIMUM         81    351 PM  88    1947  58     23       48
                                      1927
  MINIMUM         45   1219 AM  13    1930  34     11       32
                                      1913
  AVERAGE         63                        46     17       40

PRECIPITATION (IN)
  TODAY            0.00          0.64 1963   0.05  -0.05     0.07
  MONTH TO DATE    0.06                      1.31  -1.25     5.13
  SINCE SEP 1      1.16                      3.77  -2.61     6.54
  SINCE JAN 1     14.72                     21.03  -6.31    23.74

SNOWFALL (IN)
  TODAY            0.0           2.5  1951   0.0    0.0       T
  MONTH TO DATE    0.0                       0.4   -0.4       T
  SINCE SEP 1      0.0                       0.4   -0.4       T
  SINCE JUL 1      0.0                       0.4   -0.4       T
  SNOW DEPTH       0

DEGREE DAYS
 HEATING
  TODAY            2                        19    -17       25
  MONTH TO DATE  292                       317    -25      300
  SINCE SEP 1    431                       484    -53      353
  SINCE JUL 1    464                       513    -49      375

 COOLING
  TODAY            0                         0      0        0
  MONTH TO DATE    0                         0      0        0
  SINCE SEP 1     74                        69      5      160
  SINCE JAN 1    597                       738   -141      848
..................................................................


WIND (MPH)
  HIGHEST WIND SPEED    23   HIGHEST WIND DIRECTION     S (170)
  HIGHEST GUST SPEED    31   HIGHEST GUST DIRECTION     S (170)
  AVERAGE WIND SPEED    12.7


SKY COVER
  POSSIBLE SUNSHINE  MM
  AVERAGE SKY COVER 0.0


WEATHER CONDITIONS
 THE FOLLOWING WEATHER WAS RECORDED TODAY.
  NO SIGNIFICANT WEATHER WAS OBSERVED.


RELATIVE HUMIDITY (PERCENT)
 HIGHEST    65          1200 AM
 LOWEST     23           300 PM
 AVERAGE    44

..........................................................


THE HURON SD CLIMATE NORMALS FOR TOMORROW
                         NORMAL    RECORD    YEAR
 MAXIMUM TEMPERATURE (F)   58        84      1992
 MINIMUM TEMPERATURE (F)   33        13      1896


SUNRISE AND SUNSET
OCTOBER 21 2014.......SUNRISE   756 AM CDT   SUNSET   639 PM CDT
OCTOBER 22 2014.......SUNRISE   757 AM CDT   SUNSET   637 PM CDT


-  INDICATES NEGATIVE NUMBERS.
R  INDICATES RECORD WAS SET OR TIED.
MM INDICATES DATA IS MISSING.
T  INDICATES TRACE AMOUNT.




$$
