000
CDUS43 KFSD 120632
CLIHON


CLIMATE REPORT
NATIONAL WEATHER SERVICE SIOUX FALLS SD
1232 AM CST FRI JAN 12 2018


...................................

...THE HURON SD CLIMATE SUMMARY FOR JANUARY 11 2018...

CLIMATE NORMAL PERIOD 1981 TO 2010
CLIMATE RECORD PERIOD 1881 TO 2018


WEATHER ITEM   OBSERVED TIME   RECORD YEAR NORMAL DEPARTURE LAST
                VALUE   (LST)  VALUE       VALUE  FROM      YEAR
                                                  NORMAL
..................................................................
TEMPERATURE (F)
 YESTERDAY
  MAXIMUM         11   1224 AM  54    1987  26    -15        8
  MINIMUM         -5   1159 PM -34    1912   6    -11        2
  AVERAGE          3                        16    -13        5

PRECIPITATION (IN)
  YESTERDAY        T             0.23 1916   0.02  -0.02     0.05
  MONTH TO DATE    0.02                      0.19  -0.17     0.33
  SINCE DEC 1      0.52                      0.71  -0.19     1.72
  SINCE JAN 1      0.02                      0.19  -0.17     0.33

SNOWFALL (IN)
  YESTERDAY        T             4.3  1979   0.3   -0.3      0.7
  MONTH TO DATE    0.2                       2.7   -2.5      4.0
  SINCE DEC 1      7.1                      10.7   -3.6     14.0
  SINCE JUL 1      8.4                      19.0  -10.6     18.7
  SNOW DEPTH       T

DEGREE DAYS
 HEATING
  YESTERDAY       62                        49     13       60
  MONTH TO DATE  587                       537     50      637
  SINCE DEC 1   1950                      1955     -5     2136
  SINCE JUL 1   3515                      3657   -142     3344

 COOLING
  YESTERDAY        0                         0      0        0
  MONTH TO DATE    0                         0      0        0
  SINCE DEC 1      0                         0      0        0
  SINCE JAN 1      0                         0      0        0
..................................................................


WIND (MPH)
  HIGHEST WIND SPEED    35   HIGHEST WIND DIRECTION     N (340)
  HIGHEST GUST SPEED    42   HIGHEST GUST DIRECTION    NW (320)
  AVERAGE WIND SPEED    21.9


SKY COVER
  POSSIBLE SUNSHINE  MM
  AVERAGE SKY COVER 0.5


WEATHER CONDITIONS
 THE FOLLOWING WEATHER WAS RECORDED YESTERDAY.
  LIGHT SNOW
  FOG
  BLOWING SNOW


RELATIVE HUMIDITY (PERCENT)
 HIGHEST    83          1200 AM
 LOWEST     57           400 PM
 AVERAGE    70

..........................................................


THE HURON SD CLIMATE NORMALS FOR TODAY
                         NORMAL    RECORD    YEAR
 MAXIMUM TEMPERATURE (F)   26        62      1987
 MINIMUM TEMPERATURE (F)    6       -43      1912


SUNRISE AND SUNSET
JANUARY 12 2018.......SUNRISE   807 AM CST   SUNSET   516 PM CST
JANUARY 13 2018.......SUNRISE   806 AM CST   SUNSET   517 PM CST


-  INDICATES NEGATIVE NUMBERS.
R  INDICATES RECORD WAS SET OR TIED.
MM INDICATES DATA IS MISSING.
T  INDICATES TRACE AMOUNT.




$$
