000
CDUS43 KFSD 230646
CLIHON


CLIMATE REPORT
NATIONAL WEATHER SERVICE SIOUX FALLS SD
1244 AM CST TUE DEC 23 2014


...................................

...THE HURON SD CLIMATE SUMMARY FOR DECEMBER 22 2014...

CLIMATE NORMAL PERIOD 1981 TO 2010
CLIMATE RECORD PERIOD 1881 TO 2014


WEATHER ITEM   OBSERVED TIME   RECORD YEAR NORMAL DEPARTURE LAST
                VALUE   (LST)  VALUE       VALUE  FROM      YEAR
                                                  NORMAL
..................................................................
TEMPERATURE (F)
 YESTERDAY
  MAXIMUM         37    111 AM  58    1957  27     10        2
  MINIMUM         29    916 AM -28    1989   8     21      -19
                                      1884
  AVERAGE         33                        18     15       -8

PRECIPITATION (IN)
  YESTERDAY        T             0.41 1968   0.02  -0.02      T
  MONTH TO DATE    0.30                      0.37  -0.07     0.63
  SINCE DEC 1      0.30                      0.37  -0.07     0.63
  SINCE JAN 1     15.98                     22.75  -6.77    24.81

SNOWFALL (IN)
  YESTERDAY        T             5.9  1968   0.3   -0.3       T
  MONTH TO DATE    1.4                       5.7   -4.3      7.6
  SINCE DEC 1      1.4                       5.7   -4.3      7.6
  SINCE JUL 1      9.3                      14.0   -4.7     10.1
  SNOW DEPTH       2

DEGREE DAYS
 HEATING
  YESTERDAY       32                        47    -15       73
  MONTH TO DATE  835                       985   -150     1190
  SINCE DEC 1    835                       985   -150     1190
  SINCE JUL 1   2692                      2687      5     2827

 COOLING
  YESTERDAY        0                         0      0        0
  MONTH TO DATE    0                         0      0        0
  SINCE DEC 1      0                         0      0        0
  SINCE JAN 1    597                       742   -145      848
..................................................................


WIND (MPH)
  HIGHEST WIND SPEED    15   HIGHEST WIND DIRECTION     S (170)
  HIGHEST GUST SPEED    19   HIGHEST GUST DIRECTION     S (180)
  AVERAGE WIND SPEED     6.4


SKY COVER
  POSSIBLE SUNSHINE  MM
  AVERAGE SKY COVER 1.0


WEATHER CONDITIONS
 THE FOLLOWING WEATHER WAS RECORDED YESTERDAY.
  LIGHT SNOW
  FOG
  FOG W/VISIBILITY <= 1/4 MILE


RELATIVE HUMIDITY (PERCENT)
 HIGHEST   100           300 AM
 LOWEST     85           100 AM
 AVERAGE    93

..........................................................


THE HURON SD CLIMATE NORMALS FOR TODAY
                         NORMAL    RECORD    YEAR
 MAXIMUM TEMPERATURE (F)   27        57      1894
 MINIMUM TEMPERATURE (F)    8       -30      1990


SUNRISE AND SUNSET
DECEMBER 23 2014......SUNRISE   807 AM CST   SUNSET   457 PM CST
DECEMBER 24 2014......SUNRISE   807 AM CST   SUNSET   458 PM CST


-  INDICATES NEGATIVE NUMBERS.
R  INDICATES RECORD WAS SET OR TIED.
MM INDICATES DATA IS MISSING.
T  INDICATES TRACE AMOUNT.




$$
