000
CDUS43 KFSD 290632
CLIHON


CLIMATE REPORT
NATIONAL WEATHER SERVICE SIOUX FALLS SD
132 AM CDT SAT AUG 29 2015


...................................

...THE HURON SD CLIMATE SUMMARY FOR AUGUST 28 2015...

CLIMATE NORMAL PERIOD 1981 TO 2010
CLIMATE RECORD PERIOD 1881 TO 2015


WEATHER ITEM   OBSERVED TIME   RECORD YEAR NORMAL DEPARTURE LAST
                VALUE   (LST)  VALUE       VALUE  FROM      YEAR
                                                  NORMAL
..................................................................
TEMPERATURE (F)
 YESTERDAY
  MAXIMUM         81    236 PM 101    1937  82     -1       74
  MINIMUM         64   1159 PM  34    1893  57      7       67
  AVERAGE         73                        69      4       71

PRECIPITATION (IN)
  YESTERDAY        T             0.92 1920   0.07  -0.07     0.46
  MONTH TO DATE    5.04                      2.22   2.82     2.82
  SINCE JUN 1     13.25                      9.07   4.18     8.86
  SINCE JAN 1     19.19                     17.05   2.14    13.35

SNOWFALL (IN)
  YESTERDAY        0.0           0.0    MM   0.0    0.0      0.0
  MONTH TO DATE    0.0                       0.0    0.0      0.0
  SINCE JUN 1      T                         0.0    0.0      0.0
  SINCE JUL 1      0.0                       0.0    0.0      0.0
  SNOW DEPTH       0

DEGREE DAYS
 HEATING
  YESTERDAY        0                         1     -1        0
  MONTH TO DATE   36                        12     24       10
  SINCE JUN 1     51                        71    -20       73
  SINCE JUL 1     40                        20     20       33

 COOLING
  YESTERDAY        8                         6      2        6
  MONTH TO DATE  178                       211    -33      167
  SINCE JUN 1    610                       621    -11      447
  SINCE JAN 1    630                       654    -24      509
..................................................................


WIND (MPH)
  HIGHEST WIND SPEED    10   HIGHEST WIND DIRECTION     S (180)
  HIGHEST GUST SPEED    14   HIGHEST GUST DIRECTION     S (170)
  AVERAGE WIND SPEED     4.7


SKY COVER
  POSSIBLE SUNSHINE  MM
  AVERAGE SKY COVER 0.5


WEATHER CONDITIONS
 THE FOLLOWING WEATHER WAS RECORDED YESTERDAY.
  NO SIGNIFICANT WEATHER WAS OBSERVED.


RELATIVE HUMIDITY (PERCENT)
 HIGHEST   100           600 AM
 LOWEST     62           100 PM
 AVERAGE    81

..........................................................


THE HURON SD CLIMATE NORMALS FOR TODAY
                         NORMAL    RECORD    YEAR
 MAXIMUM TEMPERATURE (F)   82       101      2012
                                             1961
 MINIMUM TEMPERATURE (F)   56        36      1946


SUNRISE AND SUNSET
AUGUST 29 2015........SUNRISE   652 AM CDT   SUNSET   815 PM CDT
AUGUST 30 2015........SUNRISE   653 AM CDT   SUNSET   813 PM CDT


-  INDICATES NEGATIVE NUMBERS.
R  INDICATES RECORD WAS SET OR TIED.
MM INDICATES DATA IS MISSING.
T  INDICATES TRACE AMOUNT.




$$
