000
CDUS43 KFSD 040639
CLIHON


CLIMATE REPORT
NATIONAL WEATHER SERVICE SIOUX FALLS SD
1236 AM CST MON DEC 4 2017


...................................

...THE HURON SD CLIMATE SUMMARY FOR DECEMBER 3 2017...

CLIMATE NORMAL PERIOD 1981 TO 2010
CLIMATE RECORD PERIOD 1881 TO 2017


WEATHER ITEM   OBSERVED TIME   RECORD YEAR NORMAL DEPARTURE LAST
                VALUE   (LST)  VALUE       VALUE  FROM      YEAR
                                                  NORMAL
..................................................................
TEMPERATURE (F)
 YESTERDAY
  MAXIMUM         50    508 PM  69    1941  33     17       36
  MINIMUM         21    410 AM -14    1897  13      8       24
  AVERAGE         36                        23     13       30

PRECIPITATION (IN)
  YESTERDAY        0.00          0.91 1953   0.02  -0.02     0.01
  MONTH TO DATE    0.00                      0.06  -0.06     0.01
  SINCE DEC 1      0.00                      0.06  -0.06     0.01
  SINCE JAN 1     20.14                     22.44  -2.30    18.14

SNOWFALL (IN)
  YESTERDAY        0.0          10.3  1955   0.2   -0.2       T
  MONTH TO DATE    0.0                       0.7   -0.7       T
  SINCE DEC 1      0.0                       0.7   -0.7       T
  SINCE JUL 1      1.3                       9.0   -7.7      4.7
  SNOW DEPTH       0

DEGREE DAYS
 HEATING
  YESTERDAY       29                        42    -13       35
  MONTH TO DATE   88                       124    -36      104
  SINCE DEC 1     88                       124    -36      104
  SINCE JUL 1   1653                      1826   -173     1312

 COOLING
  YESTERDAY        0                         0      0        0
  MONTH TO DATE    0                         0      0        0
  SINCE DEC 1      0                         0      0        0
  SINCE JAN 1    730                       742    -12      887
..................................................................


WIND (MPH)
  HIGHEST WIND SPEED    21   HIGHEST WIND DIRECTION     S (170)
  HIGHEST GUST SPEED    27   HIGHEST GUST DIRECTION     S (170)
  AVERAGE WIND SPEED    10.6


SKY COVER
  POSSIBLE SUNSHINE  MM
  AVERAGE SKY COVER 0.0


WEATHER CONDITIONS
 THE FOLLOWING WEATHER WAS RECORDED YESTERDAY.
  NO SIGNIFICANT WEATHER WAS OBSERVED.


RELATIVE HUMIDITY (PERCENT)
 HIGHEST    92           500 AM
 LOWEST     49          1200 PM
 AVERAGE    71

..........................................................


THE HURON SD CLIMATE NORMALS FOR TODAY
                         NORMAL    RECORD    YEAR
 MAXIMUM TEMPERATURE (F)   32        63      1888
 MINIMUM TEMPERATURE (F)   13       -32      1886


SUNRISE AND SUNSET
DECEMBER  4 2017......SUNRISE   752 AM CST   SUNSET   454 PM CST
DECEMBER  5 2017......SUNRISE   753 AM CST   SUNSET   454 PM CST


-  INDICATES NEGATIVE NUMBERS.
R  INDICATES RECORD WAS SET OR TIED.
MM INDICATES DATA IS MISSING.
T  INDICATES TRACE AMOUNT.




$$
