000
CDUS43 KFSD 060657
CLIHON


CLIMATE REPORT
NATIONAL WEATHER SERVICE SIOUX FALLS SD
1257 AM CST FRI JAN 6 2017


...................................

...THE HURON SD CLIMATE SUMMARY FOR JANUARY 5 2017...

CLIMATE NORMAL PERIOD 1981 TO 2010
CLIMATE RECORD PERIOD 1881 TO 2017


WEATHER ITEM   OBSERVED TIME   RECORD YEAR NORMAL DEPARTURE LAST
                VALUE   (LST)  VALUE       VALUE  FROM      YEAR
                                                  NORMAL
..................................................................
TEMPERATURE (F)
 YESTERDAY
  MAXIMUM          1    244 PM  65    2012  26    -25       33
  MINIMUM         -9   1014 PM -35    1884   7    -16       16
  AVERAGE         -4                        16    -20       25

PRECIPITATION (IN)
  YESTERDAY        0.00          0.21 2015   0.02  -0.02     0.00
  MONTH TO DATE    0.07                      0.09  -0.02      T
  SINCE DEC 1      1.46                      0.61   0.85     1.28
  SINCE JAN 1      0.07                      0.09  -0.02      T

SNOWFALL (IN)
  YESTERDAY        0.0           2.5  1951   0.3   -0.3      0.0
  MONTH TO DATE    0.8                       1.3   -0.5       T
  SINCE DEC 1     10.8                       9.3    1.5     14.3
  SINCE JUL 1     15.5                      17.6   -2.1     19.9
  SNOW DEPTH       1

DEGREE DAYS
 HEATING
  YESTERDAY       69                        49     20       40
  MONTH TO DATE  292                       243     49      230
  SINCE DEC 1   1791                      1661    130     1488
  SINCE JUL 1   2999                      3363   -364     2778

 COOLING
  YESTERDAY        0                         0      0        0
  MONTH TO DATE    0                         0      0        0
  SINCE DEC 1      0                         0      0        0
  SINCE JAN 1      0                         0      0        0
..................................................................


WIND (MPH)
  HIGHEST WIND SPEED    23   HIGHEST WIND DIRECTION    NW (330)
  HIGHEST GUST SPEED    27   HIGHEST GUST DIRECTION    NW (320)
  AVERAGE WIND SPEED    11.5


SKY COVER
  POSSIBLE SUNSHINE  MM
  AVERAGE SKY COVER 0.5


WEATHER CONDITIONS
 THE FOLLOWING WEATHER WAS RECORDED YESTERDAY.
  NO SIGNIFICANT WEATHER WAS OBSERVED.


RELATIVE HUMIDITY (PERCENT)
 HIGHEST    83           100 AM
 LOWEST     65           400 PM
 AVERAGE    74

..........................................................


THE HURON SD CLIMATE NORMALS FOR TODAY
                         NORMAL    RECORD    YEAR
 MAXIMUM TEMPERATURE (F)   26        50      1896
 MINIMUM TEMPERATURE (F)    6       -37      1988


SUNRISE AND SUNSET
JANUARY  6 2017.......SUNRISE   809 AM CST   SUNSET   509 PM CST
JANUARY  7 2017.......SUNRISE   808 AM CST   SUNSET   511 PM CST


-  INDICATES NEGATIVE NUMBERS.
R  INDICATES RECORD WAS SET OR TIED.
MM INDICATES DATA IS MISSING.
T  INDICATES TRACE AMOUNT.




$$
