000
CDUS43 KFSD 102225
CLIHON


CLIMATE REPORT
NATIONAL WEATHER SERVICE SIOUX FALLS SD
424 PM CST FRI FEB 10 2017


...................................

...THE HURON SD CLIMATE SUMMARY FOR FEBRUARY 10 2017...
VALID TODAY AS OF 0400 PM LOCAL TIME.

CLIMATE NORMAL PERIOD 1981 TO 2010
CLIMATE RECORD PERIOD 1881 TO 2017


WEATHER ITEM   OBSERVED TIME   RECORD YEAR NORMAL DEPARTURE LAST
                VALUE   (LST)  VALUE       VALUE  FROM      YEAR
                                                  NORMAL
..................................................................
TEMPERATURE (F)
 TODAY
  MAXIMUM         55    208 PM  61    1951  30     25       27
  MINIMUM         22    141 AM -32    1884  10     12       16
  AVERAGE         39                        20     19       22

PRECIPITATION (IN)
  TODAY            0.00          0.59 2013   0.02  -0.02      T
  MONTH TO DATE    T                         0.19  -0.19     0.08
  SINCE DEC 1      1.97                      1.21   0.76     1.65
  SINCE JAN 1      0.58                      0.69  -0.11     0.37

SNOWFALL (IN)
  TODAY            0.0           9.0  2013   0.3   -0.3       T
  MONTH TO DATE    T                         2.5   -2.5      1.0
  SINCE DEC 1     17.0                      17.8   -0.8     20.6
  SINCE JUL 1     21.7                      26.1   -4.4     26.2
  SNOW DEPTH       T

DEGREE DAYS
 HEATING
  TODAY           26                        45    -19       43
  MONTH TO DATE  460                       461     -1      395
  SINCE DEC 1   3455                      3376     79     3143
  SINCE JUL 1   4663                      5078   -415     4433

 COOLING
  TODAY            0                         0      0        0
  MONTH TO DATE    0                         0      0        0
  SINCE DEC 1      0                         0      0        0
  SINCE JAN 1      0                         0      0        0
..................................................................


WIND (MPH)
  HIGHEST WIND SPEED    21   HIGHEST WIND DIRECTION     S (160)
  HIGHEST GUST SPEED    25   HIGHEST GUST DIRECTION     S (160)
  AVERAGE WIND SPEED     8.7


SKY COVER
  POSSIBLE SUNSHINE  MM
  AVERAGE SKY COVER 0.0


WEATHER CONDITIONS
 THE FOLLOWING WEATHER WAS RECORDED TODAY.
  NO SIGNIFICANT WEATHER WAS OBSERVED.


RELATIVE HUMIDITY (PERCENT)
 HIGHEST    81           200 AM
 LOWEST     50           100 PM
 AVERAGE    66

..........................................................


THE HURON SD CLIMATE NORMALS FOR TOMORROW
                         NORMAL    RECORD    YEAR
 MAXIMUM TEMPERATURE (F)   31        64      1987
 MINIMUM TEMPERATURE (F)   10       -36      1899


SUNRISE AND SUNSET
FEBRUARY 10 2017......SUNRISE   739 AM CST   SUNSET   555 PM CST
FEBRUARY 11 2017......SUNRISE   738 AM CST   SUNSET   557 PM CST


-  INDICATES NEGATIVE NUMBERS.
R  INDICATES RECORD WAS SET OR TIED.
MM INDICATES DATA IS MISSING.
T  INDICATES TRACE AMOUNT.




$$
