000
CDUS43 KFSD 220629
CLIHON


CLIMATE REPORT
NATIONAL WEATHER SERVICE SIOUX FALLS SD
1227 AM CST SAT NOV 22 2014


...................................

...THE HURON SD CLIMATE SUMMARY FOR NOVEMBER 21 2014...

CLIMATE NORMAL PERIOD 1981 TO 2010
CLIMATE RECORD PERIOD 1881 TO 2014


WEATHER ITEM   OBSERVED TIME   RECORD YEAR NORMAL DEPARTURE LAST
                VALUE   (LST)  VALUE       VALUE  FROM      YEAR
                                                  NORMAL
..................................................................
TEMPERATURE (F)
 YESTERDAY
  MAXIMUM         38    338 PM  68    2012  39     -1       26
                                      1960
  MINIMUM         12   1232 AM -13    1964  19     -7        5
  AVERAGE         25                        29     -4       16

PRECIPITATION (IN)
  YESTERDAY        0.00          0.33 1963   0.02  -0.02     0.01
  MONTH TO DATE    0.72                      0.66   0.06     0.16
  SINCE SEP 1      2.10                      4.91  -2.81     6.98
  SINCE JAN 1     15.66                     22.17  -6.51    24.18

SNOWFALL (IN)
  YESTERDAY        0.0           2.3  1985   0.3   -0.3       T
  MONTH TO DATE    7.7                       4.6    3.1      1.6
  SINCE SEP 1      7.7                       5.7    2.0      2.5
  SINCE JUL 1      7.7                       5.7    2.0      2.5
  SNOW DEPTH       3

DEGREE DAYS
 HEATING
  YESTERDAY       40                        36      4       49
  MONTH TO DATE  810                       626    184      618
  SINCE SEP 1   1424                      1327     97     1235
  SINCE JUL 1   1457                      1356    101     1257

 COOLING
  YESTERDAY        0                         0      0        0
  MONTH TO DATE    0                         0      0        0
  SINCE SEP 1     74                        73      1      160
  SINCE JAN 1    597                       742   -145      848
..................................................................


WIND (MPH)
  HIGHEST WIND SPEED    20   HIGHEST WIND DIRECTION     S (170)
  HIGHEST GUST SPEED    28   HIGHEST GUST DIRECTION     S (160)
  AVERAGE WIND SPEED    11.8


SKY COVER
  POSSIBLE SUNSHINE  MM
  AVERAGE SKY COVER 0.1


WEATHER CONDITIONS
 THE FOLLOWING WEATHER WAS RECORDED YESTERDAY.
  FOG
  HAZE


RELATIVE HUMIDITY (PERCENT)
 HIGHEST    92          1100 PM
 LOWEST     70           100 PM
 AVERAGE    81

..........................................................


THE HURON SD CLIMATE NORMALS FOR TODAY
                         NORMAL    RECORD    YEAR
 MAXIMUM TEMPERATURE (F)   39        69      1974
 MINIMUM TEMPERATURE (F)   19        -7      1929
                                             1898


SUNRISE AND SUNSET
NOVEMBER 22 2014......SUNRISE   738 AM CST   SUNSET   500 PM CST
NOVEMBER 23 2014......SUNRISE   739 AM CST   SUNSET   459 PM CST


-  INDICATES NEGATIVE NUMBERS.
R  INDICATES RECORD WAS SET OR TIED.
MM INDICATES DATA IS MISSING.
T  INDICATES TRACE AMOUNT.




$$
