000
CDUS43 KFSD 260731
CLIHON


CLIMATE REPORT
NATIONAL WEATHER SERVICE SIOUX FALLS SD
131 AM CST THU FEB 26 2015


...................................

...THE HURON SD CLIMATE SUMMARY FOR FEBRUARY 25 2015...

CLIMATE NORMAL PERIOD 1981 TO 2010
CLIMATE RECORD PERIOD 1881 TO 2015


WEATHER ITEM   OBSERVED TIME   RECORD YEAR NORMAL DEPARTURE LAST
                VALUE   (LST)  VALUE       VALUE  FROM      YEAR
                                                  NORMAL
..................................................................
TEMPERATURE (F)
 YESTERDAY
  MAXIMUM         25    214 AM  71    1958  35    -10       11
  MINIMUM        -11   1159 PM -18    1962  15    -26      -14
                                      1889
  AVERAGE          7                        25    -18       -1

PRECIPITATION (IN)
  YESTERDAY        0.15R         0.14 1904   0.03   0.12     0.00
  MONTH TO DATE    0.26                      0.52  -0.26     0.39
  SINCE DEC 1      1.31                      1.54  -0.23     1.55
  SINCE JAN 1      0.61                      1.02  -0.41     0.54

SNOWFALL (IN)
  YESTERDAY        2.4 R         2.0  2007   0.3    2.1      0.0
  MONTH TO DATE    4.0                       6.5   -2.5      5.5
  SINCE DEC 1     13.7                      21.8   -8.1     19.0
  SINCE JUL 1     21.6                      30.1   -8.5     21.5
  SNOW DEPTH       3

DEGREE DAYS
 HEATING
  YESTERDAY       58                        40     18       66
  MONTH TO DATE 1198                      1098    100     1269
  SINCE DEC 1   3898                      4013   -115     4509
  SINCE JUL 1   5755                      5715     40     6146

 COOLING
  YESTERDAY        0                         0      0        0
  MONTH TO DATE    0                         0      0        0
  SINCE DEC 1      0                         0      0        0
  SINCE JAN 1      0                         0      0        0
..................................................................


WIND (MPH)
  HIGHEST WIND SPEED    24   HIGHEST WIND DIRECTION     N (350)
  HIGHEST GUST SPEED    34   HIGHEST GUST DIRECTION    NW (320)
  AVERAGE WIND SPEED    14.5


SKY COVER
  POSSIBLE SUNSHINE  MM
  AVERAGE SKY COVER 0.8


WEATHER CONDITIONS
 THE FOLLOWING WEATHER WAS RECORDED YESTERDAY.
  LIGHT SNOW
  FOG
  HAZE
  BLOWING SNOW


RELATIVE HUMIDITY (PERCENT)
 HIGHEST    92          1200 AM
 LOWEST     72          1000 PM
 AVERAGE    82

..........................................................


THE HURON SD CLIMATE NORMALS FOR TODAY
                         NORMAL    RECORD    YEAR
 MAXIMUM TEMPERATURE (F)   36        68      1896
 MINIMUM TEMPERATURE (F)   16       -28      1962


SUNRISE AND SUNSET
FEBRUARY 26 2015......SUNRISE   716 AM CST   SUNSET   617 PM CST
FEBRUARY 27 2015......SUNRISE   714 AM CST   SUNSET   618 PM CST


-  INDICATES NEGATIVE NUMBERS.
R  INDICATES RECORD WAS SET OR TIED.
MM INDICATES DATA IS MISSING.
T  INDICATES TRACE AMOUNT.




$$
