000
CDUS43 KFSD 060639
CLIHON


CLIMATE REPORT
NATIONAL WEATHER SERVICE SIOUX FALLS SD
1239 AM CST TUE FEB 6 2018


...................................

...THE HURON SD CLIMATE SUMMARY FOR FEBRUARY 5 2018...

CLIMATE NORMAL PERIOD 1981 TO 2010
CLIMATE RECORD PERIOD 1881 TO 2018


WEATHER ITEM   OBSERVED TIME   RECORD YEAR NORMAL DEPARTURE LAST
                VALUE   (LST)  VALUE       VALUE  FROM      YEAR
                                                  NORMAL
..................................................................
TEMPERATURE (F)
 YESTERDAY
  MAXIMUM         14    145 PM  60    1991  29    -15       28
  MINIMUM         -6   1159 PM -30    1936   8    -14        9
                                      1899
  AVERAGE          4                        19    -15       19

PRECIPITATION (IN)
  YESTERDAY        T             0.66 1946   0.02  -0.02     0.00
  MONTH TO DATE    0.01                      0.09  -0.08      T
  SINCE DEC 1      0.89                      1.11  -0.22     1.97
  SINCE JAN 1      0.39                      0.59  -0.20     0.58

SNOWFALL (IN)
  YESTERDAY        T             6.4  1946   0.3   -0.3      0.0
                                      1911
  MONTH TO DATE    T                         1.3   -1.3       T
  SINCE DEC 1     13.0                      16.6   -3.6     17.0
  SINCE JUL 1     14.3                      24.9  -10.6     21.7
  SNOW DEPTH       T

DEGREE DAYS
 HEATING
  YESTERDAY       61                        46     15       46
  MONTH TO DATE  284                       233     51      233
  SINCE DEC 1   3150                      3148      2     3228
  SINCE JUL 1   4715                      4850   -135     4436

 COOLING
  YESTERDAY        0                         0      0        0
  MONTH TO DATE    0                         0      0        0
  SINCE DEC 1      0                         0      0        0
  SINCE JAN 1      0                         0      0        0
..................................................................


WIND (MPH)
  HIGHEST WIND SPEED    28   HIGHEST WIND DIRECTION    NW (330)
  HIGHEST GUST SPEED    33   HIGHEST GUST DIRECTION    NW (330)
  AVERAGE WIND SPEED    11.9


SKY COVER
  POSSIBLE SUNSHINE  MM
  AVERAGE SKY COVER 0.4


WEATHER CONDITIONS
 THE FOLLOWING WEATHER WAS RECORDED YESTERDAY.
  LIGHT SNOW


RELATIVE HUMIDITY (PERCENT)
 HIGHEST    87           200 AM
 LOWEST     58           300 PM
 AVERAGE    73

..........................................................


THE HURON SD CLIMATE NORMALS FOR TODAY
                         NORMAL    RECORD    YEAR
 MAXIMUM TEMPERATURE (F)   29        61      1987
 MINIMUM TEMPERATURE (F)    9       -30      1889


SUNRISE AND SUNSET
FEBRUARY  6 2018......SUNRISE   745 AM CST   SUNSET   549 PM CST
FEBRUARY  7 2018......SUNRISE   744 AM CST   SUNSET   551 PM CST


-  INDICATES NEGATIVE NUMBERS.
R  INDICATES RECORD WAS SET OR TIED.
MM INDICATES DATA IS MISSING.
T  INDICATES TRACE AMOUNT.




$$
