000
CDUS43 KFSD 070639
CLIHON


CLIMATE REPORT
NATIONAL WEATHER SERVICE SIOUX FALLS SD
1239 AM CST WED FEB 7 2018


...................................

...THE HURON SD CLIMATE SUMMARY FOR FEBRUARY 6 2018...

CLIMATE NORMAL PERIOD 1981 TO 2010
CLIMATE RECORD PERIOD 1881 TO 2018


WEATHER ITEM   OBSERVED TIME   RECORD YEAR NORMAL DEPARTURE LAST
                VALUE   (LST)  VALUE       VALUE  FROM      YEAR
                                                  NORMAL
..................................................................
TEMPERATURE (F)
 YESTERDAY
  MAXIMUM         10   1146 PM  61    1987  29    -19       34
  MINIMUM         -9    430 AM -30    1889   9    -18       17
  AVERAGE          1                        19    -18       26

PRECIPITATION (IN)
  YESTERDAY        T             0.51 1928   0.02  -0.02     0.00
  MONTH TO DATE    0.01                      0.11  -0.10      T
  SINCE DEC 1      0.89                      1.13  -0.24     1.97
  SINCE JAN 1      0.39                      0.61  -0.22     0.58

SNOWFALL (IN)
  YESTERDAY        T             2.8  1937   0.2   -0.2      0.0
  MONTH TO DATE    T                         1.5   -1.5       T
  SINCE DEC 1     13.0                      16.8   -3.8     17.0
  SINCE JUL 1     14.3                      25.1  -10.8     21.7
  SNOW DEPTH       T

DEGREE DAYS
 HEATING
  YESTERDAY       64                        46     18       39
  MONTH TO DATE  348                       279     69      272
  SINCE DEC 1   3214                      3194     20     3267
  SINCE JUL 1   4779                      4896   -117     4475

 COOLING
  YESTERDAY        0                         0      0        0
  MONTH TO DATE    0                         0      0        0
  SINCE DEC 1      0                         0      0        0
  SINCE JAN 1      0                         0      0        0
..................................................................


WIND (MPH)
  HIGHEST WIND SPEED    17   HIGHEST WIND DIRECTION     S (190)
  HIGHEST GUST SPEED    22   HIGHEST GUST DIRECTION     S (180)
  AVERAGE WIND SPEED     8.2


SKY COVER
  POSSIBLE SUNSHINE  MM
  AVERAGE SKY COVER 0.7


WEATHER CONDITIONS
 THE FOLLOWING WEATHER WAS RECORDED YESTERDAY.
  LIGHT SNOW


RELATIVE HUMIDITY (PERCENT)
 HIGHEST    91          1100 PM
 LOWEST     63          1200 PM
 AVERAGE    77

..........................................................


THE HURON SD CLIMATE NORMALS FOR TODAY
                         NORMAL    RECORD    YEAR
 MAXIMUM TEMPERATURE (F)   30        66      1987
 MINIMUM TEMPERATURE (F)    9       -33      1914


SUNRISE AND SUNSET
FEBRUARY  7 2018......SUNRISE   744 AM CST   SUNSET   551 PM CST
FEBRUARY  8 2018......SUNRISE   742 AM CST   SUNSET   552 PM CST


-  INDICATES NEGATIVE NUMBERS.
R  INDICATES RECORD WAS SET OR TIED.
MM INDICATES DATA IS MISSING.
T  INDICATES TRACE AMOUNT.




$$
