000
CDUS43 KFSD 170627
CLIHON


CLIMATE REPORT
NATIONAL WEATHER SERVICE SIOUX FALLS SD
124 AM CDT FRI OCT 17 2014


...................................

...THE HURON SD CLIMATE SUMMARY FOR OCTOBER 16 2014...

CLIMATE NORMAL PERIOD 1981 TO 2010
CLIMATE RECORD PERIOD 1881 TO 2014


WEATHER ITEM   OBSERVED TIME   RECORD YEAR NORMAL DEPARTURE LAST
                VALUE   (LST)  VALUE       VALUE  FROM      YEAR
                                                  NORMAL
..................................................................
TEMPERATURE (F)
 YESTERDAY
  MAXIMUM         71    219 PM  92    1991  61     10       58
                                      1910
  MINIMUM         47    728 AM  17    1976  35     12       30
  AVERAGE         59                        48     11       44

PRECIPITATION (IN)
  YESTERDAY        0.00          1.25 1998   0.07  -0.07     0.00
  MONTH TO DATE    0.06                      1.03  -0.97     4.89
  SINCE SEP 1      1.16                      3.49  -2.33     6.30
  SINCE JAN 1     14.72                     20.75  -6.03    23.50

SNOWFALL (IN)
  YESTERDAY        0.0           0.3  1919   0.0    0.0      0.0
  MONTH TO DATE    0.0                       0.3   -0.3      0.0
  SINCE SEP 1      0.0                       0.3   -0.3      0.0
  SINCE JUL 1      0.0                       0.3   -0.3      0.0
  SNOW DEPTH       0

DEGREE DAYS
 HEATING
  YESTERDAY        6                        17    -11       21
  MONTH TO DATE  236                       225     11      179
  SINCE SEP 1    375                       392    -17      232
  SINCE JUL 1    408                       421    -13      254

 COOLING
  YESTERDAY        0                         0      0        0
  MONTH TO DATE    0                         0      0        0
  SINCE SEP 1     74                        69      5      160
  SINCE JAN 1    597                       738   -141      848
..................................................................


WIND (MPH)
  HIGHEST WIND SPEED    36   HIGHEST WIND DIRECTION    NW (300)
  HIGHEST GUST SPEED    52   HIGHEST GUST DIRECTION     W (280)
  AVERAGE WIND SPEED    21.0


SKY COVER
  POSSIBLE SUNSHINE  MM
  AVERAGE SKY COVER 0.3


WEATHER CONDITIONS
 THE FOLLOWING WEATHER WAS RECORDED YESTERDAY.
  NO SIGNIFICANT WEATHER WAS OBSERVED.


RELATIVE HUMIDITY (PERCENT)
 HIGHEST    71           700 AM
 LOWEST     28           100 PM
 AVERAGE    50

..........................................................


THE HURON SD CLIMATE NORMALS FOR TODAY
                         NORMAL    RECORD    YEAR
 MAXIMUM TEMPERATURE (F)   60        86      1910
 MINIMUM TEMPERATURE (F)   35        15      1948


SUNRISE AND SUNSET
OCTOBER 17 2014.......SUNRISE   750 AM CDT   SUNSET   645 PM CDT
OCTOBER 18 2014.......SUNRISE   752 AM CDT   SUNSET   644 PM CDT


-  INDICATES NEGATIVE NUMBERS.
R  INDICATES RECORD WAS SET OR TIED.
MM INDICATES DATA IS MISSING.
T  INDICATES TRACE AMOUNT.




$$
