000
CDUS43 KFSD 190621
CLIHON


CLIMATE REPORT
NATIONAL WEATHER SERVICE SIOUX FALLS SD
1220 AM CST SUN NOV 19 2017


...................................

...THE HURON SD CLIMATE SUMMARY FOR NOVEMBER 18 2017...

CLIMATE NORMAL PERIOD 1981 TO 2010
CLIMATE RECORD PERIOD 1881 TO 2017


WEATHER ITEM   OBSERVED TIME   RECORD YEAR NORMAL DEPARTURE LAST
                VALUE   (LST)  VALUE       VALUE  FROM      YEAR
                                                  NORMAL
..................................................................
TEMPERATURE (F)
 YESTERDAY
  MAXIMUM         36    304 PM  74    1908  41     -5       34
  MINIMUM         18    948 PM  -5    1891  21     -3       26
  AVERAGE         27                        31     -4       30

PRECIPITATION (IN)
  YESTERDAY        0.00          0.58 1985   0.03  -0.03     0.33
  MONTH TO DATE    0.08                      0.58  -0.50     0.35
  SINCE SEP 1      7.83                      4.83   3.00     2.69
  SINCE JAN 1     20.14                     22.09  -1.95    17.24

SNOWFALL (IN)
  YESTERDAY        0.0           7.5  1985   0.3   -0.3      3.9
  MONTH TO DATE    1.3                       3.6   -2.3      3.9
  SINCE SEP 1      1.3                       4.7   -3.4      3.9
  SINCE JUL 1      1.3                       4.7   -3.4      3.9
  SNOW DEPTH       0

DEGREE DAYS
 HEATING
  YESTERDAY       38                        34      4       35
  MONTH TO DATE  601                       521     80      305
  SINCE SEP 1   1236                      1222     14      797
  SINCE JUL 1   1245                      1251     -6      814

 COOLING
  YESTERDAY        0                         0      0        0
  MONTH TO DATE    0                         0      0        0
  SINCE SEP 1    110                        73     37       81
  SINCE JAN 1    730                       742    -12      887
..................................................................


WIND (MPH)
  HIGHEST WIND SPEED    26   HIGHEST WIND DIRECTION     N (340)
  HIGHEST GUST SPEED    32   HIGHEST GUST DIRECTION    NW (330)
  AVERAGE WIND SPEED    11.5


SKY COVER
  POSSIBLE SUNSHINE  MM
  AVERAGE SKY COVER 0.2


WEATHER CONDITIONS
 THE FOLLOWING WEATHER WAS RECORDED YESTERDAY.
  NO SIGNIFICANT WEATHER WAS OBSERVED.


RELATIVE HUMIDITY (PERCENT)
 HIGHEST    88           800 AM
 LOWEST     40           300 PM
 AVERAGE    64

..........................................................


THE HURON SD CLIMATE NORMALS FOR TODAY
                         NORMAL    RECORD    YEAR
 MAXIMUM TEMPERATURE (F)   41        72      1897
 MINIMUM TEMPERATURE (F)   20        -8      1921


SUNRISE AND SUNSET
NOVEMBER 19 2017......SUNRISE   734 AM CST   SUNSET   502 PM CST
NOVEMBER 20 2017......SUNRISE   736 AM CST   SUNSET   501 PM CST


-  INDICATES NEGATIVE NUMBERS.
R  INDICATES RECORD WAS SET OR TIED.
MM INDICATES DATA IS MISSING.
T  INDICATES TRACE AMOUNT.




$$
