000
CDUS43 KFSD 140643
CLIHON


CLIMATE REPORT
NATIONAL WEATHER SERVICE SIOUX FALLS SD
1240 AM CST FRI NOV 14 2014


...................................

...THE HURON SD CLIMATE SUMMARY FOR NOVEMBER 13 2014...

CLIMATE NORMAL PERIOD 1981 TO 2010
CLIMATE RECORD PERIOD 1881 TO 2014


WEATHER ITEM   OBSERVED TIME   RECORD YEAR NORMAL DEPARTURE LAST
                VALUE   (LST)  VALUE       VALUE  FROM      YEAR
                                                  NORMAL
..................................................................
TEMPERATURE (F)
 YESTERDAY
  MAXIMUM         16    214 PM  75    1999  45    -29       60
  MINIMUM         -7   1143 PM -11    1940  24    -31       26
  AVERAGE          5                        34    -29       43

PRECIPITATION (IN)
  YESTERDAY        T             0.68 1922   0.03  -0.03     0.00
  MONTH TO DATE    0.45                      0.44   0.01     0.15
  SINCE SEP 1      1.83                      4.69  -2.86     6.97
  SINCE JAN 1     15.39                     21.95  -6.56    24.17

SNOWFALL (IN)
  YESTERDAY        T             6.0  1922   0.2   -0.2      0.0
  MONTH TO DATE    3.3                       2.2    1.1      1.6
  SINCE SEP 1      3.3                       3.3    0.0      2.5
  SINCE JUL 1      3.3                       3.3    0.0      2.5
  SNOW DEPTH       3

DEGREE DAYS
 HEATING
  YESTERDAY       60                        31     29       22
  MONTH TO DATE  396                       357     39      391
  SINCE SEP 1   1010                      1058    -48     1008
  SINCE JUL 1   1043                      1087    -44     1030

 COOLING
  YESTERDAY        0                         0      0        0
  MONTH TO DATE    0                         0      0        0
  SINCE SEP 1     74                        73      1      160
  SINCE JAN 1    597                       742   -145      848
..................................................................


WIND (MPH)
  HIGHEST WIND SPEED    20   HIGHEST WIND DIRECTION    NW (310)
  HIGHEST GUST SPEED    25   HIGHEST GUST DIRECTION    NW (300)
  AVERAGE WIND SPEED    11.6


SKY COVER
  POSSIBLE SUNSHINE  MM
  AVERAGE SKY COVER 0.2


WEATHER CONDITIONS
 THE FOLLOWING WEATHER WAS RECORDED YESTERDAY.
  LIGHT SNOW
  FOG


RELATIVE HUMIDITY (PERCENT)
 HIGHEST    95           700 PM
 LOWEST     61           300 PM
 AVERAGE    78

..........................................................


THE HURON SD CLIMATE NORMALS FOR TODAY
                         NORMAL    RECORD    YEAR
 MAXIMUM TEMPERATURE (F)   44        71      1942
                                             1939
 MINIMUM TEMPERATURE (F)   23       -18      1959


SUNRISE AND SUNSET
NOVEMBER 14 2014......SUNRISE   728 AM CST   SUNSET   507 PM CST
NOVEMBER 15 2014......SUNRISE   729 AM CST   SUNSET   506 PM CST


-  INDICATES NEGATIVE NUMBERS.
R  INDICATES RECORD WAS SET OR TIED.
MM INDICATES DATA IS MISSING.
T  INDICATES TRACE AMOUNT.




$$
