000
CDUS43 KFSD 130633
CLIHON


CLIMATE REPORT
NATIONAL WEATHER SERVICE SIOUX FALLS SD
132 AM CDT FRI MAY 13 2016


...................................

...THE HURON SD CLIMATE SUMMARY FOR MAY 12 2016...

CLIMATE NORMAL PERIOD 1981 TO 2010
CLIMATE RECORD PERIOD 1881 TO 2016


WEATHER ITEM   OBSERVED TIME   RECORD YEAR NORMAL DEPARTURE LAST
                VALUE   (LST)  VALUE       VALUE  FROM      YEAR
                                                  NORMAL
..................................................................
TEMPERATURE (F)
 YESTERDAY
  MAXIMUM         64    515 PM  88    1988  69     -5       66
                                      1940
                                      1915
  MINIMUM         43    501 AM  20    1946  45     -2       30
  AVERAGE         54                        57     -3       48

PRECIPITATION (IN)
  YESTERDAY        0.00          1.44 1942   0.09  -0.09     0.00
  MONTH TO DATE    0.88                      1.11  -0.23     3.01
  SINCE MAR 1      6.09                      4.88   1.21     3.77
  SINCE JAN 1      6.96                      5.98   0.98     4.38

SNOWFALL (IN)
  YESTERDAY        0.0           0.1  1953   0.0    0.0      0.0
  MONTH TO DATE    0.0                       0.1   -0.1      0.0
  SINCE MAR 1      2.3                      13.0  -10.7      1.2
  SINCE JUL 1     33.0                      44.0  -11.0     22.8
  SNOW DEPTH       0

DEGREE DAYS
 HEATING
  YESTERDAY       11                         9      2       17
  MONTH TO DATE   89                       126    -37      114
  SINCE MAR 1   1365                      1672   -307     1415
  SINCE JUL 1   6441                      7504  -1063     7352

 COOLING
  YESTERDAY        0                         1     -1        0
  MONTH TO DATE   10                         9      1        3
  SINCE MAR 1     11                        13     -2        5
  SINCE JAN 1     11                        13     -2        5
..................................................................


WIND (MPH)
  HIGHEST WIND SPEED    23   HIGHEST WIND DIRECTION    NW (320)
  HIGHEST GUST SPEED    34   HIGHEST GUST DIRECTION    NW (310)
  AVERAGE WIND SPEED    12.9


SKY COVER
  POSSIBLE SUNSHINE  MM
  AVERAGE SKY COVER 0.5


WEATHER CONDITIONS
 THE FOLLOWING WEATHER WAS RECORDED YESTERDAY.
  NO SIGNIFICANT WEATHER WAS OBSERVED.


RELATIVE HUMIDITY (PERCENT)
 HIGHEST    82           500 AM
 LOWEST     34           500 PM
 AVERAGE    58

..........................................................


THE HURON SD CLIMATE NORMALS FOR TODAY
                         NORMAL    RECORD    YEAR
 MAXIMUM TEMPERATURE (F)   70        95      1894
 MINIMUM TEMPERATURE (F)   45        25      1943


SUNRISE AND SUNSET
MAY 13 2016...........SUNRISE   607 AM CDT   SUNSET   852 PM CDT
MAY 14 2016...........SUNRISE   606 AM CDT   SUNSET   853 PM CDT


-  INDICATES NEGATIVE NUMBERS.
R  INDICATES RECORD WAS SET OR TIED.
MM INDICATES DATA IS MISSING.
T  INDICATES TRACE AMOUNT.




$$
