000
CDUS43 KFSD 110633
CLIHON


CLIMATE REPORT
NATIONAL WEATHER SERVICE SIOUX FALLS SD
131 AM CDT THU MAY 11 2017


...................................

...THE HURON SD CLIMATE SUMMARY FOR MAY 10 2017...

CLIMATE NORMAL PERIOD 1981 TO 2010
CLIMATE RECORD PERIOD 1881 TO 2017


WEATHER ITEM   OBSERVED TIME   RECORD YEAR NORMAL DEPARTURE LAST
                VALUE   (LST)  VALUE       VALUE  FROM      YEAR
                                                  NORMAL
..................................................................
TEMPERATURE (F)
 YESTERDAY
  MAXIMUM         74    449 PM  92    1987  69      5       73
  MINIMUM         51   1159 PM  19    1981  44      7       51
  AVERAGE         63                        56      7       62

PRECIPITATION (IN)
  YESTERDAY        0.03          1.88 2015   0.10  -0.07     0.54
  MONTH TO DATE    0.04                      0.93  -0.89     0.88
  SINCE MAR 1      1.99                      4.70  -2.71     6.09
  SINCE JAN 1      2.79                      5.80  -3.01     6.96

SNOWFALL (IN)
  YESTERDAY        0.0           0.5  1907   0.0    0.0      0.0
  MONTH TO DATE    0.0                       0.1   -0.1      0.0
  SINCE MAR 1     13.9                      13.0    0.9      2.3
  SINCE JUL 1     35.9                      44.0   -8.1     33.0
  SNOW DEPTH       0

DEGREE DAYS
 HEATING
  YESTERDAY        2                         9     -7        3
  MONTH TO DATE   76                       108    -32       71
  SINCE MAR 1   1566                      1654    -88     1347
  SINCE JUL 1   6715                      7486   -771     6423

 COOLING
  YESTERDAY        0                         1     -1        0
  MONTH TO DATE    4                         7     -3       10
  SINCE MAR 1      4                        11     -7       11
  SINCE JAN 1      4                        11     -7       11
..................................................................


WIND (MPH)
  HIGHEST WIND SPEED    20   HIGHEST WIND DIRECTION     N (350)
  HIGHEST GUST SPEED    24   HIGHEST GUST DIRECTION     N (20)
  AVERAGE WIND SPEED     8.7


SKY COVER
  POSSIBLE SUNSHINE  MM
  AVERAGE SKY COVER 0.5


WEATHER CONDITIONS
 THE FOLLOWING WEATHER WAS RECORDED YESTERDAY.
  LIGHT RAIN
  FOG


RELATIVE HUMIDITY (PERCENT)
 HIGHEST    77           500 AM
 LOWEST     27           700 PM
 AVERAGE    52

..........................................................


THE HURON SD CLIMATE NORMALS FOR TODAY
                         NORMAL    RECORD    YEAR
 MAXIMUM TEMPERATURE (F)   69        93      1906
 MINIMUM TEMPERATURE (F)   44        20      1946


SUNRISE AND SUNSET
MAY 11 2017...........SUNRISE   610 AM CDT   SUNSET   849 PM CDT
MAY 12 2017...........SUNRISE   609 AM CDT   SUNSET   850 PM CDT


-  INDICATES NEGATIVE NUMBERS.
R  INDICATES RECORD WAS SET OR TIED.
MM INDICATES DATA IS MISSING.
T  INDICATES TRACE AMOUNT.




$$
