000
CDUS43 KFSD 260625
CLIHON


CLIMATE REPORT
NATIONAL WEATHER SERVICE SIOUX FALLS SD
124 AM CDT TUE MAY 26 2015


...................................

...THE HURON SD CLIMATE SUMMARY FOR MAY 25 2015...

CLIMATE NORMAL PERIOD 1981 TO 2010
CLIMATE RECORD PERIOD 1881 TO 2015


WEATHER ITEM   OBSERVED TIME   RECORD YEAR NORMAL DEPARTURE LAST
                VALUE   (LST)  VALUE       VALUE  FROM      YEAR
                                                  NORMAL
..................................................................
TEMPERATURE (F)
 YESTERDAY
  MAXIMUM         68    431 PM  93    1967  73     -5       83
  MINIMUM         53   1126 PM  32    1924  49      4       58
                                      1893
  AVERAGE         61                        61      0       71

PRECIPITATION (IN)
  YESTERDAY        0.01          1.98 1907   0.11  -0.10     0.00
  MONTH TO DATE    4.54                      2.45   2.09     1.24
  SINCE MAR 1      5.30                      6.22  -0.92     3.12
  SINCE JAN 1      5.91                      7.32  -1.41     3.68

SNOWFALL (IN)
  YESTERDAY        0.0           0.0    MM   0.0    0.0      0.0
  MONTH TO DATE    0.0                       0.1   -0.1      0.0
  SINCE MAR 1      1.2                      13.0  -11.8      6.9
  SINCE JUL 1     22.8                      44.0  -21.2     28.6
  SNOW DEPTH       0

DEGREE DAYS
 HEATING
  YESTERDAY        4                         5     -1        0
  MONTH TO DATE  222                       216      6      274
  SINCE MAR 1   1523                      1762   -239     1967
  SINCE JUL 1   7460                      7594   -134     8287

 COOLING
  YESTERDAY        0                         1     -1        6
  MONTH TO DATE    8                        22    -14       19
  SINCE MAR 1     10                        26    -16       19
  SINCE JAN 1     10                        26    -16       19
..................................................................


WIND (MPH)
  HIGHEST WIND SPEED    23   HIGHEST WIND DIRECTION    NE (40)
  HIGHEST GUST SPEED    28   HIGHEST GUST DIRECTION     N (20)
  AVERAGE WIND SPEED     7.7


SKY COVER
  POSSIBLE SUNSHINE  MM
  AVERAGE SKY COVER 0.8


WEATHER CONDITIONS
 THE FOLLOWING WEATHER WAS RECORDED YESTERDAY.
  LIGHT RAIN
  FOG


RELATIVE HUMIDITY (PERCENT)
 HIGHEST   100          1200 AM
 LOWEST     60           700 PM
 AVERAGE    80

..........................................................


THE HURON SD CLIMATE NORMALS FOR TODAY
                         NORMAL    RECORD    YEAR
 MAXIMUM TEMPERATURE (F)   73        95      1931
 MINIMUM TEMPERATURE (F)   50        28      1992


SUNRISE AND SUNSET
MAY 26 2015...........SUNRISE   556 AM CDT   SUNSET   905 PM CDT
MAY 27 2015...........SUNRISE   555 AM CDT   SUNSET   906 PM CDT


-  INDICATES NEGATIVE NUMBERS.
R  INDICATES RECORD WAS SET OR TIED.
MM INDICATES DATA IS MISSING.
T  INDICATES TRACE AMOUNT.




$$
