000
CDUS43 KFSD 130641
CLIHON


CLIMATE REPORT
NATIONAL WEATHER SERVICE SIOUX FALLS SD
139 AM CDT MON MAR 13 2017


...................................

...THE HURON SD CLIMATE SUMMARY FOR MARCH 12 2017...

CLIMATE NORMAL PERIOD 1981 TO 2010
CLIMATE RECORD PERIOD 1881 TO 2017


WEATHER ITEM   OBSERVED TIME   RECORD YEAR NORMAL DEPARTURE LAST
                VALUE   (LST)  VALUE       VALUE  FROM      YEAR
                                                  NORMAL
..................................................................
TEMPERATURE (F)
 YESTERDAY
  MAXIMUM         20    419 PM  74    2015  42    -22       71
  MINIMUM         15   1159 PM -16    1956  21     -6       42
  AVERAGE         18                        31    -13       57

PRECIPITATION (IN)
  YESTERDAY        0.37          1.21 1954   0.04   0.33     0.00
  MONTH TO DATE    0.74                      0.42   0.32      T
  SINCE MAR 1      0.74                      0.42   0.32      T
  SINCE JAN 1      1.54                      1.52   0.02     0.87

SNOWFALL (IN)
  YESTERDAY        5.7          10.1  1962   0.4    5.3      0.0
  MONTH TO DATE   13.7                       4.0    9.7       T
  SINCE MAR 1     13.7                       4.0    9.7       T
  SINCE JUL 1     35.7                      35.0    0.7     30.7
  SNOW DEPTH       4

DEGREE DAYS
 HEATING
  YESTERDAY       47                        34     13        8
  MONTH TO DATE  442                       431     11      289
  SINCE MAR 1    442                       431     11      289
  SINCE JUL 1   5591                      6263   -672     5365

 COOLING
  YESTERDAY        0                         0      0        0
  MONTH TO DATE    0                         0      0        0
  SINCE MAR 1      0                         0      0        0
  SINCE JAN 1      0                         0      0        0
..................................................................


WIND (MPH)
  HIGHEST WIND SPEED    28   HIGHEST WIND DIRECTION    SE (130)
  HIGHEST GUST SPEED    38   HIGHEST GUST DIRECTION    SE (130)
  AVERAGE WIND SPEED    16.7


SKY COVER
  POSSIBLE SUNSHINE  MM
  AVERAGE SKY COVER 1.0


WEATHER CONDITIONS
 THE FOLLOWING WEATHER WAS RECORDED YESTERDAY.
  HEAVY SNOW
  SNOW
  LIGHT SNOW
  FOG
  FOG W/VISIBILITY <= 1/4 MILE


RELATIVE HUMIDITY (PERCENT)
 HIGHEST    92           700 AM
 LOWEST     74          1200 AM
 AVERAGE    83

..........................................................


THE HURON SD CLIMATE NORMALS FOR TODAY
                         NORMAL    RECORD    YEAR
 MAXIMUM TEMPERATURE (F)   42        79      2012
 MINIMUM TEMPERATURE (F)   22       -19      1960


SUNRISE AND SUNSET
MARCH 13 2017.........SUNRISE   748 AM CDT   SUNSET   737 PM CDT
MARCH 14 2017.........SUNRISE   746 AM CDT   SUNSET   738 PM CDT


-  INDICATES NEGATIVE NUMBERS.
R  INDICATES RECORD WAS SET OR TIED.
MM INDICATES DATA IS MISSING.
T  INDICATES TRACE AMOUNT.




$$
