000
CDUS43 KFSD 150653
CLIHON


CLIMATE REPORT
NATIONAL WEATHER SERVICE SIOUX FALLS SD
1252 AM CST MON JAN 15 2018


...................................

...THE HURON SD CLIMATE SUMMARY FOR JANUARY 14 2018...

CLIMATE NORMAL PERIOD 1981 TO 2010
CLIMATE RECORD PERIOD 1881 TO 2018


WEATHER ITEM   OBSERVED TIME   RECORD YEAR NORMAL DEPARTURE LAST
                VALUE   (LST)  VALUE       VALUE  FROM      YEAR
                                                  NORMAL
..................................................................
TEMPERATURE (F)
 YESTERDAY
  MAXIMUM         30    217 PM  56    1901  27      3       20
  MINIMUM          1   1159 PM -32    1888   6     -5       -7
  AVERAGE         16                        16      0        7

PRECIPITATION (IN)
  YESTERDAY        0.10          0.81 1952   0.01   0.09     0.00
  MONTH TO DATE    0.12                      0.23  -0.11     0.33
  SINCE DEC 1      0.62                      0.75  -0.13     1.72
  SINCE JAN 1      0.12                      0.23  -0.11     0.33

SNOWFALL (IN)
  YESTERDAY        1.1           7.3  1952   0.2    0.9      0.0
  MONTH TO DATE    1.3                       3.3   -2.0      4.0
  SINCE DEC 1      8.2                      11.3   -3.1     14.0
  SINCE JUL 1      9.5                      19.6  -10.1     18.7
  SNOW DEPTH       T

DEGREE DAYS
 HEATING
  YESTERDAY       49                        49      0       58
  MONTH TO DATE  766                       684     82      827
  SINCE DEC 1   2129                      2102     27     2326
  SINCE JUL 1   3694                      3804   -110     3534

 COOLING
  YESTERDAY        0                         0      0        0
  MONTH TO DATE    0                         0      0        0
  SINCE DEC 1      0                         0      0        0
  SINCE JAN 1      0                         0      0        0
..................................................................


WIND (MPH)
  HIGHEST WIND SPEED    30   HIGHEST WIND DIRECTION    NW (330)
  HIGHEST GUST SPEED    38   HIGHEST GUST DIRECTION    NW (330)
  AVERAGE WIND SPEED    14.3


SKY COVER
  POSSIBLE SUNSHINE  MM
  AVERAGE SKY COVER 1.0


WEATHER CONDITIONS
 THE FOLLOWING WEATHER WAS RECORDED YESTERDAY.
  SNOW
  LIGHT SNOW
  FOG
  HAZE


RELATIVE HUMIDITY (PERCENT)
 HIGHEST    88           400 AM
 LOWEST     76          1200 AM
 AVERAGE    82

..........................................................


THE HURON SD CLIMATE NORMALS FOR TODAY
                         NORMAL    RECORD    YEAR
 MAXIMUM TEMPERATURE (F)   27        54      1914
 MINIMUM TEMPERATURE (F)    6       -36      1888


SUNRISE AND SUNSET
JANUARY 15 2018.......SUNRISE   805 AM CST   SUNSET   520 PM CST
JANUARY 16 2018.......SUNRISE   805 AM CST   SUNSET   521 PM CST


-  INDICATES NEGATIVE NUMBERS.
R  INDICATES RECORD WAS SET OR TIED.
MM INDICATES DATA IS MISSING.
T  INDICATES TRACE AMOUNT.




$$
