519
CDUS43 KFSD 120727
CLIHON


CLIMATE REPORT
NATIONAL WEATHER SERVICE SIOUX FALLS SD
127 AM CST THU JAN 12 2017


...................................

...THE HURON SD CLIMATE SUMMARY FOR JANUARY 11 2017...

CLIMATE NORMAL PERIOD 1981 TO 2010
CLIMATE RECORD PERIOD 1881 TO 2017


WEATHER ITEM   OBSERVED TIME   RECORD YEAR NORMAL DEPARTURE LAST
                VALUE   (LST)  VALUE       VALUE  FROM      YEAR
                                                  NORMAL
..................................................................
TEMPERATURE (F)
 YESTERDAY
  MAXIMUM          8   1207 AM  54    1987  26    -18       29
  MINIMUM          2    632 PM -34    1912   6     -4       -1
  AVERAGE          5                        16    -11       14

PRECIPITATION (IN)
  YESTERDAY        0.05          0.23 1916   0.02   0.03     0.01
  MONTH TO DATE    0.33                      0.19   0.14     0.05
  SINCE DEC 1      1.72                      0.71   1.01     1.33
  SINCE JAN 1      0.33                      0.19   0.14     0.05

SNOWFALL (IN)
  YESTERDAY        0.7           4.3  1979   0.3    0.4      0.2
  MONTH TO DATE    4.0                       2.7    1.3      0.7
  SINCE DEC 1     14.0                      10.7    3.3     15.0
  SINCE JUL 1     18.7                      19.0   -0.3     20.6
  SNOW DEPTH       3

DEGREE DAYS
 HEATING
  YESTERDAY       60                        49     11       51
  MONTH TO DATE  637                       537    100      552
  SINCE DEC 1   2136                      1955    181     1810
  SINCE JUL 1   3344                      3657   -313     3100

 COOLING
  YESTERDAY        0                         0      0        0
  MONTH TO DATE    0                         0      0        0
  SINCE DEC 1      0                         0      0        0
  SINCE JAN 1      0                         0      0        0
..................................................................


WIND (MPH)
  HIGHEST WIND SPEED    21   HIGHEST WIND DIRECTION     N (350)
  HIGHEST GUST SPEED    27   HIGHEST GUST DIRECTION    NW (320)
  AVERAGE WIND SPEED    10.3


SKY COVER
  POSSIBLE SUNSHINE  MM
  AVERAGE SKY COVER 0.8


WEATHER CONDITIONS
 THE FOLLOWING WEATHER WAS RECORDED YESTERDAY.
  LIGHT SNOW
  FOG


RELATIVE HUMIDITY (PERCENT)
 HIGHEST    88           100 AM
 LOWEST     68           400 PM
 AVERAGE    78

..........................................................


THE HURON SD CLIMATE NORMALS FOR TODAY
                         NORMAL    RECORD    YEAR
 MAXIMUM TEMPERATURE (F)   26        62      1987
 MINIMUM TEMPERATURE (F)    6       -43      1912


SUNRISE AND SUNSET
JANUARY 12 2017.......SUNRISE   807 AM CST   SUNSET   516 PM CST
JANUARY 13 2017.......SUNRISE   806 AM CST   SUNSET   517 PM CST


-  INDICATES NEGATIVE NUMBERS.
R  INDICATES RECORD WAS SET OR TIED.
MM INDICATES DATA IS MISSING.
T  INDICATES TRACE AMOUNT.




$$
