000
CDUS43 KFSD 060636
CLIHON


CLIMATE REPORT
NATIONAL WEATHER SERVICE SIOUX FALLS SD
1235 AM CST MON NOV 6 2017


...................................

...THE HURON SD CLIMATE SUMMARY FOR NOVEMBER 5 2017...

CLIMATE NORMAL PERIOD 1981 TO 2010
CLIMATE RECORD PERIOD 1881 TO 2017


WEATHER ITEM   OBSERVED TIME   RECORD YEAR NORMAL DEPARTURE LAST
                VALUE   (LST)  VALUE       VALUE  FROM      YEAR
                                                  NORMAL
..................................................................
TEMPERATURE (F)
 YESTERDAY
  MAXIMUM         33    315 PM  80    2001  50    -17       77
  MINIMUM         15   1021 PM   2    1951  28    -13       40
  AVERAGE         24                        39    -15       59

PRECIPITATION (IN)
  YESTERDAY        0.01          0.48 1989   0.03  -0.02     0.00
  MONTH TO DATE    0.01                      0.18  -0.17      T
  SINCE SEP 1      7.76                      4.43   3.33     2.34
  SINCE JAN 1     20.07                     21.69  -1.62    16.89

SNOWFALL (IN)
  YESTERDAY        0.1           1.4  1943   0.2   -0.1      0.0
  MONTH TO DATE    0.1                       0.8   -0.7      0.0
  SINCE SEP 1      0.1                       1.9   -1.8      0.0
  SINCE JUL 1      0.1                       1.9   -1.8      0.0
  SNOW DEPTH       T

DEGREE DAYS
 HEATING
  YESTERDAY       41                        26     15        6
  MONTH TO DATE  152                       126     26       57
  SINCE SEP 1    787                       827    -40      549
  SINCE JUL 1    796                       856    -60      566

 COOLING
  YESTERDAY        0                         0      0        0
  MONTH TO DATE    0                         0      0        0
  SINCE SEP 1    110                        73     37       81
  SINCE JAN 1    730                       742    -12      887
..................................................................


WIND (MPH)
  HIGHEST WIND SPEED    23   HIGHEST WIND DIRECTION    NW (330)
  HIGHEST GUST SPEED    29   HIGHEST GUST DIRECTION    NW (330)
  AVERAGE WIND SPEED     9.4


SKY COVER
  POSSIBLE SUNSHINE  MM
  AVERAGE SKY COVER 0.4


WEATHER CONDITIONS
 THE FOLLOWING WEATHER WAS RECORDED YESTERDAY.
  LIGHT SNOW


RELATIVE HUMIDITY (PERCENT)
 HIGHEST    96          1200 AM
 LOWEST     58           400 PM
 AVERAGE    77

..........................................................


THE HURON SD CLIMATE NORMALS FOR TODAY
                         NORMAL    RECORD    YEAR
 MAXIMUM TEMPERATURE (F)   49        77      1893
 MINIMUM TEMPERATURE (F)   27        -4      1959


SUNRISE AND SUNSET
NOVEMBER  6 2017......SUNRISE   717 AM CST   SUNSET   515 PM CST
NOVEMBER  7 2017......SUNRISE   719 AM CST   SUNSET   514 PM CST


-  INDICATES NEGATIVE NUMBERS.
R  INDICATES RECORD WAS SET OR TIED.
MM INDICATES DATA IS MISSING.
T  INDICATES TRACE AMOUNT.




$$
