000
CDUS43 KFSD 110635
CLIHON


CLIMATE REPORT
NATIONAL WEATHER SERVICE SIOUX FALLS SD
1234 AM CST THU JAN 11 2018


...................................

...THE HURON SD CLIMATE SUMMARY FOR JANUARY 10 2018...

CLIMATE NORMAL PERIOD 1981 TO 2010
CLIMATE RECORD PERIOD 1881 TO 2018


WEATHER ITEM   OBSERVED TIME   RECORD YEAR NORMAL DEPARTURE LAST
                VALUE   (LST)  VALUE       VALUE  FROM      YEAR
                                                  NORMAL
..................................................................
TEMPERATURE (F)
 YESTERDAY
  MAXIMUM         43    209 PM  58    2012  26     17       22
  MINIMUM         11   1159 PM -30    1886   6      5        4
  AVERAGE         27                        16     11       13

PRECIPITATION (IN)
  YESTERDAY        0.01          0.40 2011   0.02  -0.01     0.14
  MONTH TO DATE    0.02                      0.17  -0.15     0.28
  SINCE DEC 1      0.52                      0.69  -0.17     1.67
  SINCE JAN 1      0.02                      0.17  -0.15     0.28

SNOWFALL (IN)
  YESTERDAY        0.2           4.7  2011   0.2    0.0      1.8
  MONTH TO DATE    0.2                       2.4   -2.2      3.3
  SINCE DEC 1      7.1                      10.4   -3.3     13.3
  SINCE JUL 1      8.4                      18.7  -10.3     18.0
  SNOW DEPTH       0

DEGREE DAYS
 HEATING
  YESTERDAY       38                        49    -11       52
  MONTH TO DATE  525                       488     37      577
  SINCE DEC 1   1888                      1906    -18     2076
  SINCE JUL 1   3453                      3608   -155     3284

 COOLING
  YESTERDAY        0                         0      0        0
  MONTH TO DATE    0                         0      0        0
  SINCE DEC 1      0                         0      0        0
  SINCE JAN 1      0                         0      0        0
..................................................................


WIND (MPH)
  HIGHEST WIND SPEED    35   HIGHEST WIND DIRECTION    NW (330)
  HIGHEST GUST SPEED    43   HIGHEST GUST DIRECTION     N (340)
  AVERAGE WIND SPEED    14.3


SKY COVER
  POSSIBLE SUNSHINE  MM
  AVERAGE SKY COVER 0.3


WEATHER CONDITIONS
 THE FOLLOWING WEATHER WAS RECORDED YESTERDAY.
  LT FREEZING RAIN
  LIGHT SNOW
  FOG


RELATIVE HUMIDITY (PERCENT)
 HIGHEST    92           800 AM
 LOWEST     70          1200 PM
 AVERAGE    81

..........................................................


THE HURON SD CLIMATE NORMALS FOR TODAY
                         NORMAL    RECORD    YEAR
 MAXIMUM TEMPERATURE (F)   26        54      1987
 MINIMUM TEMPERATURE (F)    6       -34      1912


SUNRISE AND SUNSET
JANUARY 11 2018.......SUNRISE   807 AM CST   SUNSET   515 PM CST
JANUARY 12 2018.......SUNRISE   807 AM CST   SUNSET   516 PM CST


-  INDICATES NEGATIVE NUMBERS.
R  INDICATES RECORD WAS SET OR TIED.
MM INDICATES DATA IS MISSING.
T  INDICATES TRACE AMOUNT.




$$
