000
CDUS43 KFSD 220637
CLIHON


CLIMATE REPORT
NATIONAL WEATHER SERVICE SIOUX FALLS SD
134 AM CDT SAT APR 22 2017


...................................

...THE HURON SD CLIMATE SUMMARY FOR APRIL 21 2017...

CLIMATE NORMAL PERIOD 1981 TO 2010
CLIMATE RECORD PERIOD 1881 TO 2017


WEATHER ITEM   OBSERVED TIME   RECORD YEAR NORMAL DEPARTURE LAST
                VALUE   (LST)  VALUE       VALUE  FROM      YEAR
                                                  NORMAL
..................................................................
TEMPERATURE (F)
 YESTERDAY
  MAXIMUM         65    435 PM  97    1980  62      3       63
  MINIMUM         30    529 AM  13    1927  36     -6       38
  AVERAGE         48                        49     -1       51

PRECIPITATION (IN)
  YESTERDAY        0.00          1.19 1964   0.08  -0.08     0.00
  MONTH TO DATE    1.18                      1.53  -0.35     1.73
  SINCE MAR 1      1.95                      2.99  -1.04     2.80
  SINCE JAN 1      2.75                      4.09  -1.34     3.67

SNOWFALL (IN)
  YESTERDAY        0.0           1.4  2002   0.1   -0.1      0.0
  MONTH TO DATE    T                         3.4   -3.4       T
  SINCE MAR 1     13.9                      12.3    1.6      2.3
  SINCE JUL 1     35.9                      43.3   -7.4     33.0
  SNOW DEPTH       0

DEGREE DAYS
 HEATING
  YESTERDAY       17                        16      1       14
  MONTH TO DATE  352                       431    -79      391
  SINCE MAR 1   1299                      1418   -119     1138
  SINCE JUL 1   6448                      7250   -802     6214

 COOLING
  YESTERDAY        0                         0      0        0
  MONTH TO DATE    0                         0      0        0
  SINCE MAR 1      0                         0      0        0
  SINCE JAN 1      0                         0      0        0
..................................................................


WIND (MPH)
  HIGHEST WIND SPEED    14   HIGHEST WIND DIRECTION    NE (30)
  HIGHEST GUST SPEED    16   HIGHEST GUST DIRECTION    NE (50)
  AVERAGE WIND SPEED     3.4


SKY COVER
  POSSIBLE SUNSHINE  MM
  AVERAGE SKY COVER 0.4


WEATHER CONDITIONS
 THE FOLLOWING WEATHER WAS RECORDED YESTERDAY.
  FOG
  FOG W/VISIBILITY <= 1/4 MILE


RELATIVE HUMIDITY (PERCENT)
 HIGHEST   100          1200 AM
 LOWEST     34           500 PM
 AVERAGE    67

..........................................................


THE HURON SD CLIMATE NORMALS FOR TODAY
                         NORMAL    RECORD    YEAR
 MAXIMUM TEMPERATURE (F)   62        92      1990
 MINIMUM TEMPERATURE (F)   37        19      2015


SUNRISE AND SUNSET
APRIL 22 2017.........SUNRISE   637 AM CDT   SUNSET   826 PM CDT
APRIL 23 2017.........SUNRISE   635 AM CDT   SUNSET   828 PM CDT


-  INDICATES NEGATIVE NUMBERS.
R  INDICATES RECORD WAS SET OR TIED.
MM INDICATES DATA IS MISSING.
T  INDICATES TRACE AMOUNT.




$$
